{"id":715700,"date":"2025-08-27T17:33:57","date_gmt":"2025-08-27T14:33:57","guid":{"rendered":"https:\/\/roveyayinevi.com.tr\/index.php\/urun\/yanlis-sorulara-dogru-cevaplar\/"},"modified":"2026-04-16T02:23:53","modified_gmt":"2026-04-15T23:23:53","slug":"yanlis-sorulara-dogru-cevaplar","status":"publish","type":"product","link":"https:\/\/roveyayinevi.com.tr\/index.php\/urun\/yanlis-sorulara-dogru-cevaplar\/","title":{"rendered":"Yanl\u0131\u015f Sorulara Do\u011fru Cevaplar"},"content":{"rendered":"<p>Avrupa\u2019da ve d\u00fcnyan\u0131n di\u011fer bir\u00e7ok b\u00f6lgesinde yeni bir \u00f6nyarg\u0131  dalgas\u0131 y\u00fckseliyor. Genelde \u201cyabanc\u0131\u201dlara, g\u00f6\u00e7men i\u015f\u00e7ilere ve  s\u0131\u011f\u0131nmac\u0131lara, \u00f6zelde ise M\u00fcsl\u00fcmanlara y\u00f6nelik insan haklar\u0131  ihlallerini beraberinde getiren bu \u00f6nyarg\u0131, siyasi yelpazenin ondan  en ba\u011f\u0131\u015f\u0131k olmas\u0131 gereken kesimlerine bile s\u0131\u00e7ram\u0131\u015f durumda. Ge\u00e7en y\u00fczy\u0131l\u0131n ba\u015f\u0131ndaki antisemitik \u00f6nyarg\u0131, bug\u00fcn islamofobik  \u00f6nyarg\u0131y\u0131 yans\u0131tan fikirler ve su\u00e7lama kal\u0131plar\u0131 \u015feklinde g\u00f6r\u00fcn\u00fcrl\u00fck  kazan\u0131yor. Bu haliyle ya\u015fad\u0131\u011f\u0131m\u0131z g\u00fcnler, her co\u011frafyadan \u00f6zg\u00fcrl\u00fck, adalet ve bar\u0131\u015f gibi de\u011ferleri \u00f6nemseyen herkese, tarihin  tekrarlanmamas\u0131 i\u00e7in bir \u015feyler yapma sorumlulu\u011fu y\u00fckl\u00fcyor.  Ayr\u0131mc\u0131 \u00f6nyarg\u0131y\u0131 yans\u0131tan fikirlerle y\u00fczle\u015fmeye ve onlar\u0131 \u00e7\u00fcr\u00fctmeye y\u00f6nelik entelekt\u00fcel \u00e7abalar da bunun bir par\u00e7as\u0131.  \u201cEl Kaide ve DAE\u015e gibi \u00f6rg\u00fctler neden hep \u0130slam co\u011frafyas\u0131nda ortaya \u00e7\u0131k\u0131yor?\u201d \u201cT\u00fcrkiye k\u00f6kenliler neden entegre olmuyor?\u201d veya \u201cBir M\u00fcsl\u00fcman Frans\u0131z olabilir mi?\u201d t\u00fcr\u00fcnden sorulara yans\u0131yan ayr\u0131mc\u0131 ve d\u0131\u015flay\u0131c\u0131 yarg\u0131lara tatmin edici cevaplar \u00fcretmek, egemen s\u00f6ylemi ve entelekt\u00fcel iklimi de\u011fi\u015ftirmek gerek.Bu kitap, ayr\u0131mc\u0131, \u0131rk\u00e7\u0131, islamofobik \u00f6nyarg\u0131y\u0131 yans\u0131tan ve s\u0131k\u00e7a kar\u015f\u0131la\u015f\u0131lan sorulara, k\u0131sa, anla\u015f\u0131l\u0131r ve makul cevaplar \u00fcretmek i\u00e7in yaz\u0131ld\u0131. Ama sayfalar\u0131n\u0131 kar\u0131\u015ft\u0131r\u0131rken g\u00f6receksiniz ki, \u00f6nyarg\u0131y\u0131 g\u00f6\u011f\u00fcslemenin \u00f6tesinde -o \u00f6nyarg\u0131l\u0131 sorular hi\u00e7 olmasayd\u0131  bile- konu\u015fmam\u0131z gerekenler var i\u00e7inde..<\/p>\n","protected":false},"excerpt":{"rendered":"<p>Avrupa\u2019da ve d\u00fcnyan\u0131n di\u011fer bir\u00e7ok b\u00f6lgesinde yeni bir \u00f6nyarg\u0131 dalgas\u0131 y\u00fckseliyor. Genelde \u201cyabanc\u0131\u201dlara, g\u00f6\u00e7men i\u015f\u00e7ilere ve s\u0131\u011f\u0131nmac\u0131lara, \u00f6zelde ise M\u00fcsl\u00fcmanlara y\u00f6nelik insan haklar\u0131 ihlallerini beraberinde getiren<span class=\"excerpt-hellip\"> [\u2026]<\/span><\/p>\n","protected":false},"featured_media":0,"template":"","meta":{"_monsterinsights_skip_tracking":false,"_monsterinsights_sitenote_active":false,"_monsterinsights_sitenote_note":"","_monsterinsights_sitenote_category":0},"product_brand":[],"product_cat":[13590,12337],"product_tag":[],"class_list":{"0":"post-715700","1":"product","2":"type-product","3":"status-publish","5":"product_cat-arastirma-inceleme-politika-siyaset","6":"product_cat-politika-siyaset","7":"pa_cilt-ciltsiz","8":"pa_tur-kitap","9":"pa_yayinevi-liberte-yayinlari","10":"pa_yazar-bekir-berat-ozipek","12":"first","13":"instock","14":"sale","15":"shipping-taxable","16":"purchasable","17":"product-type-simple"},"_links":{"self":[{"href":"https:\/\/roveyayinevi.com.tr\/index.php\/wp-json\/wp\/v2\/product\/715700","targetHints":{"allow":["GET"]}}],"collection":[{"href":"https:\/\/roveyayinevi.com.tr\/index.php\/wp-json\/wp\/v2\/product"}],"about":[{"href":"https:\/\/roveyayinevi.com.tr\/index.php\/wp-json\/wp\/v2\/types\/product"}],"wp:attachment":[{"href":"https:\/\/roveyayinevi.com.tr\/index.php\/wp-json\/wp\/v2\/media?parent=715700"}],"wp:term":[{"taxonomy":"product_brand","embeddable":true,"href":"https:\/\/roveyayinevi.com.tr\/index.php\/wp-json\/wp\/v2\/product_brand?post=715700"},{"taxonomy":"product_cat","embeddable":true,"href":"https:\/\/roveyayinevi.com.tr\/index.php\/wp-json\/wp\/v2\/product_cat?post=715700"},{"taxonomy":"product_tag","embeddable":true,"href":"https:\/\/roveyayinevi.com.tr\/index.php\/wp-json\/wp\/v2\/product_tag?post=715700"}],"curies":[{"name":"wp","href":"https:\/\/api.w.org\/{rel}","templated":true}]}}