{"id":715695,"date":"2025-08-27T17:33:54","date_gmt":"2025-08-27T14:33:54","guid":{"rendered":"https:\/\/roveyayinevi.com.tr\/index.php\/urun\/kosulsuz-sevgiye-uzanan-icsel-yolculuk\/"},"modified":"2026-04-12T02:29:22","modified_gmt":"2026-04-11T23:29:22","slug":"kosulsuz-sevgiye-uzanan-icsel-yolculuk","status":"publish","type":"product","link":"https:\/\/roveyayinevi.com.tr\/index.php\/urun\/kosulsuz-sevgiye-uzanan-icsel-yolculuk\/","title":{"rendered":"Ko\u015fulsuz Sevgiye Uzanan \u0130\u00e7sel Yolculuk"},"content":{"rendered":"<p>Kendi i\u00e7sel yolculu\u011fumda deneyimlerimle ko\u015fulsuz sevgiyi \u00f6\u011frenmeye do\u011fru ilerlerken, hayatla beni ilk tan\u0131\u015ft\u0131ran annem ve babam birbiriyle ve benimle olan ili\u015fkilerinin, kendime ve hayat bak\u0131\u015f\u0131ma dahil, ya\u015fam se\u00e7imlerimi de \u00e7ok etkiledi\u011finin fark\u0131na vard\u0131m. \u0130\u00e7indekiler  Annelik Kutsal Bir G\u00f6revdir Hamilelik D\u00f6neminin \u00d6nemi Hamilelikte Fetus Benliklerin Fark\u0131n\u0131 Biliyor muyuz? Ac\u0131dan Ka\u00e7arak Zevke Y\u00f6nelmek D\u00dc\u015f\u00fcnce Kal\u0131plar\u0131 ve \u0130na\u00e7lar\u0131m\u0131za G\u00f6z Atal\u0131m M\u0131? Korku Sevginin \u00d6teki Y\u00fcz\u00fcd\u00fcr 8.Yarg\u0131l\u0131yorsan\u0131z Yar\u0131\u015ftas\u0131n\u0131z Affedece\u011finiz \u0130lk ki\u015fi Kendinizsiniz Beyninizi Tan\u0131yor Musunuz? Kendinizi \u015eifaland\u0131rman\u0131n Yollar\u0131 Alma ve Verme Dengeniz Yerinde Mi? Ba\u011f\u0131ml\u0131l\u0131klar, Kendinden Ka\u00e7ma Yoludur Kendimizle Olan \u0130li\u015fkimiz Hayat Kalitemizi Belirler Sevmeyi Biliyor Muyuz? <\/p>\n","protected":false},"excerpt":{"rendered":"<p>Kendi i\u00e7sel yolculu\u011fumda deneyimlerimle ko\u015fulsuz sevgiyi \u00f6\u011frenmeye do\u011fru ilerlerken, hayatla beni ilk tan\u0131\u015ft\u0131ran annem ve babam birbiriyle ve benimle olan ili\u015fkilerinin, kendime ve hayat bak\u0131\u015f\u0131ma dahil,<span class=\"excerpt-hellip\"> [\u2026]<\/span><\/p>\n","protected":false},"featured_media":0,"template":"","meta":{"_monsterinsights_skip_tracking":false,"_monsterinsights_sitenote_active":false,"_monsterinsights_sitenote_note":"","_monsterinsights_sitenote_category":0},"product_brand":[],"product_cat":[12364,12376],"product_tag":[],"class_list":{"0":"post-715695","1":"product","2":"type-product","3":"status-publish","5":"product_cat-genel-konular","6":"product_cat-kisisel-gelisim","7":"pa_cilt-ciltsiz","8":"pa_tur-kitap","9":"pa_yayinevi-gazi-kitabevi","10":"pa_yazar-umit-grace-samur","12":"first","13":"instock","14":"sale","15":"shipping-taxable","16":"purchasable","17":"product-type-simple"},"_links":{"self":[{"href":"https:\/\/roveyayinevi.com.tr\/index.php\/wp-json\/wp\/v2\/product\/715695","targetHints":{"allow":["GET"]}}],"collection":[{"href":"https:\/\/roveyayinevi.com.tr\/index.php\/wp-json\/wp\/v2\/product"}],"about":[{"href":"https:\/\/roveyayinevi.com.tr\/index.php\/wp-json\/wp\/v2\/types\/product"}],"wp:attachment":[{"href":"https:\/\/roveyayinevi.com.tr\/index.php\/wp-json\/wp\/v2\/media?parent=715695"}],"wp:term":[{"taxonomy":"product_brand","embeddable":true,"href":"https:\/\/roveyayinevi.com.tr\/index.php\/wp-json\/wp\/v2\/product_brand?post=715695"},{"taxonomy":"product_cat","embeddable":true,"href":"https:\/\/roveyayinevi.com.tr\/index.php\/wp-json\/wp\/v2\/product_cat?post=715695"},{"taxonomy":"product_tag","embeddable":true,"href":"https:\/\/roveyayinevi.com.tr\/index.php\/wp-json\/wp\/v2\/product_tag?post=715695"}],"curies":[{"name":"wp","href":"https:\/\/api.w.org\/{rel}","templated":true}]}}