{"id":715690,"date":"2025-08-27T17:33:51","date_gmt":"2025-08-27T14:33:51","guid":{"rendered":"https:\/\/roveyayinevi.com.tr\/index.php\/urun\/heidi-kisaltilmis-metin\/"},"modified":"2026-04-16T02:23:52","modified_gmt":"2026-04-15T23:23:52","slug":"heidi-kisaltilmis-metin","status":"publish","type":"product","link":"https:\/\/roveyayinevi.com.tr\/index.php\/urun\/heidi-kisaltilmis-metin\/","title":{"rendered":"Heidi (K\u0131salt\u0131lm\u0131\u015f Metin)"},"content":{"rendered":"<p>Alp Da\u011flar\u0131\u2019nda b\u00fcy\u00fckbabas\u0131yla \u00e7ok mutlu bir ya\u015fam s\u00fcren Heidi, e\u011fitim g\u00f6rmesi ve tekerlekli sandalyeye mahkum bir k\u0131za arkada\u015fl\u0131k etmesi i\u00e7in Frankfurt\u2019a g\u00f6t\u00fcr\u00fcl\u00fcr. Ama da\u011flarda do\u011fayla ve sevgiyle dolu bir ya\u015fam s\u00fcrd\u00fckten sonra, \u015fehrin kasvetli havas\u0131 minik k\u0131z\u0131 hasta eder. Heidi\u2019nin da\u011flara ve b\u00fcy\u00fckbabas\u0131na olan d\u00fc\u015fk\u00fcnl\u00fc\u011f\u00fc sonunda herkese mutluluk getirecek bir dizi olaya yol a\u00e7ar. Milli E\u011fitim Bakanl\u0131\u011f\u0131\u2019n\u0131n belirledi\u011fi 100 Temel Eser aras\u0131nda yer alan Heidi, hemen hemen b\u00fct\u00fcn d\u00fcnya dillerine \u00e7evrilmi\u015f ve t\u00fcm d\u00fcnya \u00e7ocuklar\u0131n\u0131n zevkle okudu\u011fu bir klasik haline gelmi\u015ftir. <\/p>\n","protected":false},"excerpt":{"rendered":"<p>Alp Da\u011flar\u0131\u2019nda b\u00fcy\u00fckbabas\u0131yla \u00e7ok mutlu bir ya\u015fam s\u00fcren Heidi, e\u011fitim g\u00f6rmesi ve tekerlekli sandalyeye mahkum bir k\u0131za arkada\u015fl\u0131k etmesi i\u00e7in Frankfurt\u2019a g\u00f6t\u00fcr\u00fcl\u00fcr. Ama da\u011flarda do\u011fayla ve<span class=\"excerpt-hellip\"> [\u2026]<\/span><\/p>\n","protected":false},"featured_media":0,"template":"","meta":{"_monsterinsights_skip_tracking":false,"_monsterinsights_sitenote_active":false,"_monsterinsights_sitenote_note":"","_monsterinsights_sitenote_category":0},"product_brand":[],"product_cat":[12274,12467],"product_tag":[],"class_list":{"0":"post-715690","1":"product","2":"type-product","3":"status-publish","5":"product_cat-cocuk-ve-genclik-kitaplari","6":"product_cat-dunya-klasikleri","7":"pa_cilt-ciltsiz","8":"pa_tur-kitap","9":"pa_yayinevi-is-bankasi-kultur-yayinlari","10":"pa_yazar-johanna-spyri","12":"first","13":"instock","14":"sale","15":"shipping-taxable","16":"purchasable","17":"product-type-simple"},"_links":{"self":[{"href":"https:\/\/roveyayinevi.com.tr\/index.php\/wp-json\/wp\/v2\/product\/715690","targetHints":{"allow":["GET"]}}],"collection":[{"href":"https:\/\/roveyayinevi.com.tr\/index.php\/wp-json\/wp\/v2\/product"}],"about":[{"href":"https:\/\/roveyayinevi.com.tr\/index.php\/wp-json\/wp\/v2\/types\/product"}],"wp:attachment":[{"href":"https:\/\/roveyayinevi.com.tr\/index.php\/wp-json\/wp\/v2\/media?parent=715690"}],"wp:term":[{"taxonomy":"product_brand","embeddable":true,"href":"https:\/\/roveyayinevi.com.tr\/index.php\/wp-json\/wp\/v2\/product_brand?post=715690"},{"taxonomy":"product_cat","embeddable":true,"href":"https:\/\/roveyayinevi.com.tr\/index.php\/wp-json\/wp\/v2\/product_cat?post=715690"},{"taxonomy":"product_tag","embeddable":true,"href":"https:\/\/roveyayinevi.com.tr\/index.php\/wp-json\/wp\/v2\/product_tag?post=715690"}],"curies":[{"name":"wp","href":"https:\/\/api.w.org\/{rel}","templated":true}]}}