{"id":715667,"date":"2025-08-27T17:33:37","date_gmt":"2025-08-27T14:33:37","guid":{"rendered":"https:\/\/roveyayinevi.com.tr\/index.php\/urun\/dostum-keles\/"},"modified":"2026-04-16T02:23:52","modified_gmt":"2026-04-15T23:23:52","slug":"dostum-keles","status":"publish","type":"product","link":"https:\/\/roveyayinevi.com.tr\/index.php\/urun\/dostum-keles\/","title":{"rendered":"Dostum Kele\u015f"},"content":{"rendered":"<p>&#8216;&#8221;Ben sana demedim mi baba?&#8217; diye seslendi \u00d6mer, \u00fczg\u00fcnd\u00fc&#8230; Elindeki k\u0131r\u0131k a\u011fac\u0131 kald\u0131rd\u0131 Sefer, kar\u015f\u0131s\u0131nda bilgi\u00e7lik taslayan o\u011fluna f\u0131rlatt\u0131. Odun \u00d6mer&#8217;in kafas\u0131n\u0131n tam ortas\u0131na indi! \u0130nledi \u00d6mer, yere y\u0131k\u0131ld\u0131! Kanlar bo\u015fand\u0131 \u00d6mer&#8217;in y\u00fcz\u00fcne, boynuna. Her yan\u0131 k\u0131pk\u0131rm\u0131z\u0131 oluverdi birden. Arap \u00f6k\u00fcz ac\u0131yla inledi! Boyunduru\u011fu zorlay\u0131p \u00d6mer&#8217;e ula\u015fmak istedi, ba\u015faramad\u0131. Sefer dondu kald\u0131. Neye u\u011frad\u0131\u011f\u0131n\u0131 \u015fa\u015f\u0131rd\u0131. Kim atm\u0131\u015ft\u0131 odunu tek o\u011flunun kafas\u0131na, kim koymu\u015ftu yavrusunu kanlar i\u00e7inde b\u00f6yle? Kendisi mi, kendi k\u0131r\u0131las\u0131 kollar\u0131 m\u0131? \u0130nan\u0131lacak gibi de\u011fildi olanlar! Dizinin ba\u011f\u0131 \u00e7\u00f6z\u00fcld\u00fc, \u015fa\u015fk\u0131nl\u0131ktan gidemedi \u00d6mer&#8217;in yan\u0131na. Nereden g\u00f6rd\u00fc, nereden g\u00f6rd\u00fcyse, ko\u015far ad\u0131m geldi bir adam, arkas\u0131ndan birileri daha&#8230; Birisi \u00f6lm\u00fc\u015f dedi, bir ba\u015fkas\u0131 hen\u00fcz ya\u015fad\u0131\u011f\u0131n\u0131 s\u00f6yledi. Dostum Kele\u015f&#8217;te ya\u015famla, do\u011fayla i\u00e7 i\u00e7e \u00f6yk\u00fcler var. Kimi zaman bir \u00f6k\u00fcz\u00fcn g\u00f6zya\u015f\u0131nda, kimi zaman bir k\u00f6pe\u011fin kilometrelerce yolu gizlice ge\u00e7erek sevdi\u011fi \u00e7ocu\u011fun ya\u015fam\u0131n\u0131 kurtaracak sezgisinde, kimi zaman yoksul \u00f6\u011frencinin ekme\u011fine s\u00fcr\u00fclecek dut pekmezi de\u011ferinde&#8230; Ya\u015fam\u0131 y\u00fcrek geni\u015fli\u011fine s\u0131\u011fd\u0131ran \u00f6yk\u00fcler; d\u00fc\u015f d\u00fcnyas\u0131n\u0131 uzak ufuklara ta\u015f\u0131yan \u00f6yk\u00fcler&#8230; Hem uzak her birimize, hem \u00e7ok yak\u0131n&#8230; En g\u00fczeli, onlara daha yak\u0131ndan bak\u0131n&#8230; <\/p>\n","protected":false},"excerpt":{"rendered":"<p>&#8216;&#8221;Ben sana demedim mi baba?&#8217; diye seslendi \u00d6mer, \u00fczg\u00fcnd\u00fc&#8230; Elindeki k\u0131r\u0131k a\u011fac\u0131 kald\u0131rd\u0131 Sefer, kar\u015f\u0131s\u0131nda bilgi\u00e7lik taslayan o\u011fluna f\u0131rlatt\u0131. Odun \u00d6mer&#8217;in kafas\u0131n\u0131n tam ortas\u0131na indi! \u0130nledi<span class=\"excerpt-hellip\"> [\u2026]<\/span><\/p>\n","protected":false},"featured_media":0,"template":"","meta":{"_monsterinsights_skip_tracking":false,"_monsterinsights_sitenote_active":false,"_monsterinsights_sitenote_note":"","_monsterinsights_sitenote_category":0},"product_brand":[],"product_cat":[12274,12284],"product_tag":[],"class_list":{"0":"post-715667","1":"product","2":"type-product","3":"status-publish","5":"product_cat-cocuk-ve-genclik-kitaplari","6":"product_cat-hikayeler","7":"pa_cilt-ciltsiz","8":"pa_tur-kitap","9":"pa_yayinevi-abis-yayincilik","10":"pa_yazar-alper-akcam","12":"first","13":"instock","14":"sale","15":"shipping-taxable","16":"purchasable","17":"product-type-simple"},"_links":{"self":[{"href":"https:\/\/roveyayinevi.com.tr\/index.php\/wp-json\/wp\/v2\/product\/715667","targetHints":{"allow":["GET"]}}],"collection":[{"href":"https:\/\/roveyayinevi.com.tr\/index.php\/wp-json\/wp\/v2\/product"}],"about":[{"href":"https:\/\/roveyayinevi.com.tr\/index.php\/wp-json\/wp\/v2\/types\/product"}],"wp:attachment":[{"href":"https:\/\/roveyayinevi.com.tr\/index.php\/wp-json\/wp\/v2\/media?parent=715667"}],"wp:term":[{"taxonomy":"product_brand","embeddable":true,"href":"https:\/\/roveyayinevi.com.tr\/index.php\/wp-json\/wp\/v2\/product_brand?post=715667"},{"taxonomy":"product_cat","embeddable":true,"href":"https:\/\/roveyayinevi.com.tr\/index.php\/wp-json\/wp\/v2\/product_cat?post=715667"},{"taxonomy":"product_tag","embeddable":true,"href":"https:\/\/roveyayinevi.com.tr\/index.php\/wp-json\/wp\/v2\/product_tag?post=715667"}],"curies":[{"name":"wp","href":"https:\/\/api.w.org\/{rel}","templated":true}]}}