{"id":715666,"date":"2025-08-27T17:33:36","date_gmt":"2025-08-27T14:33:36","guid":{"rendered":"https:\/\/roveyayinevi.com.tr\/index.php\/urun\/cali-cicegi\/"},"modified":"2026-04-12T02:29:22","modified_gmt":"2026-04-11T23:29:22","slug":"cali-cicegi","status":"publish","type":"product","link":"https:\/\/roveyayinevi.com.tr\/index.php\/urun\/cali-cicegi\/","title":{"rendered":"\u00c7al\u0131 \u00c7i\u00e7e\u011fi"},"content":{"rendered":"<p>Evet, bu g\u00f6rd\u00fc\u011f\u00fcn\u00fcz tablomun ad\u0131 &#8220;\u00c7al\u0131 \u00c7i\u00e7e\u011fi&#8221;dir. En \u00e7ok be\u011feni toplayan, en \u00e7ok dikkat \u00e7eken tablomun bu oldu\u011funu s\u00f6yl\u00fcyor sergimi gezenler. Hakl\u0131d\u0131rlar! Benim de en be\u011fendi\u011fim, en \u00e7ok de\u011fer verdi\u011fim tablom budur. Bende \u00e7ok derin ve \u00e7ok g\u00fczel an\u0131lar\u0131 olan bir insan\u0131 i\u00e7imdeki sevgiyle, \u00f6zlemle, s\u0131cak duygularla desene, renge d\u00f6n\u00fc\u015ft\u00fcrmeye \u00e7al\u0131\u015ft\u0131m bununla&#8230; Bendeki, d\u00fc\u015flemimdeki G\u00fclperi&#8217;dir g\u00f6rd\u00fc\u011f\u00fcn\u00fcz. Belki ger\u00e7ek G\u00fclperi&#8217;nin kendisinden biraz eksik, belki biraz fazla. Birebir kendisi asla de\u011fil onun&#8230;Bu tablo sahibi gelip bulana kadar bana aittir ve bende kalacakt\u0131r. Benim sevgimin \u00f6l\u00fcms\u00fczl\u00fc\u011f\u00fcn\u00fcn simgesi olarak&#8230;  Sanat\u0131n as\u0131l amac\u0131 da budur san\u0131r\u0131m. Az \u00f6nce de s\u00f6yledi\u011fim gibi, bu tablo sat\u0131l\u0131k de\u011fil ve birisini bekliyor. Evet, bu tabloya ad\u0131n\u0131 veren o k\u0131z\u0131 bekliyor tablom. O g\u00fczel insan, bir g\u00fcn mutlaka gelip bulacak kendini ve kendini \u00e7ok seven ressam\u0131n\u0131. Onlarca y\u0131ld\u0131r beni aldatan, benden yararlanmaya \u00e7al\u0131\u015fan, g\u00f6stermelik sevgisinin kar\u015f\u0131l\u0131\u011f\u0131nda benden \u00f6nemli \u015feyler kopar\u0131p alan yapay dostlardan, sevgililerden b\u0131kt\u0131m art\u0131k. \u00c7al\u0131 \u00c7i\u00e7e\u011fi&#8217;mi bekliyorum ben. Bedelsiz ve beklentisiz sevmeyi bileni&#8230;Ona a\u00e7t\u0131m y\u00fcre\u011fimi, ona adad\u0131m ya\u015fam\u0131m\u0131. Hep bekliyorum&#8230;O ilk sabahki kar\u015f\u0131la\u015fmam\u0131zdaki g\u00fcl\u00fcc\u00fc\u011f\u00fcyle gelip buluverecek bir g\u00fcn beni. Bir elinde yemlik, bir elinde o \u00e7al\u0131 \u00e7i\u00e7ekleriyle&#8230; <\/p>\n","protected":false},"excerpt":{"rendered":"<p>Evet, bu g\u00f6rd\u00fc\u011f\u00fcn\u00fcz tablomun ad\u0131 &#8220;\u00c7al\u0131 \u00c7i\u00e7e\u011fi&#8221;dir. En \u00e7ok be\u011feni toplayan, en \u00e7ok dikkat \u00e7eken tablomun bu oldu\u011funu s\u00f6yl\u00fcyor sergimi gezenler. Hakl\u0131d\u0131rlar! Benim de en be\u011fendi\u011fim,<span class=\"excerpt-hellip\"> [\u2026]<\/span><\/p>\n","protected":false},"featured_media":0,"template":"","meta":{"_monsterinsights_skip_tracking":false,"_monsterinsights_sitenote_active":false,"_monsterinsights_sitenote_note":"","_monsterinsights_sitenote_category":0},"product_brand":[],"product_cat":[12274,12284],"product_tag":[],"class_list":{"0":"post-715666","1":"product","2":"type-product","3":"status-publish","5":"product_cat-cocuk-ve-genclik-kitaplari","6":"product_cat-hikayeler","7":"pa_cilt-ciltsiz","8":"pa_tur-kitap","9":"pa_yayinevi-abis-yayincilik","10":"pa_yazar-alper-akcam","12":"first","13":"instock","14":"sale","15":"shipping-taxable","16":"purchasable","17":"product-type-simple"},"_links":{"self":[{"href":"https:\/\/roveyayinevi.com.tr\/index.php\/wp-json\/wp\/v2\/product\/715666","targetHints":{"allow":["GET"]}}],"collection":[{"href":"https:\/\/roveyayinevi.com.tr\/index.php\/wp-json\/wp\/v2\/product"}],"about":[{"href":"https:\/\/roveyayinevi.com.tr\/index.php\/wp-json\/wp\/v2\/types\/product"}],"wp:attachment":[{"href":"https:\/\/roveyayinevi.com.tr\/index.php\/wp-json\/wp\/v2\/media?parent=715666"}],"wp:term":[{"taxonomy":"product_brand","embeddable":true,"href":"https:\/\/roveyayinevi.com.tr\/index.php\/wp-json\/wp\/v2\/product_brand?post=715666"},{"taxonomy":"product_cat","embeddable":true,"href":"https:\/\/roveyayinevi.com.tr\/index.php\/wp-json\/wp\/v2\/product_cat?post=715666"},{"taxonomy":"product_tag","embeddable":true,"href":"https:\/\/roveyayinevi.com.tr\/index.php\/wp-json\/wp\/v2\/product_tag?post=715666"}],"curies":[{"name":"wp","href":"https:\/\/api.w.org\/{rel}","templated":true}]}}