{"id":715658,"date":"2025-08-27T17:33:32","date_gmt":"2025-08-27T14:33:32","guid":{"rendered":"https:\/\/roveyayinevi.com.tr\/index.php\/urun\/kara-dursun-ve-diger-ankara-soylenceleri\/"},"modified":"2026-04-16T02:23:52","modified_gmt":"2026-04-15T23:23:52","slug":"kara-dursun-ve-diger-ankara-soylenceleri","status":"publish","type":"product","link":"https:\/\/roveyayinevi.com.tr\/index.php\/urun\/kara-dursun-ve-diger-ankara-soylenceleri\/","title":{"rendered":"Kara Dursun ve Di\u011fer Ankara S\u00f6ylenceleri"},"content":{"rendered":"<p>Hik\u00e2yeler evrenseldir. \u00c7\u00fcnk\u00fc temelde anlat\u0131lan daima insan\u0131n hik\u00e2yesidir. Muhakkak bir k\u00f6\u015fesinden salt ger\u00e7e\u011fin \u00fczerine kuruludur ve d\u00fcnyan\u0131n neresinden y\u00fckselirse y\u00fckselsin o ses, ac\u0131s\u0131yla, h\u00fczn\u00fcyle, ne\u015fesiyle ve di\u011fer t\u00fcm ya\u015fanm\u0131\u015fl\u0131klar\u0131yla insan\u0131 anlat\u0131r. \u0130\u015fte, \u0130smail K\u0131l\u0131\u00e7arslan, bu k\u0131ymetli madeni i\u015fliyor Kara Dursun ve Di\u011fer Ankara S\u00f6ylenceleri\u2019nde. Her daim insan\u0131 merkezde tutarak bir Ankara portresi \u00e7\u0131kar\u0131yor. \u00c7ukur mahalleden, Eski Garajlar\u2019dan, kondulardan, pavyonlardan, yokluktan, dostluktan \u00e7ekip \u00e7\u0131kar\u0131yor hik\u00e2yeyi ve \u0131\u015f\u0131k tutuyor muzip bir \u00e7ocuk gibi bir d\u00f6nemin karanl\u0131\u011f\u0131na. Bir daha unutulmayacak \u015fekilde f\u0131s\u0131ld\u0131yor kulaklara hi\u00e7 kimselerin hik\u00e2yesini. <\/p>\n","protected":false},"excerpt":{"rendered":"<p>Hik\u00e2yeler evrenseldir. \u00c7\u00fcnk\u00fc temelde anlat\u0131lan daima insan\u0131n hik\u00e2yesidir. Muhakkak bir k\u00f6\u015fesinden salt ger\u00e7e\u011fin \u00fczerine kuruludur ve d\u00fcnyan\u0131n neresinden y\u00fckselirse y\u00fckselsin o ses, ac\u0131s\u0131yla, h\u00fczn\u00fcyle, ne\u015fesiyle ve<span class=\"excerpt-hellip\"> [\u2026]<\/span><\/p>\n","protected":false},"featured_media":0,"template":"","meta":{"_monsterinsights_skip_tracking":false,"_monsterinsights_sitenote_active":false,"_monsterinsights_sitenote_note":"","_monsterinsights_sitenote_category":0},"product_brand":[],"product_cat":[12291,12711],"product_tag":[],"class_list":{"0":"post-715658","1":"product","2":"type-product","3":"status-publish","5":"product_cat-edebiyat","6":"product_cat-roman-oyku","7":"pa_cilt-ciltsiz","8":"pa_tur-kitap","9":"pa_yayinevi-ketebe-yayinlari","10":"pa_yazar-ismail-kilicarslan","12":"first","13":"instock","14":"sale","15":"shipping-taxable","16":"purchasable","17":"product-type-simple"},"_links":{"self":[{"href":"https:\/\/roveyayinevi.com.tr\/index.php\/wp-json\/wp\/v2\/product\/715658","targetHints":{"allow":["GET"]}}],"collection":[{"href":"https:\/\/roveyayinevi.com.tr\/index.php\/wp-json\/wp\/v2\/product"}],"about":[{"href":"https:\/\/roveyayinevi.com.tr\/index.php\/wp-json\/wp\/v2\/types\/product"}],"wp:attachment":[{"href":"https:\/\/roveyayinevi.com.tr\/index.php\/wp-json\/wp\/v2\/media?parent=715658"}],"wp:term":[{"taxonomy":"product_brand","embeddable":true,"href":"https:\/\/roveyayinevi.com.tr\/index.php\/wp-json\/wp\/v2\/product_brand?post=715658"},{"taxonomy":"product_cat","embeddable":true,"href":"https:\/\/roveyayinevi.com.tr\/index.php\/wp-json\/wp\/v2\/product_cat?post=715658"},{"taxonomy":"product_tag","embeddable":true,"href":"https:\/\/roveyayinevi.com.tr\/index.php\/wp-json\/wp\/v2\/product_tag?post=715658"}],"curies":[{"name":"wp","href":"https:\/\/api.w.org\/{rel}","templated":true}]}}