{"id":715630,"date":"2025-08-27T17:32:44","date_gmt":"2025-08-27T14:32:44","guid":{"rendered":"https:\/\/roveyayinevi.com.tr\/index.php\/urun\/dijital-gelecekte-insan-kalmak\/"},"modified":"2026-04-16T02:23:51","modified_gmt":"2026-04-15T23:23:51","slug":"dijital-gelecekte-insan-kalmak","status":"publish","type":"product","link":"https:\/\/roveyayinevi.com.tr\/index.php\/urun\/dijital-gelecekte-insan-kalmak\/","title":{"rendered":"Dijital Gelecekte \u0130nsan Kalmak"},"content":{"rendered":"<p>Bug\u00fcne kadar gelece\u011fi baz\u0131lar\u0131 biyoloji \u00fczerinden okudu, baz\u0131lar\u0131 ise teknoloji \u00fczerinden\u2026 Bu kitap size bir sentez vadediyor. D\u00fcnyaya asl\u0131nda ne yapmak i\u00e7in gelmi\u015f olabiliriz? Yapay zek\u00e2, bireysel olarak bizim i\u00e7in ne ifade ediyor? Dijital gelecek bizi etkileyecek! Ama nas\u0131l? Dijitalle\u015fme y\u00fcz\u00fcnden i\u015fimizi kaybedecek miyiz? Dijital gelece\u011fin insana daha yara\u015f\u0131r olmas\u0131 i\u00e7in neler yapabiliriz? Bu kitapta bir sinir bilimci ve bir m\u00fchendis gelece\u011fe dair ipu\u00e7lar\u0131 veriyor. \u00d6ng\u00f6r\u00fclen gelecek senaryolar\u0131 masaya yat\u0131r\u0131l\u0131p gelece\u011fe dair hayal g\u00fcc\u00fcm\u00fcz k\u0131\u015fk\u0131rt\u0131l\u0131yor. Ve en \u00f6nemli soruya cevap aran\u0131yor: Dijital gelecekte h\u00e2l\u00e2 insan kalmay\u0131 nas\u0131l ba\u015farabiliriz? Gelecek muhtemelen \u00e7ok farkl\u0131 olacak! Ama nas\u0131l ger\u00e7ekle\u015firse ger\u00e7ekle\u015fsin, olas\u0131l\u0131klara kafa yoranlar o gelece\u011fe daha haz\u0131r olacak.<\/p>\n","protected":false},"excerpt":{"rendered":"<p>Bug\u00fcne kadar gelece\u011fi baz\u0131lar\u0131 biyoloji \u00fczerinden okudu, baz\u0131lar\u0131 ise teknoloji \u00fczerinden\u2026 Bu kitap size bir sentez vadediyor. D\u00fcnyaya asl\u0131nda ne yapmak i\u00e7in gelmi\u015f olabiliriz? Yapay zek\u00e2,<span class=\"excerpt-hellip\"> [\u2026]<\/span><\/p>\n","protected":false},"featured_media":0,"template":"","meta":{"_monsterinsights_skip_tracking":false,"_monsterinsights_sitenote_active":false,"_monsterinsights_sitenote_note":"","_monsterinsights_sitenote_category":0},"product_brand":[],"product_cat":[13005,13006],"product_tag":[],"class_list":{"0":"post-715630","1":"product","2":"type-product","3":"status-publish","5":"product_cat-bilim-muhendislik","6":"product_cat-populer-bilim","7":"pa_cilt-ciltsiz","8":"pa_tur-kitap","9":"pa_yayinevi-tuti-kitap","10":"pa_yazar-sinan-canan-mustafa-acungil","12":"first","13":"instock","14":"sale","15":"shipping-taxable","16":"purchasable","17":"product-type-simple"},"_links":{"self":[{"href":"https:\/\/roveyayinevi.com.tr\/index.php\/wp-json\/wp\/v2\/product\/715630","targetHints":{"allow":["GET"]}}],"collection":[{"href":"https:\/\/roveyayinevi.com.tr\/index.php\/wp-json\/wp\/v2\/product"}],"about":[{"href":"https:\/\/roveyayinevi.com.tr\/index.php\/wp-json\/wp\/v2\/types\/product"}],"wp:attachment":[{"href":"https:\/\/roveyayinevi.com.tr\/index.php\/wp-json\/wp\/v2\/media?parent=715630"}],"wp:term":[{"taxonomy":"product_brand","embeddable":true,"href":"https:\/\/roveyayinevi.com.tr\/index.php\/wp-json\/wp\/v2\/product_brand?post=715630"},{"taxonomy":"product_cat","embeddable":true,"href":"https:\/\/roveyayinevi.com.tr\/index.php\/wp-json\/wp\/v2\/product_cat?post=715630"},{"taxonomy":"product_tag","embeddable":true,"href":"https:\/\/roveyayinevi.com.tr\/index.php\/wp-json\/wp\/v2\/product_tag?post=715630"}],"curies":[{"name":"wp","href":"https:\/\/api.w.org\/{rel}","templated":true}]}}