{"id":715627,"date":"2025-08-27T17:32:42","date_gmt":"2025-08-27T14:32:42","guid":{"rendered":"https:\/\/roveyayinevi.com.tr\/index.php\/urun\/yazma-yaratma-ve-okuma-cesareti\/"},"modified":"2026-04-16T02:23:51","modified_gmt":"2026-04-15T23:23:51","slug":"yazma-yaratma-ve-okuma-cesareti","status":"publish","type":"product","link":"https:\/\/roveyayinevi.com.tr\/index.php\/urun\/yazma-yaratma-ve-okuma-cesareti\/","title":{"rendered":"Yazma Yaratma ve Okuma Cesareti"},"content":{"rendered":"<p>Yazma nedenini tek bir \u015feye indirgememiz m\u00fcmk\u00fcn de\u011fil. \u00c7oklu, par\u00e7al\u0131 ve bazen de yazar\u0131n kendisinin de anlam veremedi\u011fi \u015feyler d\u00fcnyas\u0131ndan ortaya \u00e7\u0131kan bu istencin d\u0131\u015favurumu, her seferinde akl\u0131n s\u0131n\u0131rlar\u0131yla a\u00e7\u0131klanamaz. Yazma ser\u00fcveninde sezgi, nedensizlik ve bireyde var olan k\u00f6r noktalar da i\u015fin i\u00e7indedir. T\u00fcm bu karma\u015fan\u0131n i\u00e7inde bir dil ser\u00fcveni olan \u201cYazma Cesareti\u201d \u00f6zel bir durumdur. Bu duruma tahamm\u00fcl\u00fc sa\u011flayansa, bireyin kendini yaz\u0131nsal olarak ger\u00e7ekle\u015ftirme ve anlamland\u0131rma \u00e7abas\u0131d\u0131r. Uzun soluklu bir yolculuk olaca\u011f\u0131n\u0131 hemen kestirebilece\u011fimiz bu \u00e7aban\u0131n kar\u015f\u0131l\u0131\u011f\u0131, ancak iyi bir \u00fcr\u00fcn\u00fcn ortaya \u00e7\u0131kmas\u0131yla m\u00fcmk\u00fcnd\u00fcr. \u0130yi \u00fcr\u00fcnse daha ilk ad\u0131mda \u201cYaratma Cesareti\u201dnin do\u011fal sonucudur. Ortalama bir metin okur i\u00e7in, iyi metinler ise metnin de\u011feri i\u00e7in kurulur ve her iyi metin dilde de, d\u00fc\u015f\u00fcncede de toplumsalla\u015f\u0131r. Metinde okurun her \u015feyi anlamas\u0131 i\u00e7in bol bol a\u00e7\u0131klamalar yap\u0131lm\u0131\u015fsa, okura alan b\u0131rak\u0131lmam\u0131\u015f, her s\u00f6ylem s\u0131\u011fl\u0131k ve a\u00e7\u0131kl\u0131kla kurulup \u00f6\u011freticili\u011fe d\u00f6n\u00fc\u015fm\u00fc\u015fse, yazar\u0131n oyununa (yazar\u0131n kurdu\u011fu metne) dahil olmam\u0131z i\u00e7in hi\u00e7bir neden yoktur. \u201cOkuma Cesareti\u201d ancak nitelikli yap\u0131tlarla ba\u015flayan bir durumdur. Charles Bukowski\u2019nin dedi\u011fi gibi bir \u015feydir: \u201cYazmak u\u00e7makt\u0131r benim i\u00e7in. Ate\u015fler yakmakt\u0131r. Yazmak, \u00f6l\u00fcm\u00fc sol cebimden \u00e7\u0131kar\u0131p duvara at\u0131p tutmakt\u0131r.\u201d <\/p>\n","protected":false},"excerpt":{"rendered":"<p>Yazma nedenini tek bir \u015feye indirgememiz m\u00fcmk\u00fcn de\u011fil. \u00c7oklu, par\u00e7al\u0131 ve bazen de yazar\u0131n kendisinin de anlam veremedi\u011fi \u015feyler d\u00fcnyas\u0131ndan ortaya \u00e7\u0131kan bu istencin d\u0131\u015favurumu, her<span class=\"excerpt-hellip\"> [\u2026]<\/span><\/p>\n","protected":false},"featured_media":0,"template":"","meta":{"_monsterinsights_skip_tracking":false,"_monsterinsights_sitenote_active":false,"_monsterinsights_sitenote_note":"","_monsterinsights_sitenote_category":0},"product_brand":[],"product_cat":[13072,12291],"product_tag":[],"class_list":{"0":"post-715627","1":"product","2":"type-product","3":"status-publish","5":"product_cat-arastirma-inceleme-referans","6":"product_cat-edebiyat","7":"pa_cilt-ciltsiz","8":"pa_tur-kitap","9":"pa_yayinevi-destek-yayinlari","10":"pa_yazar-aydin-simsek","12":"first","13":"instock","14":"sale","15":"shipping-taxable","16":"purchasable","17":"product-type-simple"},"_links":{"self":[{"href":"https:\/\/roveyayinevi.com.tr\/index.php\/wp-json\/wp\/v2\/product\/715627","targetHints":{"allow":["GET"]}}],"collection":[{"href":"https:\/\/roveyayinevi.com.tr\/index.php\/wp-json\/wp\/v2\/product"}],"about":[{"href":"https:\/\/roveyayinevi.com.tr\/index.php\/wp-json\/wp\/v2\/types\/product"}],"wp:attachment":[{"href":"https:\/\/roveyayinevi.com.tr\/index.php\/wp-json\/wp\/v2\/media?parent=715627"}],"wp:term":[{"taxonomy":"product_brand","embeddable":true,"href":"https:\/\/roveyayinevi.com.tr\/index.php\/wp-json\/wp\/v2\/product_brand?post=715627"},{"taxonomy":"product_cat","embeddable":true,"href":"https:\/\/roveyayinevi.com.tr\/index.php\/wp-json\/wp\/v2\/product_cat?post=715627"},{"taxonomy":"product_tag","embeddable":true,"href":"https:\/\/roveyayinevi.com.tr\/index.php\/wp-json\/wp\/v2\/product_tag?post=715627"}],"curies":[{"name":"wp","href":"https:\/\/api.w.org\/{rel}","templated":true}]}}