{"id":715614,"date":"2025-08-27T17:32:34","date_gmt":"2025-08-27T14:32:34","guid":{"rendered":"https:\/\/roveyayinevi.com.tr\/index.php\/urun\/cingoz-recai-kibar-serseri\/"},"modified":"2026-04-03T02:30:25","modified_gmt":"2026-04-02T23:30:25","slug":"cingoz-recai-kibar-serseri","status":"publish","type":"product","link":"https:\/\/roveyayinevi.com.tr\/index.php\/urun\/cingoz-recai-kibar-serseri\/","title":{"rendered":"Cing\u00f6z Recai Kibar Serseri"},"content":{"rendered":"<p>lk defa 1925-1926\u2019da yay\u0131mlanan ve 10 hik\u00e2yeden olu\u015fan \u201cCing\u00f6z Recai Kibar Serseri\u201d serisi, T\u00fcrk polisiye edebiyat\u0131 tarihinin \u00f6nemli ismi Erol \u00dcyepazarc\u0131 taraf\u0131ndan itinal\u0131 bir \u015fekilde eski yaz\u0131dan yeni harflere notland\u0131r\u0131larak aktar\u0131lm\u0131\u015ft\u0131r. Kitapta yer alan hik\u00e2yeler \u015funlard\u0131r:Cing\u00f6z GeldiEsrarl\u0131 K\u00f6\u015fk Karanl\u0131kta Bir I\u015f\u0131k Kad\u0131n CinayetiD\u00fc\u015fman \u015fakas\u0131T\u00fct\u00fcnc\u00fcn\u00fcn \u00d6l\u00fcm\u00fcAynal\u0131 DolapTatavla CinayetiAynal\u0131 Dolap Son Muvavvakiyet Cing\u00f6z&#8217;\u00fcn Ak\u0131beti<\/p>\n","protected":false},"excerpt":{"rendered":"<p>lk defa 1925-1926\u2019da yay\u0131mlanan ve 10 hik\u00e2yeden olu\u015fan \u201cCing\u00f6z Recai Kibar Serseri\u201d serisi, T\u00fcrk polisiye edebiyat\u0131 tarihinin \u00f6nemli ismi Erol \u00dcyepazarc\u0131 taraf\u0131ndan itinal\u0131 bir \u015fekilde eski<span class=\"excerpt-hellip\"> [\u2026]<\/span><\/p>\n","protected":false},"featured_media":0,"template":"","meta":{"_monsterinsights_skip_tracking":false,"_monsterinsights_sitenote_active":false,"_monsterinsights_sitenote_note":"","_monsterinsights_sitenote_category":0},"product_brand":[],"product_cat":[12291,12711],"product_tag":[],"class_list":{"0":"post-715614","1":"product","2":"type-product","3":"status-publish","5":"product_cat-edebiyat","6":"product_cat-roman-oyku","7":"pa_cilt-ciltsiz","8":"pa_tur-kitap","9":"pa_yayinevi-otuken-nesriyat","10":"pa_yazar-peyami-safa-server-bedi","12":"first","13":"instock","14":"sale","15":"shipping-taxable","16":"purchasable","17":"product-type-simple"},"_links":{"self":[{"href":"https:\/\/roveyayinevi.com.tr\/index.php\/wp-json\/wp\/v2\/product\/715614","targetHints":{"allow":["GET"]}}],"collection":[{"href":"https:\/\/roveyayinevi.com.tr\/index.php\/wp-json\/wp\/v2\/product"}],"about":[{"href":"https:\/\/roveyayinevi.com.tr\/index.php\/wp-json\/wp\/v2\/types\/product"}],"wp:attachment":[{"href":"https:\/\/roveyayinevi.com.tr\/index.php\/wp-json\/wp\/v2\/media?parent=715614"}],"wp:term":[{"taxonomy":"product_brand","embeddable":true,"href":"https:\/\/roveyayinevi.com.tr\/index.php\/wp-json\/wp\/v2\/product_brand?post=715614"},{"taxonomy":"product_cat","embeddable":true,"href":"https:\/\/roveyayinevi.com.tr\/index.php\/wp-json\/wp\/v2\/product_cat?post=715614"},{"taxonomy":"product_tag","embeddable":true,"href":"https:\/\/roveyayinevi.com.tr\/index.php\/wp-json\/wp\/v2\/product_tag?post=715614"}],"curies":[{"name":"wp","href":"https:\/\/api.w.org\/{rel}","templated":true}]}}