{"id":715607,"date":"2025-08-27T17:32:30","date_gmt":"2025-08-27T14:32:30","guid":{"rendered":"https:\/\/roveyayinevi.com.tr\/index.php\/urun\/muhasebe\/"},"modified":"2026-04-16T02:23:50","modified_gmt":"2026-04-15T23:23:50","slug":"muhasebe","status":"publish","type":"product","link":"https:\/\/roveyayinevi.com.tr\/index.php\/urun\/muhasebe\/","title":{"rendered":"Muhasebe"},"content":{"rendered":"<p>Konu Anlat\u0131m\u0131 Finansal (Genel) Muhasebe Finansal Tablolar ve Mali Analiz Maliye Muhasebesi T\u00fcrkiye Muhasebe Standartlar\u0131 (TMS)Muhasebe Denetimi \u00c7\u00f6z\u00fcml\u00fc Denemeler\u00c7\u00f6z\u00fcml\u00fc KPSS Muhasebe Denetimleri<\/p>\n","protected":false},"excerpt":{"rendered":"<p>Konu Anlat\u0131m\u0131 Finansal (Genel) Muhasebe Finansal Tablolar ve Mali Analiz Maliye Muhasebesi T\u00fcrkiye Muhasebe Standartlar\u0131 (TMS)Muhasebe Denetimi \u00c7\u00f6z\u00fcml\u00fc Denemeler\u00c7\u00f6z\u00fcml\u00fc KPSS Muhasebe Denetimleri<\/p>\n","protected":false},"featured_media":0,"template":"","meta":{"_monsterinsights_skip_tracking":false,"_monsterinsights_sitenote_active":false,"_monsterinsights_sitenote_note":"","_monsterinsights_sitenote_category":0},"product_brand":[],"product_cat":[13043,14381],"product_tag":[],"class_list":{"0":"post-715607","1":"product","2":"type-product","3":"status-publish","5":"product_cat-ekonomi","6":"product_cat-isletme-muhasebe-maliye","7":"pa_cilt-ciltsiz","8":"pa_tur-kitap","9":"pa_yayinevi-astana-yayinlari","10":"pa_yazar-veli-ozturk","12":"first","13":"instock","14":"sale","15":"shipping-taxable","16":"purchasable","17":"product-type-simple"},"_links":{"self":[{"href":"https:\/\/roveyayinevi.com.tr\/index.php\/wp-json\/wp\/v2\/product\/715607","targetHints":{"allow":["GET"]}}],"collection":[{"href":"https:\/\/roveyayinevi.com.tr\/index.php\/wp-json\/wp\/v2\/product"}],"about":[{"href":"https:\/\/roveyayinevi.com.tr\/index.php\/wp-json\/wp\/v2\/types\/product"}],"wp:attachment":[{"href":"https:\/\/roveyayinevi.com.tr\/index.php\/wp-json\/wp\/v2\/media?parent=715607"}],"wp:term":[{"taxonomy":"product_brand","embeddable":true,"href":"https:\/\/roveyayinevi.com.tr\/index.php\/wp-json\/wp\/v2\/product_brand?post=715607"},{"taxonomy":"product_cat","embeddable":true,"href":"https:\/\/roveyayinevi.com.tr\/index.php\/wp-json\/wp\/v2\/product_cat?post=715607"},{"taxonomy":"product_tag","embeddable":true,"href":"https:\/\/roveyayinevi.com.tr\/index.php\/wp-json\/wp\/v2\/product_tag?post=715607"}],"curies":[{"name":"wp","href":"https:\/\/api.w.org\/{rel}","templated":true}]}}