{"id":715605,"date":"2025-08-27T17:32:29","date_gmt":"2025-08-27T14:32:29","guid":{"rendered":"https:\/\/roveyayinevi.com.tr\/index.php\/urun\/travmatik-ben\/"},"modified":"2026-04-16T02:23:50","modified_gmt":"2026-04-15T23:23:50","slug":"travmatik-ben","status":"publish","type":"product","link":"https:\/\/roveyayinevi.com.tr\/index.php\/urun\/travmatik-ben\/","title":{"rendered":"Travmatik Ben"},"content":{"rendered":"<p>Psikolojik travma g\u00fc\u00e7s\u00fczlerin felaketidir. Kurban, ya\u015fad\u0131\u011f\u0131 travmadan kaynaklanan ezici bir kuvvet taraf\u0131ndan \u00e7aresiz bir hale getirilir. Bu kuvvet do\u011faya ait oldu\u011funda, afetten s\u00f6z edebiliriz. Kuvvet ba\u015fka bir insana ait oldu\u011funda ise, vah\u015fetten s\u00f6z edebiliriz. Travmatik olaylar insanlara kontrol, ba\u011f kurma ve anlam duygusu veren ola\u011fan davran\u0131\u015f sistemlerini alt\u00fcst eder. Travmatik olaylar nadir olduklar\u0131ndan de\u011fil , tersine insan\u0131n hayata ola\u011fan uyumunu alt\u00fcst etti\u011fi i\u00e7in ola\u011fan d\u0131\u015f\u0131d\u0131r.. S\u0131radan talihsizliklerin tersine, bizi genellikle hayata ya da beden b\u00fct\u00fcnl\u00fc\u011f\u00fcne y\u00f6nelik tehdit, \u015fiddet veya \u00f6l\u00fcmle y\u00fcz y\u00fcze b\u0131rak\u0131r.\u0130\u015fte bu \u00e7al\u0131\u015fma, insan hayat\u0131n\u0131n her a\u015famas\u0131nda yakinen kar\u015f\u0131la\u015ft\u0131\u011f\u0131m\u0131z psikolojik bir durum olan travmaya dair en kapsaml\u0131 \u00e7al\u0131\u015fmalardan biri. <\/p>\n","protected":false},"excerpt":{"rendered":"<p>Psikolojik travma g\u00fc\u00e7s\u00fczlerin felaketidir. Kurban, ya\u015fad\u0131\u011f\u0131 travmadan kaynaklanan ezici bir kuvvet taraf\u0131ndan \u00e7aresiz bir hale getirilir. Bu kuvvet do\u011faya ait oldu\u011funda, afetten s\u00f6z edebiliriz. Kuvvet ba\u015fka<span class=\"excerpt-hellip\"> [\u2026]<\/span><\/p>\n","protected":false},"featured_media":0,"template":"","meta":{"_monsterinsights_skip_tracking":false,"_monsterinsights_sitenote_active":false,"_monsterinsights_sitenote_note":"","_monsterinsights_sitenote_category":0},"product_brand":[],"product_cat":[12755,12357],"product_tag":[],"class_list":{"0":"post-715605","1":"product","2":"type-product","3":"status-publish","5":"product_cat-gelisim-psikolojisi","6":"product_cat-psikoloji","7":"pa_cilt-ciltsiz","8":"pa_tur-kitap","9":"pa_yayinevi-cinaralti-yayinlari","10":"pa_yazar-yener-ozen","12":"first","13":"instock","14":"sale","15":"shipping-taxable","16":"purchasable","17":"product-type-simple"},"_links":{"self":[{"href":"https:\/\/roveyayinevi.com.tr\/index.php\/wp-json\/wp\/v2\/product\/715605","targetHints":{"allow":["GET"]}}],"collection":[{"href":"https:\/\/roveyayinevi.com.tr\/index.php\/wp-json\/wp\/v2\/product"}],"about":[{"href":"https:\/\/roveyayinevi.com.tr\/index.php\/wp-json\/wp\/v2\/types\/product"}],"wp:attachment":[{"href":"https:\/\/roveyayinevi.com.tr\/index.php\/wp-json\/wp\/v2\/media?parent=715605"}],"wp:term":[{"taxonomy":"product_brand","embeddable":true,"href":"https:\/\/roveyayinevi.com.tr\/index.php\/wp-json\/wp\/v2\/product_brand?post=715605"},{"taxonomy":"product_cat","embeddable":true,"href":"https:\/\/roveyayinevi.com.tr\/index.php\/wp-json\/wp\/v2\/product_cat?post=715605"},{"taxonomy":"product_tag","embeddable":true,"href":"https:\/\/roveyayinevi.com.tr\/index.php\/wp-json\/wp\/v2\/product_tag?post=715605"}],"curies":[{"name":"wp","href":"https:\/\/api.w.org\/{rel}","templated":true}]}}