{"id":715585,"date":"2025-08-27T17:32:16","date_gmt":"2025-08-27T14:32:16","guid":{"rendered":"https:\/\/roveyayinevi.com.tr\/index.php\/urun\/orgutsel-baglilik\/"},"modified":"2026-04-16T02:23:50","modified_gmt":"2026-04-15T23:23:50","slug":"orgutsel-baglilik","status":"publish","type":"product","link":"https:\/\/roveyayinevi.com.tr\/index.php\/urun\/orgutsel-baglilik\/","title":{"rendered":"\u00d6rg\u00fctsel Ba\u011fl\u0131l\u0131k"},"content":{"rendered":"<p>\u00d6rg\u00fctsel Ba\u011fl\u0131l\u0131k ve \u0130li\u015fkili Kavramlar\u00d6rg\u00fctsel Ba\u011fl\u0131l\u0131\u011f\u0131n \u00d6nemi\u00d6rg\u00fctsel Ba\u011fl\u0131l\u0131\u011fa \u0130li\u015fkin S\u0131n\u0131fland\u0131rmalar ve Yakla\u015f\u0131mlar\u00d6rg\u00fcte Ba\u011fl\u0131l\u0131\u011f\u0131n Belirleyicileri\u00d6rg\u00fctsel Ba\u011fl\u0131l\u0131\u011f\u0131n Sonu\u00e7lar\u0131\u00d6rg\u00fctsel Ba\u011fl\u0131l\u0131\u011f\u0131 G\u00fc\u00e7lendirmede Y\u00f6neticilere Tavsiyeler<\/p>\n","protected":false},"excerpt":{"rendered":"<p>\u00d6rg\u00fctsel Ba\u011fl\u0131l\u0131k ve \u0130li\u015fkili Kavramlar\u00d6rg\u00fctsel Ba\u011fl\u0131l\u0131\u011f\u0131n \u00d6nemi\u00d6rg\u00fctsel Ba\u011fl\u0131l\u0131\u011fa \u0130li\u015fkin S\u0131n\u0131fland\u0131rmalar ve Yakla\u015f\u0131mlar\u00d6rg\u00fcte Ba\u011fl\u0131l\u0131\u011f\u0131n Belirleyicileri\u00d6rg\u00fctsel Ba\u011fl\u0131l\u0131\u011f\u0131n Sonu\u00e7lar\u0131\u00d6rg\u00fctsel Ba\u011fl\u0131l\u0131\u011f\u0131 G\u00fc\u00e7lendirmede Y\u00f6neticilere Tavsiyeler<\/p>\n","protected":false},"featured_media":0,"template":"","meta":{"_monsterinsights_skip_tracking":false,"_monsterinsights_sitenote_active":false,"_monsterinsights_sitenote_note":"","_monsterinsights_sitenote_category":0},"product_brand":[],"product_cat":[13043,14381],"product_tag":[],"class_list":{"0":"post-715585","1":"product","2":"type-product","3":"status-publish","5":"product_cat-ekonomi","6":"product_cat-isletme-muhasebe-maliye","7":"pa_cilt-ciltsiz","8":"pa_tur-kitap","9":"pa_yayinevi-gazi-kitabevi","10":"pa_yazar-ismail-bakan","12":"first","13":"instock","14":"sale","15":"shipping-taxable","16":"purchasable","17":"product-type-simple"},"_links":{"self":[{"href":"https:\/\/roveyayinevi.com.tr\/index.php\/wp-json\/wp\/v2\/product\/715585","targetHints":{"allow":["GET"]}}],"collection":[{"href":"https:\/\/roveyayinevi.com.tr\/index.php\/wp-json\/wp\/v2\/product"}],"about":[{"href":"https:\/\/roveyayinevi.com.tr\/index.php\/wp-json\/wp\/v2\/types\/product"}],"wp:attachment":[{"href":"https:\/\/roveyayinevi.com.tr\/index.php\/wp-json\/wp\/v2\/media?parent=715585"}],"wp:term":[{"taxonomy":"product_brand","embeddable":true,"href":"https:\/\/roveyayinevi.com.tr\/index.php\/wp-json\/wp\/v2\/product_brand?post=715585"},{"taxonomy":"product_cat","embeddable":true,"href":"https:\/\/roveyayinevi.com.tr\/index.php\/wp-json\/wp\/v2\/product_cat?post=715585"},{"taxonomy":"product_tag","embeddable":true,"href":"https:\/\/roveyayinevi.com.tr\/index.php\/wp-json\/wp\/v2\/product_tag?post=715585"}],"curies":[{"name":"wp","href":"https:\/\/api.w.org\/{rel}","templated":true}]}}