{"id":715584,"date":"2025-08-27T17:32:16","date_gmt":"2025-08-27T14:32:16","guid":{"rendered":"https:\/\/roveyayinevi.com.tr\/index.php\/urun\/koredeki-cati-katimdan-sesleniyorum-2\/"},"modified":"2026-04-16T02:23:50","modified_gmt":"2026-04-15T23:23:50","slug":"koredeki-cati-katimdan-sesleniyorum-2","status":"publish","type":"product","link":"https:\/\/roveyayinevi.com.tr\/index.php\/urun\/koredeki-cati-katimdan-sesleniyorum-2\/","title":{"rendered":"Kore\u2019deki \u00c7at\u0131 Kat\u0131mdan Sesleniyorum 2"},"content":{"rendered":"<p>Sonunda olmak istedi\u011fim yerdeyim, k\u0131tan\u0131n \u00f6b\u00fcr ucunda, onun yan\u0131nda\u2026 So\u011fuk elleri ile bulu\u015ftu\u011funda ellerim, \u00f6nce kalbim sakinle\u015fti sonra dizlerimin titremesi ge\u00e7ti, ayd\u0131nland\u0131m. Ellerimde, onlarca \u015fekle girmi\u015f \u2018kiraz lekesi\u2019nden eser kalmam\u0131\u015f, g\u00f6revini tamamlam\u0131\u015f, bizi ayr\u0131 koymam\u0131\u015ft\u0131. G\u00f6lgelerimiz yine bir arada d\u00fc\u015f\u00fcyordu karma\u015f\u0131k isimli sokaklar\u0131n kald\u0131r\u0131mlar\u0131na. Onunla kendi \u00fclkesinde yeniden tan\u0131\u015f\u0131yordum. Bir de anlamad\u0131\u011f\u0131m bir dille alg\u0131l\u0131yordum bu kez hayat\u0131&#8230; G\u00fcn\u00fcn sonunda kahraman\u0131 o olan tecr\u00fcbeleri at\u0131p cebime, seyre dal\u0131yordum bizden bir \u015feyler saklad\u0131\u011f\u0131na inand\u0131\u011f\u0131m y\u0131ld\u0131z\u0131, ay\u0131&#8230; E\u015flik etti\u011fi de oluyordu say\u0131s\u0131 belli gecelerin par\u0131lt\u0131s\u0131na inceden inceden. Kore\u2019nin orta yerinde, T\u00fcrk\u00e7e f\u0131s\u0131lt\u0131lar y\u00fckseliyordu bizden. Hik\u00e2yem devam ediyor\u2026 Hem de hayallerimin \u015fehrinde. <\/p>\n","protected":false},"excerpt":{"rendered":"<p>Sonunda olmak istedi\u011fim yerdeyim, k\u0131tan\u0131n \u00f6b\u00fcr ucunda, onun yan\u0131nda\u2026 So\u011fuk elleri ile bulu\u015ftu\u011funda ellerim, \u00f6nce kalbim sakinle\u015fti sonra dizlerimin titremesi ge\u00e7ti, ayd\u0131nland\u0131m. Ellerimde, onlarca \u015fekle girmi\u015f<span class=\"excerpt-hellip\"> [\u2026]<\/span><\/p>\n","protected":false},"featured_media":0,"template":"","meta":{"_monsterinsights_skip_tracking":false,"_monsterinsights_sitenote_active":false,"_monsterinsights_sitenote_note":"","_monsterinsights_sitenote_category":0},"product_brand":[],"product_cat":[12291,12711],"product_tag":[],"class_list":{"0":"post-715584","1":"product","2":"type-product","3":"status-publish","5":"product_cat-edebiyat","6":"product_cat-roman-oyku","7":"pa_cilt-ciltli","8":"pa_tur-kitap","9":"pa_yayinevi-ephesus-yayinlari","10":"pa_yazar-didem-duygu-demir","12":"first","13":"instock","14":"sale","15":"shipping-taxable","16":"purchasable","17":"product-type-simple"},"_links":{"self":[{"href":"https:\/\/roveyayinevi.com.tr\/index.php\/wp-json\/wp\/v2\/product\/715584","targetHints":{"allow":["GET"]}}],"collection":[{"href":"https:\/\/roveyayinevi.com.tr\/index.php\/wp-json\/wp\/v2\/product"}],"about":[{"href":"https:\/\/roveyayinevi.com.tr\/index.php\/wp-json\/wp\/v2\/types\/product"}],"wp:attachment":[{"href":"https:\/\/roveyayinevi.com.tr\/index.php\/wp-json\/wp\/v2\/media?parent=715584"}],"wp:term":[{"taxonomy":"product_brand","embeddable":true,"href":"https:\/\/roveyayinevi.com.tr\/index.php\/wp-json\/wp\/v2\/product_brand?post=715584"},{"taxonomy":"product_cat","embeddable":true,"href":"https:\/\/roveyayinevi.com.tr\/index.php\/wp-json\/wp\/v2\/product_cat?post=715584"},{"taxonomy":"product_tag","embeddable":true,"href":"https:\/\/roveyayinevi.com.tr\/index.php\/wp-json\/wp\/v2\/product_tag?post=715584"}],"curies":[{"name":"wp","href":"https:\/\/api.w.org\/{rel}","templated":true}]}}