{"id":715577,"date":"2025-08-27T17:32:11","date_gmt":"2025-08-27T14:32:11","guid":{"rendered":"https:\/\/roveyayinevi.com.tr\/index.php\/urun\/sus-yukselen-turkiyeden-alcalan-sesler\/"},"modified":"2026-04-16T02:23:49","modified_gmt":"2026-04-15T23:23:49","slug":"sus-yukselen-turkiyeden-alcalan-sesler","status":"publish","type":"product","link":"https:\/\/roveyayinevi.com.tr\/index.php\/urun\/sus-yukselen-turkiyeden-alcalan-sesler\/","title":{"rendered":"Sus &#8211; Y\u00fckselen T\u00fcrkiyeden Al\u00e7alan Sesler"},"content":{"rendered":"<p>Art\u0131k kurum kap\u0131s\u0131ndan girer girmez s\u00f6vmeye ba\u015flayaca\u011f\u0131z. Fark\u0131na vard\u0131m ki k\u00fcfrettik\u00e7e insanlar sana sayg\u0131 duyuyorlar. \u0130nsanlar senden \u00e7ekiniyorlar. Bir s\u00f6z vard\u0131r; Namuslu namusundan korkarda susar, namussuz da zanneder ki kendisinden korkuyorlar. \u00d6yle bir durum i\u015fte. N\u00fcfus dairesinin sayamad\u0131\u011f\u0131 aile fertlerini k\u00fcf\u00fcrlerin i\u00e7erisinde bulabilirsiniz. \u00d6yleki detayl\u0131 s\u00f6venler var. \u0130\u015fin mahiyetine ve s\u00f6ylenen ki\u015fiye g\u00f6re de\u011fi\u015fiyor k\u00fcfr\u00fcn cinsi. Mesele iktidardaki bir partinin il ba\u015fkan\u0131na s\u00f6verken ba\u015fka, Belediye reisine s\u00f6verken ba\u015fka vekile ba\u015fkad\u0131r. Hele birde muhalefete s\u00f6vmek yok mu o bamba\u015fka. Adeta tarih dersi gibi.Ge\u00e7mi\u015ften gelece\u011fe k\u00fclt\u00fcr harman\u0131 program\u0131 gibi detayl\u0131 ve itinal\u0131 kelimeler se\u00e7erek s\u00f6ylerler s\u00f6yleyeceklerini. B\u00fcy\u00fck ba\u015flara edilen k\u00fcf\u00fcrler kitaplara konu olacak cinstentir. S\u0131radan devlet memurlar\u0131na ise daha ziyade akrabal\u0131k ba\u011flar\u0131 \u00fczerinden s\u00f6v\u00fcl\u00fcyor. K\u00fc\u00e7\u00fckba\u015f\u0131n k\u00fcf\u00fcr\u2019\u00fc k\u00fc\u00e7\u00fck oluyor. G\u00fczel \u00fclkemde her \u015fey geli\u015firken insan\u0131m\u0131n a\u011f\u0131z yap\u0131s\u0131 da ziyadesiyle geli\u015fiyor. Kimisinin olumlu manada kimisinin olumsuz manada. Ama muhakkak geli\u015fiyor. <\/p>\n","protected":false},"excerpt":{"rendered":"<p>Art\u0131k kurum kap\u0131s\u0131ndan girer girmez s\u00f6vmeye ba\u015flayaca\u011f\u0131z. Fark\u0131na vard\u0131m ki k\u00fcfrettik\u00e7e insanlar sana sayg\u0131 duyuyorlar. \u0130nsanlar senden \u00e7ekiniyorlar. Bir s\u00f6z vard\u0131r; Namuslu namusundan korkarda susar, namussuz<span class=\"excerpt-hellip\"> [\u2026]<\/span><\/p>\n","protected":false},"featured_media":0,"template":"","meta":{"_monsterinsights_skip_tracking":false,"_monsterinsights_sitenote_active":false,"_monsterinsights_sitenote_note":"","_monsterinsights_sitenote_category":0},"product_brand":[],"product_cat":[12337,14543],"product_tag":[],"class_list":{"0":"post-715577","1":"product","2":"type-product","3":"status-publish","5":"product_cat-politika-siyaset","6":"product_cat-turkiye-siyaseti-ve-politikasi","7":"pa_cilt-ciltsiz","8":"pa_tur-kitap","9":"pa_yayinevi-hitabevi-yayinlari","10":"pa_yazar-serhat-dogan","12":"first","13":"instock","14":"sale","15":"shipping-taxable","16":"purchasable","17":"product-type-simple"},"_links":{"self":[{"href":"https:\/\/roveyayinevi.com.tr\/index.php\/wp-json\/wp\/v2\/product\/715577","targetHints":{"allow":["GET"]}}],"collection":[{"href":"https:\/\/roveyayinevi.com.tr\/index.php\/wp-json\/wp\/v2\/product"}],"about":[{"href":"https:\/\/roveyayinevi.com.tr\/index.php\/wp-json\/wp\/v2\/types\/product"}],"wp:attachment":[{"href":"https:\/\/roveyayinevi.com.tr\/index.php\/wp-json\/wp\/v2\/media?parent=715577"}],"wp:term":[{"taxonomy":"product_brand","embeddable":true,"href":"https:\/\/roveyayinevi.com.tr\/index.php\/wp-json\/wp\/v2\/product_brand?post=715577"},{"taxonomy":"product_cat","embeddable":true,"href":"https:\/\/roveyayinevi.com.tr\/index.php\/wp-json\/wp\/v2\/product_cat?post=715577"},{"taxonomy":"product_tag","embeddable":true,"href":"https:\/\/roveyayinevi.com.tr\/index.php\/wp-json\/wp\/v2\/product_tag?post=715577"}],"curies":[{"name":"wp","href":"https:\/\/api.w.org\/{rel}","templated":true}]}}