{"id":715567,"date":"2025-08-27T17:32:05","date_gmt":"2025-08-27T14:32:05","guid":{"rendered":"https:\/\/roveyayinevi.com.tr\/index.php\/urun\/kusursuz-plan\/"},"modified":"2026-04-16T02:23:46","modified_gmt":"2026-04-15T23:23:46","slug":"kusursuz-plan","status":"publish","type":"product","link":"https:\/\/roveyayinevi.com.tr\/index.php\/urun\/kusursuz-plan\/","title":{"rendered":"Kusursuz Plan"},"content":{"rendered":"<p>T\u00fcm \u0131\u015f\u0131ldayan g\u00fczelli\u011fine ra\u011fmen , o da anlat\u0131labilirdi! \u0130ncitilebilirdi ! Kalbi k\u0131r\u0131labilirdi ! Ama gururu y\u00fcz\u00fcnden asla altta kalamazd\u0131 !Sevdi\u011fi erke\u011fi elde etmek i\u00e7in garip bir plan yapt\u0131 . Plan\u0131 kusursuz olmal\u0131yd\u0131. \u00d6yle de oldu !Ger\u00e7ek niyetini kimse anlayamad\u0131.Amac\u0131na eri\u015febilmek i\u00e7in paras\u0131n\u0131 , dayan\u0131lmaz g\u00fczelli\u011fini, \u015fa\u015f\u0131rtan zakas\u0131n\u0131 ve \u00e7ekici v\u00fccudunu ortaya koydu.Bundan daha iyi plan olur muydu?Bir de duygular\u0131n\u0131 ve arzusunu gizleyebilseydi !Hain planlar\u0131n bile e\u011flenceli olabilece\u011fi , nefes kesen tutkunun elle tutulabilir oldu\u011fu bir FMarsal roman\u0131 daha !<\/p>\n","protected":false},"excerpt":{"rendered":"<p>T\u00fcm \u0131\u015f\u0131ldayan g\u00fczelli\u011fine ra\u011fmen , o da anlat\u0131labilirdi! \u0130ncitilebilirdi ! Kalbi k\u0131r\u0131labilirdi ! Ama gururu y\u00fcz\u00fcnden asla altta kalamazd\u0131 !Sevdi\u011fi erke\u011fi elde etmek i\u00e7in garip bir<span class=\"excerpt-hellip\"> [\u2026]<\/span><\/p>\n","protected":false},"featured_media":0,"template":"","meta":{"_monsterinsights_skip_tracking":false,"_monsterinsights_sitenote_active":false,"_monsterinsights_sitenote_note":"","_monsterinsights_sitenote_category":0},"product_brand":[],"product_cat":[14643,12291],"product_tag":[],"class_list":{"0":"post-715567","1":"product","2":"type-product","3":"status-publish","5":"product_cat-ask","6":"product_cat-edebiyat","7":"pa_cilt-ciltsiz","8":"pa_tur-kitap","9":"pa_yayinevi-ephesus-yayinlari","10":"pa_yazar-fatih-murat-arsal","12":"first","13":"instock","14":"sale","15":"shipping-taxable","16":"purchasable","17":"product-type-simple"},"_links":{"self":[{"href":"https:\/\/roveyayinevi.com.tr\/index.php\/wp-json\/wp\/v2\/product\/715567","targetHints":{"allow":["GET"]}}],"collection":[{"href":"https:\/\/roveyayinevi.com.tr\/index.php\/wp-json\/wp\/v2\/product"}],"about":[{"href":"https:\/\/roveyayinevi.com.tr\/index.php\/wp-json\/wp\/v2\/types\/product"}],"wp:attachment":[{"href":"https:\/\/roveyayinevi.com.tr\/index.php\/wp-json\/wp\/v2\/media?parent=715567"}],"wp:term":[{"taxonomy":"product_brand","embeddable":true,"href":"https:\/\/roveyayinevi.com.tr\/index.php\/wp-json\/wp\/v2\/product_brand?post=715567"},{"taxonomy":"product_cat","embeddable":true,"href":"https:\/\/roveyayinevi.com.tr\/index.php\/wp-json\/wp\/v2\/product_cat?post=715567"},{"taxonomy":"product_tag","embeddable":true,"href":"https:\/\/roveyayinevi.com.tr\/index.php\/wp-json\/wp\/v2\/product_tag?post=715567"}],"curies":[{"name":"wp","href":"https:\/\/api.w.org\/{rel}","templated":true}]}}