{"id":715564,"date":"2025-08-27T17:32:03","date_gmt":"2025-08-27T14:32:03","guid":{"rendered":"https:\/\/roveyayinevi.com.tr\/index.php\/urun\/canavarlarin-efendisi-olumcul-baykus-noktila-canavar-pesinde\/"},"modified":"2026-04-13T02:29:53","modified_gmt":"2026-04-12T23:29:53","slug":"canavarlarin-efendisi-olumcul-baykus-noktila-canavar-pesinde","status":"publish","type":"product","link":"https:\/\/roveyayinevi.com.tr\/index.php\/urun\/canavarlarin-efendisi-olumcul-baykus-noktila-canavar-pesinde\/","title":{"rendered":"Canavarlar\u0131n Efendisi \u00d6l\u00fcmc\u00fcl Bayku\u015f Noktila &#8211; Canavar Pe\u015finde"},"content":{"rendered":"<p>Yepyeni Canavar Pe\u015finde maceras\u0131na ho\u015f geldiniz: Canavarlar\u0131n EfendisiGizemli g\u00fc\u00e7lere sahip olan Forton \u015e\u00f6valyeleri, bir zamanlar Avantia&#8217;n\u0131n koruyucular\u0131yd\u0131. \u015e\u00f6valyeler, bundan \u00fc\u00e7 y\u00fcz sene \u00f6nce mezarlar\u0131na \u00e7ekilmi\u015flerdi. Efsaneler, onlar\u0131n Avantia&#8217;n\u0131n en karanl\u0131k zaman\u0131nda yeniden uyanaca\u011f\u0131n\u0131 s\u00f6ylerdi. Ancak Malvel, onlar\u0131 lanetleyerek canavarlara d\u00f6n\u00fc\u015ft\u00fcrd\u00fc. Tom, bu laneti bozup \u015f\u00f6valyeleri ve Avantia&#8217;y\u0131 kurtarabilecek mi?<\/p>\n","protected":false},"excerpt":{"rendered":"<p>Yepyeni Canavar Pe\u015finde maceras\u0131na ho\u015f geldiniz: Canavarlar\u0131n EfendisiGizemli g\u00fc\u00e7lere sahip olan Forton \u015e\u00f6valyeleri, bir zamanlar Avantia&#8217;n\u0131n koruyucular\u0131yd\u0131. \u015e\u00f6valyeler, bundan \u00fc\u00e7 y\u00fcz sene \u00f6nce mezarlar\u0131na \u00e7ekilmi\u015flerdi. Efsaneler,<span class=\"excerpt-hellip\"> [\u2026]<\/span><\/p>\n","protected":false},"featured_media":0,"template":"","meta":{"_monsterinsights_skip_tracking":false,"_monsterinsights_sitenote_active":false,"_monsterinsights_sitenote_note":"","_monsterinsights_sitenote_category":0},"product_brand":[],"product_cat":[12274,12284],"product_tag":[],"class_list":{"0":"post-715564","1":"product","2":"type-product","3":"status-publish","5":"product_cat-cocuk-ve-genclik-kitaplari","6":"product_cat-hikayeler","7":"pa_cilt-ciltsiz","8":"pa_tur-kitap","9":"pa_yayinevi-beyaz-balina-yayinlari","10":"pa_yazar-adam-blade","12":"first","13":"instock","14":"sale","15":"shipping-taxable","16":"purchasable","17":"product-type-simple"},"_links":{"self":[{"href":"https:\/\/roveyayinevi.com.tr\/index.php\/wp-json\/wp\/v2\/product\/715564","targetHints":{"allow":["GET"]}}],"collection":[{"href":"https:\/\/roveyayinevi.com.tr\/index.php\/wp-json\/wp\/v2\/product"}],"about":[{"href":"https:\/\/roveyayinevi.com.tr\/index.php\/wp-json\/wp\/v2\/types\/product"}],"wp:attachment":[{"href":"https:\/\/roveyayinevi.com.tr\/index.php\/wp-json\/wp\/v2\/media?parent=715564"}],"wp:term":[{"taxonomy":"product_brand","embeddable":true,"href":"https:\/\/roveyayinevi.com.tr\/index.php\/wp-json\/wp\/v2\/product_brand?post=715564"},{"taxonomy":"product_cat","embeddable":true,"href":"https:\/\/roveyayinevi.com.tr\/index.php\/wp-json\/wp\/v2\/product_cat?post=715564"},{"taxonomy":"product_tag","embeddable":true,"href":"https:\/\/roveyayinevi.com.tr\/index.php\/wp-json\/wp\/v2\/product_tag?post=715564"}],"curies":[{"name":"wp","href":"https:\/\/api.w.org\/{rel}","templated":true}]}}