{"id":715563,"date":"2025-08-27T17:32:02","date_gmt":"2025-08-27T14:32:02","guid":{"rendered":"https:\/\/roveyayinevi.com.tr\/index.php\/urun\/tarihe-dusulen-yazilar\/"},"modified":"2026-04-16T02:23:46","modified_gmt":"2026-04-15T23:23:46","slug":"tarihe-dusulen-yazilar","status":"publish","type":"product","link":"https:\/\/roveyayinevi.com.tr\/index.php\/urun\/tarihe-dusulen-yazilar\/","title":{"rendered":"Tarihe D\u00fc\u015f\u00fclen Yaz\u0131lar"},"content":{"rendered":"<p>\u201c\u015eark milletleri i\u00e7in bug\u00fcnk\u00fc garp medeniyeti toplulu\u011funa kat\u0131lmaktan, b\u00fct\u00fcn \u015fartlar\u0131 ile kat\u0131lmaktan ba\u015fka hi\u00e7bir kurtulma \u00e7aresi yoktur. D\u00fcnyada her \u015fey temelinden de\u011fi\u015febilir. Fakat geri milletler i\u00e7in esirli\u011fin yaln\u0131z ad\u0131 ve \u015fekli de\u011fi\u015febilir. Bilenler bilmeyenlerle hi\u00e7 m\u00fcsavi olur mu?Bir demokraside en ehemmiyetli \u015fey gazetecilerin, milletvekillerinin, umumiyetle politikac\u0131lar\u0131n ahl\u00e2k ve karakteridir. Siyas\u00ee partiler sicillerinde ahl\u00e2k ve karaktere ba\u015f mevkii verdiler mi, yava\u015f yava\u015f b\u00fct\u00fcn ayk\u0131r\u0131l\u0131klar ortadan kalkar. Ahl\u00e2k ve karakter zaaf\u0131 siyas\u00ee menfaatler i\u00e7in faydal\u0131 kald\u0131\u011f\u0131 m\u00fcddet\u00e7e de mill\u00ee murakabenin bizzat kendisi, b\u00fct\u00fcn m\u00fcesseseleri ile soysuzla\u015fa soysuzla\u015fa nihayet ifl\u00e2s etmekten kurtulamaz\u201d diyen Falih R\u0131fk\u0131 Atay, T\u00fcrkiye\u2019de yeni yeni ba\u015flayan demokrasi ser\u00fcveninin s\u0131n\u0131rlar\u0131n\u0131 \u00e7izmi\u015ftir. Falih R\u0131fk\u0131, \u0130kinci Cihan Harbi bunal\u0131m\u0131nda kutupla\u015fan d\u00fcnyada T\u00fcrkiye\u2019nin yerinin demokrasiden yana olmas\u0131 gerekti\u011fini hemen her yaz\u0131s\u0131nda dile getirmi\u015ftir. Bununla birlikte bilhassa Mustafa Kemal Atat\u00fcrk ile ilgili an\u0131lara, Trablusgarp, Balkan Harpleri, Birinci ve \u0130kinci D\u00fcnya Harplerine ve bunun neticesinde ya\u015fanan g\u00f6\u00e7lere, Milli M\u00fccadele d\u00f6neminde Anadolu\u2019daki faaliyetlere, ink\u0131l\u00e2p hareketlerine, \u0130kinci Cihan Harbi bunal\u0131m\u0131n\u0131n T\u00fcrk d\u0131\u015f siyasetine yans\u0131malar\u0131na, Kore Harbi\u2019ne ve T\u00fcrkiye\u2019nin tutumuna, g\u00fcndeme dair yaz\u0131lardan ba\u015fka sanat ve edebi faaliyetler ile Cumhuriyet d\u00f6neminin \u00f6nemli \u015fahsiyetlerine de yer vermi\u015ftir.Osmanl\u0131 Devleti\u2019nin y\u0131k\u0131l\u0131\u015f\u0131na ve T\u00fcrkiye Cumhuriyeti\u2019nin kurulu\u015funa \u015fahit olan Falih R\u0131fk\u0131 Atay, yakla\u015f\u0131k 70 y\u0131l \u00f6nce Yeni \u0130stanbul Gazetesi\u2019ndeki kaleme ald\u0131\u011f\u0131 yaz\u0131larla \u0130mparatorluktan Cumhuriyet\u2019e T\u00fcrklerin ser\u00fcvenini anlatmaktad\u0131r.<\/p>\n","protected":false},"excerpt":{"rendered":"<p>\u201c\u015eark milletleri i\u00e7in bug\u00fcnk\u00fc garp medeniyeti toplulu\u011funa kat\u0131lmaktan, b\u00fct\u00fcn \u015fartlar\u0131 ile kat\u0131lmaktan ba\u015fka hi\u00e7bir kurtulma \u00e7aresi yoktur. D\u00fcnyada her \u015fey temelinden de\u011fi\u015febilir. Fakat geri milletler i\u00e7in<span class=\"excerpt-hellip\"> [\u2026]<\/span><\/p>\n","protected":false},"featured_media":0,"template":"","meta":{"_monsterinsights_skip_tracking":false,"_monsterinsights_sitenote_active":false,"_monsterinsights_sitenote_note":"","_monsterinsights_sitenote_category":0},"product_brand":[],"product_cat":[12304,13493],"product_tag":[],"class_list":{"0":"post-715563","1":"product","2":"type-product","3":"status-publish","5":"product_cat-tarih","6":"product_cat-turkiye-ve-cumhuriyet-tarihi","7":"pa_cilt-ciltsiz","8":"pa_tur-kitap","9":"pa_yayinevi-pozitif-yayinlari","10":"pa_yazar-falih-rifki-atay","12":"first","13":"instock","14":"sale","15":"shipping-taxable","16":"purchasable","17":"product-type-simple"},"_links":{"self":[{"href":"https:\/\/roveyayinevi.com.tr\/index.php\/wp-json\/wp\/v2\/product\/715563","targetHints":{"allow":["GET"]}}],"collection":[{"href":"https:\/\/roveyayinevi.com.tr\/index.php\/wp-json\/wp\/v2\/product"}],"about":[{"href":"https:\/\/roveyayinevi.com.tr\/index.php\/wp-json\/wp\/v2\/types\/product"}],"wp:attachment":[{"href":"https:\/\/roveyayinevi.com.tr\/index.php\/wp-json\/wp\/v2\/media?parent=715563"}],"wp:term":[{"taxonomy":"product_brand","embeddable":true,"href":"https:\/\/roveyayinevi.com.tr\/index.php\/wp-json\/wp\/v2\/product_brand?post=715563"},{"taxonomy":"product_cat","embeddable":true,"href":"https:\/\/roveyayinevi.com.tr\/index.php\/wp-json\/wp\/v2\/product_cat?post=715563"},{"taxonomy":"product_tag","embeddable":true,"href":"https:\/\/roveyayinevi.com.tr\/index.php\/wp-json\/wp\/v2\/product_tag?post=715563"}],"curies":[{"name":"wp","href":"https:\/\/api.w.org\/{rel}","templated":true}]}}