{"id":715555,"date":"2025-08-27T17:31:57","date_gmt":"2025-08-27T14:31:57","guid":{"rendered":"https:\/\/roveyayinevi.com.tr\/index.php\/urun\/anaokulunu-kesfediyorum\/"},"modified":"2026-04-16T02:23:46","modified_gmt":"2026-04-15T23:23:46","slug":"anaokulunu-kesfediyorum","status":"publish","type":"product","link":"https:\/\/roveyayinevi.com.tr\/index.php\/urun\/anaokulunu-kesfediyorum\/","title":{"rendered":"Anaokulunu Ke\u015ffediyorum"},"content":{"rendered":"<p>Anaokulunu tan\u0131tan, burada ger\u00e7ekle\u015ftirilen faaliyetleri anlatan a\u00e7\u0131klamalar.\u0130ki sayfaya yay\u0131lan ve anaokulundaki g\u00fcn\u00fcn \u00f6nemli zamanlar\u0131n\u0131 g\u00f6steren b\u00fcy\u00fck resimlerHer sayfan\u0131n sonunda \u00e7ocuklar\u0131n dikkat ve g\u00f6zlem becerilerini geli\u015ftirecek e\u011flenceli etkinlik sorular\u0131! \u00c7ocuklar\u0131n anaokulunu daha yak\u0131ndan tan\u0131malar\u0131n\u0131 ve sevmelerini sa\u011flayacak keyifli ve bilgi verici bir kitap! <\/p>\n","protected":false},"excerpt":{"rendered":"<p>Anaokulunu tan\u0131tan, burada ger\u00e7ekle\u015ftirilen faaliyetleri anlatan a\u00e7\u0131klamalar.\u0130ki sayfaya yay\u0131lan ve anaokulundaki g\u00fcn\u00fcn \u00f6nemli zamanlar\u0131n\u0131 g\u00f6steren b\u00fcy\u00fck resimlerHer sayfan\u0131n sonunda \u00e7ocuklar\u0131n dikkat ve g\u00f6zlem becerilerini geli\u015ftirecek e\u011flenceli<span class=\"excerpt-hellip\"> [\u2026]<\/span><\/p>\n","protected":false},"featured_media":0,"template":"","meta":{"_monsterinsights_skip_tracking":false,"_monsterinsights_sitenote_active":false,"_monsterinsights_sitenote_note":"","_monsterinsights_sitenote_category":0},"product_brand":[],"product_cat":[12274,12284],"product_tag":[],"class_list":{"0":"post-715555","1":"product","2":"type-product","3":"status-publish","5":"product_cat-cocuk-ve-genclik-kitaplari","6":"product_cat-hikayeler","7":"pa_cilt-ciltsiz","8":"pa_tur-kitap","9":"pa_yayinevi-almidilli","10":"pa_yazar-agnes-besson","12":"first","13":"instock","14":"sale","15":"shipping-taxable","16":"purchasable","17":"product-type-simple"},"_links":{"self":[{"href":"https:\/\/roveyayinevi.com.tr\/index.php\/wp-json\/wp\/v2\/product\/715555","targetHints":{"allow":["GET"]}}],"collection":[{"href":"https:\/\/roveyayinevi.com.tr\/index.php\/wp-json\/wp\/v2\/product"}],"about":[{"href":"https:\/\/roveyayinevi.com.tr\/index.php\/wp-json\/wp\/v2\/types\/product"}],"wp:attachment":[{"href":"https:\/\/roveyayinevi.com.tr\/index.php\/wp-json\/wp\/v2\/media?parent=715555"}],"wp:term":[{"taxonomy":"product_brand","embeddable":true,"href":"https:\/\/roveyayinevi.com.tr\/index.php\/wp-json\/wp\/v2\/product_brand?post=715555"},{"taxonomy":"product_cat","embeddable":true,"href":"https:\/\/roveyayinevi.com.tr\/index.php\/wp-json\/wp\/v2\/product_cat?post=715555"},{"taxonomy":"product_tag","embeddable":true,"href":"https:\/\/roveyayinevi.com.tr\/index.php\/wp-json\/wp\/v2\/product_tag?post=715555"}],"curies":[{"name":"wp","href":"https:\/\/api.w.org\/{rel}","templated":true}]}}