{"id":715552,"date":"2025-08-27T17:31:56","date_gmt":"2025-08-27T14:31:56","guid":{"rendered":"https:\/\/roveyayinevi.com.tr\/index.php\/urun\/su-politikalari-baglaminda-kuzey-kibrisin\/"},"modified":"2026-04-16T02:23:46","modified_gmt":"2026-04-15T23:23:46","slug":"su-politikalari-baglaminda-kuzey-kibrisin","status":"publish","type":"product","link":"https:\/\/roveyayinevi.com.tr\/index.php\/urun\/su-politikalari-baglaminda-kuzey-kibrisin\/","title":{"rendered":"Su Politikalar\u0131 Ba\u011flam\u0131nda Kuzey K\u0131br\u0131s&#8217;\u0131n"},"content":{"rendered":"<p>Su Politikalar\u0131 Ba\u011flam\u0131nda Kuzey K\u0131br\u0131s&#8217;\u0131n Bug\u00fcn\u00fc ve Gelece\u011fi&#8217;nde yar\u0131 kurak bir iklim b\u00f6lgesinde yer alan Kuzey K\u0131br\u0131s T\u00fcrk Cumhuriyeti&#8217;nin Su Politikalar\u0131, siyaset biliminin verileri \u0131\u015f\u0131\u011f\u0131nda ve kamu y\u00f6netimi bak\u0131\u015f a\u00e7\u0131s\u0131 ile al\u0131n\u0131yor. Eserde b\u00fcy\u00fck \u00f6l\u00e7\u00fcde ge\u00e7mi\u015fe dayal\u0131 olarak \u015fekillenen su y\u00f6netimi yap\u0131s\u0131na bug\u00fcn idari ve hukuki boyunlar\u0131nda veriliyor.i\u00e7indekiler;Kuzey K\u0131br\u0131s&#8217;\u0131n Stratejik G\u00fcvenli\u011fi, Politikalar\u0131 ve Su Temin Projesi Sonu\u00e7 Yerine : B\u00f6lgesel Dinamikler ve Stratejik Bir Su Politikas\u0131na Do\u011fru<\/p>\n","protected":false},"excerpt":{"rendered":"<p>Su Politikalar\u0131 Ba\u011flam\u0131nda Kuzey K\u0131br\u0131s&#8217;\u0131n Bug\u00fcn\u00fc ve Gelece\u011fi&#8217;nde yar\u0131 kurak bir iklim b\u00f6lgesinde yer alan Kuzey K\u0131br\u0131s T\u00fcrk Cumhuriyeti&#8217;nin Su Politikalar\u0131, siyaset biliminin verileri \u0131\u015f\u0131\u011f\u0131nda ve<span class=\"excerpt-hellip\"> [\u2026]<\/span><\/p>\n","protected":false},"featured_media":0,"template":"","meta":{"_monsterinsights_skip_tracking":false,"_monsterinsights_sitenote_active":false,"_monsterinsights_sitenote_note":"","_monsterinsights_sitenote_category":0},"product_brand":[],"product_cat":[12337,14543],"product_tag":[],"class_list":{"0":"post-715552","1":"product","2":"type-product","3":"status-publish","5":"product_cat-politika-siyaset","6":"product_cat-turkiye-siyaseti-ve-politikasi","7":"pa_cilt-ciltsiz","8":"pa_tur-kitap","9":"pa_yayinevi-gazi-kitabevi","10":"pa_yazar-elif-colakoglu","12":"first","13":"instock","14":"sale","15":"shipping-taxable","16":"purchasable","17":"product-type-simple"},"_links":{"self":[{"href":"https:\/\/roveyayinevi.com.tr\/index.php\/wp-json\/wp\/v2\/product\/715552","targetHints":{"allow":["GET"]}}],"collection":[{"href":"https:\/\/roveyayinevi.com.tr\/index.php\/wp-json\/wp\/v2\/product"}],"about":[{"href":"https:\/\/roveyayinevi.com.tr\/index.php\/wp-json\/wp\/v2\/types\/product"}],"wp:attachment":[{"href":"https:\/\/roveyayinevi.com.tr\/index.php\/wp-json\/wp\/v2\/media?parent=715552"}],"wp:term":[{"taxonomy":"product_brand","embeddable":true,"href":"https:\/\/roveyayinevi.com.tr\/index.php\/wp-json\/wp\/v2\/product_brand?post=715552"},{"taxonomy":"product_cat","embeddable":true,"href":"https:\/\/roveyayinevi.com.tr\/index.php\/wp-json\/wp\/v2\/product_cat?post=715552"},{"taxonomy":"product_tag","embeddable":true,"href":"https:\/\/roveyayinevi.com.tr\/index.php\/wp-json\/wp\/v2\/product_tag?post=715552"}],"curies":[{"name":"wp","href":"https:\/\/api.w.org\/{rel}","templated":true}]}}