{"id":715543,"date":"2025-08-27T17:31:49","date_gmt":"2025-08-27T14:31:49","guid":{"rendered":"https:\/\/roveyayinevi.com.tr\/index.php\/urun\/kilden-kopru\/"},"modified":"2026-04-16T02:23:45","modified_gmt":"2026-04-15T23:23:45","slug":"kilden-kopru","status":"publish","type":"product","link":"https:\/\/roveyayinevi.com.tr\/index.php\/urun\/kilden-kopru\/","title":{"rendered":"Kilden K\u00f6pr\u00fc"},"content":{"rendered":"<p>Size karde\u015fimizden bahsedeyim. Clay ad\u0131ndaki d\u00f6rd\u00fcnc\u00fc Dunbar karde\u015f. Her \u015fey onun ba\u015f\u0131na geldi. Onun sayesinde de\u011fi\u015fenlerse hepimizdik.Dunbar karde\u015fler, yeti\u015fkinlerin olmad\u0131\u011f\u0131 bir evin karga\u015fas\u0131nda d\u00f6v\u00fc\u015ferek, birbirlerini severek ve ge\u00e7mi\u015fin yas\u0131n\u0131 tutarak ya\u015famaktad\u0131r. Bug\u00fcn, onlar\u0131 terk eden babalar\u0131 az \u00f6nce eve d\u00f6nm\u00fc\u015ft\u00fcr ve bir teklifi vard\u0131r: Onunla kim bir k\u00f6pr\u00fc in\u015fa edecektir?Bunu kabul eden, uzun zamand\u0131r bir s\u0131rla ya\u015fayan ailenin d\u00f6rd\u00fcnc\u00fc \u00e7ocu\u011fu Clay\u2019dir. Fakat babalar\u0131na \u00f6fke duyan karde\u015flerinin aksine o, neden bu s\u0131ra d\u0131\u015f\u0131 g\u00f6revi yerine getirmek zorunda hissetmektedir?Kilden K\u00f6pr\u00fc kendini bir ak\u0131nt\u0131ya kapt\u0131rm\u0131\u015f, ger\u00e7ekte olmas\u0131 gereken \u015feye d\u00f6n\u00fc\u015fmek i\u00e7in sahip olduklar\u0131n\u0131 yok etmeye kararl\u0131 bir \u00e7ocu\u011fun m\u00fccadelesine odaklan\u0131yor. Clay\u2019in \u00f6n\u00fcnde bir k\u00f6pr\u00fc, ailesini onurland\u0131rabilece\u011fi bir f\u0131rsat\u0131n hayali uzanmaktad\u0131r ve bu, bir mucizeden daha az\u0131 olmayacakt\u0131r.Hem bir varolu\u015f bilmecesi hem de g\u00fcnahlardan ar\u0131nma aray\u0131\u015f\u0131 olan bu hik\u00e2ye, kitaplar\u0131 k\u0131rktan fazla dile \u00e7evrilmi\u015f \u00f6d\u00fcll\u00fc yazar Markus Zusak\u2019\u0131n \u00f6zg\u00fcn tarz\u0131 ve kendine has kelime oyunlar\u0131yla dokunakl\u0131 bir romana d\u00f6n\u00fc\u015f\u00fcyor.\u201cBize uluslararas\u0131 ba\u015far\u0131 kazanm\u0131\u015f Kitap H\u0131rs\u0131z\u0131\u2019n\u0131 kazand\u0131ran Markus Zusak\u2019tan s\u00fcr\u00fckleyici ve unutulmaz bir aile destan\u0131.\u201d- USA Today-\u201cG\u00fc\u00e7l\u00fc, korkusuz kalplere dayanan s\u00fcr\u00fckleyici bir kitap olarak Kilden K\u00f6pr\u00fc, inan\u0131lacak ve umursanacak karakterlerle dolu. Son derece dokunakl\u0131 ve ayn\u0131 zamanda e\u011flenceli bir roman.\u201d-M L Stedman, The Light Between Oceans\u2019\u0131n yazar\u0131-\u201cD\u00fcnya genelinde geni\u015f bir okur kitlesine ula\u015fan ve beyazperdeye uyarlanan Kitap H\u0131rs\u0131z\u0131\u2019n\u0131n yazar\u0131ndan yeni bir destans\u0131 roman.\u201d-Los Angeles Times-\u201cUzun s\u00fcren bekleyi\u015f sona erdi.\u201d-New York Times-\u201cKar\u015f\u0131 konulmaz \u00f6l\u00e7\u00fcde etkileyici ve ak\u0131llarda yer edecek bir hik\u00e2ye.\u201d-Washington Post-\u201c\u0130yi \u015feyler beklemeye de\u011ferdir. Kilden K\u00f6pr\u00fc, aileler aras\u0131ndaki ba\u011flar ve k\u0131r\u0131lmalar \u00fczerine etkileyici bir roman. Bir oturu\u015fta bitirdim ve haftalar sonra h\u00e2l\u00e2, bir g\u00fcn Markus Zusak kadar iyi yazabilmeyi umuyorum.\u201d-Jodi Picoult, A Spark of Light ve Small Great Things adl\u0131 New York Times \u00e7oksatan kitaplar\u0131n\u0131n -yazar\u0131.-\u201cDunbar ailesinin etkileyici hik\u00e2yesinin bittikten uzun zaman sonra bile okurun zihninde kalaca\u011f\u0131na inan\u0131yorum.\u201d-Connie Lin, Books Inc.-<\/p>\n","protected":false},"excerpt":{"rendered":"<p>Size karde\u015fimizden bahsedeyim. Clay ad\u0131ndaki d\u00f6rd\u00fcnc\u00fc Dunbar karde\u015f. Her \u015fey onun ba\u015f\u0131na geldi. Onun sayesinde de\u011fi\u015fenlerse hepimizdik.Dunbar karde\u015fler, yeti\u015fkinlerin olmad\u0131\u011f\u0131 bir evin karga\u015fas\u0131nda d\u00f6v\u00fc\u015ferek, birbirlerini severek<span class=\"excerpt-hellip\"> [\u2026]<\/span><\/p>\n","protected":false},"featured_media":0,"template":"","meta":{"_monsterinsights_skip_tracking":false,"_monsterinsights_sitenote_active":false,"_monsterinsights_sitenote_note":"","_monsterinsights_sitenote_category":0},"product_brand":[],"product_cat":[12291,12711],"product_tag":[],"class_list":{"0":"post-715543","1":"product","2":"type-product","3":"status-publish","5":"product_cat-edebiyat","6":"product_cat-roman-oyku","7":"pa_cilt-ciltsiz","8":"pa_tur-kitap","9":"pa_yayinevi-marti-yayinlari","10":"pa_yazar-markus-zusak","12":"first","13":"instock","14":"sale","15":"shipping-taxable","16":"purchasable","17":"product-type-simple"},"_links":{"self":[{"href":"https:\/\/roveyayinevi.com.tr\/index.php\/wp-json\/wp\/v2\/product\/715543","targetHints":{"allow":["GET"]}}],"collection":[{"href":"https:\/\/roveyayinevi.com.tr\/index.php\/wp-json\/wp\/v2\/product"}],"about":[{"href":"https:\/\/roveyayinevi.com.tr\/index.php\/wp-json\/wp\/v2\/types\/product"}],"wp:attachment":[{"href":"https:\/\/roveyayinevi.com.tr\/index.php\/wp-json\/wp\/v2\/media?parent=715543"}],"wp:term":[{"taxonomy":"product_brand","embeddable":true,"href":"https:\/\/roveyayinevi.com.tr\/index.php\/wp-json\/wp\/v2\/product_brand?post=715543"},{"taxonomy":"product_cat","embeddable":true,"href":"https:\/\/roveyayinevi.com.tr\/index.php\/wp-json\/wp\/v2\/product_cat?post=715543"},{"taxonomy":"product_tag","embeddable":true,"href":"https:\/\/roveyayinevi.com.tr\/index.php\/wp-json\/wp\/v2\/product_tag?post=715543"}],"curies":[{"name":"wp","href":"https:\/\/api.w.org\/{rel}","templated":true}]}}