{"id":715542,"date":"2025-08-27T17:31:49","date_gmt":"2025-08-27T14:31:49","guid":{"rendered":"https:\/\/roveyayinevi.com.tr\/index.php\/urun\/labirent-3\/"},"modified":"2026-04-16T02:23:45","modified_gmt":"2026-04-15T23:23:45","slug":"labirent-3","status":"publish","type":"product","link":"https:\/\/roveyayinevi.com.tr\/index.php\/urun\/labirent-3\/","title":{"rendered":"Labirent"},"content":{"rendered":"<p>Yusuf, hayat\u0131n\u0131n en  g\u00fczel y\u0131llar\u0131n\u0131 ya\u015fad\u0131\u011f\u0131n\u0131 d\u00fc\u015f\u00fcn\u00fcrken kendisini karanl\u0131k duvarlar\u0131 aras\u0131nda buluverdi\u011fi labirentten \u00e7\u0131kmay\u0131 ba\u015farabilecek mi? Kurtulabilecek mi? Hayat\u0131na kald\u0131\u011f\u0131 yerden devam edebilecek mi? Yusuf, son d\u00f6nemde h\u0131zla b\u00fcy\u00fcyen yabanc\u0131 sermayeli bir bankan\u0131n, gelece\u011fi parlak \u015fube m\u00fcd\u00fcr\u00fcd\u00fcr. Yak\u0131n zamanda terfi etmesine ve bankan\u0131n \u00fcst d\u00fczey y\u00f6neticisi olmas\u0131na kesin g\u00f6z\u00fcyle bak\u0131lmaktad\u0131r. \u00c7apk\u0131n olmas\u0131 d\u0131\u015f\u0131nda hi\u00e7bir a\u015f\u0131r\u0131l\u0131\u011f\u0131, olumsuzlu\u011fu, kanunsuzlu\u011fu yoktur. Evi ile i\u015fi aras\u0131nda kendi halinde, tekd\u00fcze ancak mutlu denebilecek bir hayat ya\u015famaktad\u0131r. Ancak bir sabah evine gelen polislerin, hakk\u0131nda dava a\u00e7\u0131ld\u0131\u011f\u0131n\u0131 s\u00f6ylemesi ile Yusuf\u2019un hayat\u0131 bir anda alt \u00fcst olur. Olan biteni anlamak m\u00fcmk\u00fcn de\u011fildir. Dava ne i\u00e7in a\u00e7\u0131lm\u0131\u015ft\u0131r, kim taraf\u0131ndan a\u00e7\u0131lm\u0131\u015ft\u0131r? Yusuf\u2019un ne yapmas\u0131 gerekir? Bu davadan nas\u0131l kurtulabilir, kurtulmak m\u00fcmk\u00fcn m\u00fcd\u00fcr, bir kurtulu\u015f yolu var m\u0131d\u0131r? Yusuf, t\u00fcm enerjisini bu sorular\u0131n cevaplar\u0131n\u0131 bulmak i\u00e7in harcarken asl\u0131nda \u00e7ok daha b\u00fcy\u00fck bir kurgunun i\u00e7inde ve hatta tam merkezinde oldu\u011funu fark eder. Cevaplanmas\u0131 gereken daha \u00f6nemli sorular vard\u0131r. Ger\u00e7ek kurtulu\u015f labirentten \u00e7\u0131k\u0131\u015f m\u0131? Yoksa labirentin ta kendisi mi? <\/p>\n","protected":false},"excerpt":{"rendered":"<p>Yusuf, hayat\u0131n\u0131n en g\u00fczel y\u0131llar\u0131n\u0131 ya\u015fad\u0131\u011f\u0131n\u0131 d\u00fc\u015f\u00fcn\u00fcrken kendisini karanl\u0131k duvarlar\u0131 aras\u0131nda buluverdi\u011fi labirentten \u00e7\u0131kmay\u0131 ba\u015farabilecek mi? Kurtulabilecek mi? Hayat\u0131na kald\u0131\u011f\u0131 yerden devam edebilecek mi? Yusuf, son<span class=\"excerpt-hellip\"> [\u2026]<\/span><\/p>\n","protected":false},"featured_media":0,"template":"","meta":{"_monsterinsights_skip_tracking":false,"_monsterinsights_sitenote_active":false,"_monsterinsights_sitenote_note":"","_monsterinsights_sitenote_category":0},"product_brand":[],"product_cat":[12291,12711],"product_tag":[],"class_list":{"0":"post-715542","1":"product","2":"type-product","3":"status-publish","5":"product_cat-edebiyat","6":"product_cat-roman-oyku","7":"pa_cilt-ciltsiz","8":"pa_tur-kitap","9":"pa_yayinevi-yeni-insan-yayinlari","10":"pa_yazar-kadir-cevik","12":"first","13":"instock","14":"sale","15":"shipping-taxable","16":"purchasable","17":"product-type-simple"},"_links":{"self":[{"href":"https:\/\/roveyayinevi.com.tr\/index.php\/wp-json\/wp\/v2\/product\/715542","targetHints":{"allow":["GET"]}}],"collection":[{"href":"https:\/\/roveyayinevi.com.tr\/index.php\/wp-json\/wp\/v2\/product"}],"about":[{"href":"https:\/\/roveyayinevi.com.tr\/index.php\/wp-json\/wp\/v2\/types\/product"}],"wp:attachment":[{"href":"https:\/\/roveyayinevi.com.tr\/index.php\/wp-json\/wp\/v2\/media?parent=715542"}],"wp:term":[{"taxonomy":"product_brand","embeddable":true,"href":"https:\/\/roveyayinevi.com.tr\/index.php\/wp-json\/wp\/v2\/product_brand?post=715542"},{"taxonomy":"product_cat","embeddable":true,"href":"https:\/\/roveyayinevi.com.tr\/index.php\/wp-json\/wp\/v2\/product_cat?post=715542"},{"taxonomy":"product_tag","embeddable":true,"href":"https:\/\/roveyayinevi.com.tr\/index.php\/wp-json\/wp\/v2\/product_tag?post=715542"}],"curies":[{"name":"wp","href":"https:\/\/api.w.org\/{rel}","templated":true}]}}