{"id":715533,"date":"2025-08-27T17:31:43","date_gmt":"2025-08-27T14:31:43","guid":{"rendered":"https:\/\/roveyayinevi.com.tr\/index.php\/urun\/insan-olmak-uzerine\/"},"modified":"2026-04-16T02:23:45","modified_gmt":"2026-04-15T23:23:45","slug":"insan-olmak-uzerine","status":"publish","type":"product","link":"https:\/\/roveyayinevi.com.tr\/index.php\/urun\/insan-olmak-uzerine\/","title":{"rendered":"\u0130nsan Olmak \u00dczerine"},"content":{"rendered":"<p>\u0130nsan\u0131n karakteri, kendi elleriyle kurdu\u011fu d\u00fcnyan\u0131n gerektirdi\u011fi \u015feylerce yo\u011frulmu\u015ftur. On sekizinci ve on dokuzuncu y\u00fczy\u0131llarda orta s\u0131n\u0131f\u0131n karakteri, g\u00fc\u00e7l\u00fc s\u00f6m\u00fcr\u00fcc\u00fc ve istif\u00e7i \u00f6zellikler g\u00f6steriyordu. Bu \u201caktif\u201d karakteri, ba\u015fkalar\u0131n\u0131 s\u00f6m\u00fcrme ve daha da \u00e7ok k\u00e2r etmek i\u00e7in kazan\u00e7lar\u0131n\u0131 biriktirme arzusu belirliyordu. Yirminci y\u00fczy\u0131lda, insan\u0131n karakter y\u00f6nelimi, olduk\u00e7a b\u00fcy\u00fck edilgenlik ve piyasa de\u011ferleriyle \u00f6zde\u015fle\u015fme g\u00f6sterir. \u00c7a\u011fda\u015f insan, bo\u015f zaman\u0131n\u0131n \u00e7o\u011funda kesinlikle edilgendir. Bengi t\u00fcketicidir; i\u00e7kileri, yiyecekleri, sigaralar\u0131, konferanslar\u0131, manzaralar\u0131, kitaplar\u0131, filmleri \u201cso\u011furur\u201d; t\u00fcm\u00fcn\u00fc t\u00fcketir, yutar. T\u00fcm d\u00fcnya, onun a\u011fz\u0131na lay\u0131k b\u00fcy\u00fck bir nesnedir: B\u00fcy\u00fck bir \u015fi\u015fe, b\u00fcy\u00fck bir elma, b\u00fcy\u00fck bir memedir. \u0130nsan, emici olup \u00e7\u0131km\u0131\u015ft\u0131r, ebediyen beklenti i\u00e7inde ve ebediyen d\u00fc\u015f k\u0131r\u0131kl\u0131\u011f\u0131 ya\u015fayan&#8230;<\/p>\n","protected":false},"excerpt":{"rendered":"<p>\u0130nsan\u0131n karakteri, kendi elleriyle kurdu\u011fu d\u00fcnyan\u0131n gerektirdi\u011fi \u015feylerce yo\u011frulmu\u015ftur. On sekizinci ve on dokuzuncu y\u00fczy\u0131llarda orta s\u0131n\u0131f\u0131n karakteri, g\u00fc\u00e7l\u00fc s\u00f6m\u00fcr\u00fcc\u00fc ve istif\u00e7i \u00f6zellikler g\u00f6steriyordu. Bu \u201caktif\u201d<span class=\"excerpt-hellip\"> [\u2026]<\/span><\/p>\n","protected":false},"featured_media":0,"template":"","meta":{"_monsterinsights_skip_tracking":false,"_monsterinsights_sitenote_active":false,"_monsterinsights_sitenote_note":"","_monsterinsights_sitenote_category":0},"product_brand":[],"product_cat":[12358,12357],"product_tag":[],"class_list":{"0":"post-715533","1":"product","2":"type-product","3":"status-publish","5":"product_cat-genel-psikoloji","6":"product_cat-psikoloji","7":"pa_cilt-ciltsiz","8":"pa_tur-kitap","9":"pa_yayinevi-say-yayinlari","10":"pa_yazar-erich-fromm","12":"first","13":"instock","14":"sale","15":"shipping-taxable","16":"purchasable","17":"product-type-simple"},"_links":{"self":[{"href":"https:\/\/roveyayinevi.com.tr\/index.php\/wp-json\/wp\/v2\/product\/715533","targetHints":{"allow":["GET"]}}],"collection":[{"href":"https:\/\/roveyayinevi.com.tr\/index.php\/wp-json\/wp\/v2\/product"}],"about":[{"href":"https:\/\/roveyayinevi.com.tr\/index.php\/wp-json\/wp\/v2\/types\/product"}],"wp:attachment":[{"href":"https:\/\/roveyayinevi.com.tr\/index.php\/wp-json\/wp\/v2\/media?parent=715533"}],"wp:term":[{"taxonomy":"product_brand","embeddable":true,"href":"https:\/\/roveyayinevi.com.tr\/index.php\/wp-json\/wp\/v2\/product_brand?post=715533"},{"taxonomy":"product_cat","embeddable":true,"href":"https:\/\/roveyayinevi.com.tr\/index.php\/wp-json\/wp\/v2\/product_cat?post=715533"},{"taxonomy":"product_tag","embeddable":true,"href":"https:\/\/roveyayinevi.com.tr\/index.php\/wp-json\/wp\/v2\/product_tag?post=715533"}],"curies":[{"name":"wp","href":"https:\/\/api.w.org\/{rel}","templated":true}]}}