{"id":715519,"date":"2025-08-27T17:31:34","date_gmt":"2025-08-27T14:31:34","guid":{"rendered":"https:\/\/roveyayinevi.com.tr\/index.php\/urun\/komunist-manifesto-3\/"},"modified":"2026-04-16T02:23:45","modified_gmt":"2026-04-15T23:23:45","slug":"komunist-manifesto-3","status":"publish","type":"product","link":"https:\/\/roveyayinevi.com.tr\/index.php\/urun\/komunist-manifesto-3\/","title":{"rendered":"Kom\u00fcnist Manifesto"},"content":{"rendered":"<p>Kom\u00fcnist Manifesto yirminci y\u00fczy\u0131l\u0131n \u00e7ehresini tan\u0131nmayacak \u00f6l\u00e7\u00fcde de\u011fi\u015ftirerek milyonlara devrim ilham\u0131 verdi\u011fi gibi, h\u00e2l\u00e2 say\u0131s\u0131z insan\u0131n ya\u015fam\u0131na y\u00f6n veren siyasi sistemlerin de temelini att\u0131. Manifesto g\u00fcn\u00fcm\u00fczde de s\u0131n\u0131f ve kapitalizm \u00fczerine hararetl itart\u0131\u015fmalar\u0131n temel dayanak noktas\u0131 olmay\u0131 s\u00fcrd\u00fcr\u00fcyor. \u201cH\u00e2kim s\u0131n\u0131flar kom\u00fcnist devrimin \u00f6n\u00fcnde titremelidirler.Neticede proleterlerin zincirlerinden ba\u015fka kaybedecekleri bir \u015fey yoktur.Ancak kazanacaklar\u0131 bir d\u00fcnya vard\u0131r. B\u00fct\u00fcn \u00fclkelerin proleterleri, Birle\u015fin!\u201d Tarih boyunca baz\u0131 kitaplar d\u00fcnyay\u0131 de\u011fi\u015ftirdi.Bununla kalmay\u0131p; bizleri ve bir birimizi g\u00f6rme bi\u00e7imimizi etkiledi. O kitaplarki tart\u0131\u015fmalara, muhalif fikirlere, sava\u015f ve devrimlere esin kayna\u011f\u0131 oldular. Ayd\u0131nlatt\u0131lar, harekete ge\u00e7irdiler, k\u0131\u015fk\u0131rtt\u0131lar, teselli ettiler.Ya\u015fam\u0131m\u0131z\u0131 zenginle\u015ftirdiler ve bizleri ayr\u0131 ayr\u0131 kendi ya\u015famlar\u0131m\u0131z\u0131 sorgulamaya y\u00f6nelttiler.\u015eimdi Kafka Kitap sizlere uygarl\u0131\u011f\u0131 sarsan, insanl\u0131k tarihine y\u00f6n veren ve kendimizi ke\u015ffetmemize yard\u0131m eden fikirleriyle; b\u00fcy\u00fck d\u00fc\u015f\u00fcn\u00fcrlerin, \u00e7\u0131\u011f\u0131ra\u00e7anlar\u0131n, radikallerin ve ileriyi g\u00f6renlerin eserlerini sunuyor. <\/p>\n","protected":false},"excerpt":{"rendered":"<p>Kom\u00fcnist Manifesto yirminci y\u00fczy\u0131l\u0131n \u00e7ehresini tan\u0131nmayacak \u00f6l\u00e7\u00fcde de\u011fi\u015ftirerek milyonlara devrim ilham\u0131 verdi\u011fi gibi, h\u00e2l\u00e2 say\u0131s\u0131z insan\u0131n ya\u015fam\u0131na y\u00f6n veren siyasi sistemlerin de temelini att\u0131. Manifesto g\u00fcn\u00fcm\u00fczde<span class=\"excerpt-hellip\"> [\u2026]<\/span><\/p>\n","protected":false},"featured_media":0,"template":"","meta":{"_monsterinsights_skip_tracking":false,"_monsterinsights_sitenote_active":false,"_monsterinsights_sitenote_note":"","_monsterinsights_sitenote_category":0},"product_brand":[],"product_cat":[12338,12337],"product_tag":[],"class_list":{"0":"post-715519","1":"product","2":"type-product","3":"status-publish","5":"product_cat-dunya-siyaseti-ve-politikasi","6":"product_cat-politika-siyaset","7":"pa_cilt-ciltsiz","8":"pa_tur-kitap","9":"pa_yayinevi-kafka-yayinevi","10":"pa_yazar-karl-marx-friedrich-engels","12":"first","13":"instock","14":"sale","15":"shipping-taxable","16":"purchasable","17":"product-type-simple"},"_links":{"self":[{"href":"https:\/\/roveyayinevi.com.tr\/index.php\/wp-json\/wp\/v2\/product\/715519","targetHints":{"allow":["GET"]}}],"collection":[{"href":"https:\/\/roveyayinevi.com.tr\/index.php\/wp-json\/wp\/v2\/product"}],"about":[{"href":"https:\/\/roveyayinevi.com.tr\/index.php\/wp-json\/wp\/v2\/types\/product"}],"wp:attachment":[{"href":"https:\/\/roveyayinevi.com.tr\/index.php\/wp-json\/wp\/v2\/media?parent=715519"}],"wp:term":[{"taxonomy":"product_brand","embeddable":true,"href":"https:\/\/roveyayinevi.com.tr\/index.php\/wp-json\/wp\/v2\/product_brand?post=715519"},{"taxonomy":"product_cat","embeddable":true,"href":"https:\/\/roveyayinevi.com.tr\/index.php\/wp-json\/wp\/v2\/product_cat?post=715519"},{"taxonomy":"product_tag","embeddable":true,"href":"https:\/\/roveyayinevi.com.tr\/index.php\/wp-json\/wp\/v2\/product_tag?post=715519"}],"curies":[{"name":"wp","href":"https:\/\/api.w.org\/{rel}","templated":true}]}}