{"id":715496,"date":"2025-08-27T17:31:20","date_gmt":"2025-08-27T14:31:20","guid":{"rendered":"https:\/\/roveyayinevi.com.tr\/index.php\/urun\/irmagin-cinleri\/"},"modified":"2026-04-16T02:23:44","modified_gmt":"2026-04-15T23:23:44","slug":"irmagin-cinleri","status":"publish","type":"product","link":"https:\/\/roveyayinevi.com.tr\/index.php\/urun\/irmagin-cinleri\/","title":{"rendered":"Irma\u011f\u0131n Cinleri"},"content":{"rendered":"<p>28 dile \u00e7evrilen roman\u0131 \u00d6l\u00fc G\u00f6mme T\u00f6renleri ile b\u00fcy\u00fck bir uluslararas\u0131 \u00fcne kovu\u015fan Hannah Kent, edebiyat d\u00fcnyas\u0131na yapt\u0131\u011f\u0131 bu m\u00fckemmel ba\u015flang\u0131c\u0131n ard\u0131ndan ikinci eseriyle \u00e7\u0131k\u0131yor okur kar\u015f\u0131s\u0131na. Yine ger\u00e7ek hayattan ilhamla kurgulanm\u0131\u015f bir hik\u00e2ye ve okurun zihnine a\u011f\u0131r a\u011f\u0131r s\u0131zan, ac\u0131 bir dil, cesur bir anlat\u0131m.\u0130ki d\u00fcnya aras\u0131nda kadim bir kap\u0131 ve o kap\u0131y\u0131 bekleyen ya\u015fl\u0131 \u015fifac\u0131. A\u00e7l\u0131\u011f\u0131n kap\u0131da, medeniyetin ise hen\u00fcz \u0131rak oldu\u011fu 1800\u2019l\u00fc y\u0131llar, \u0130rlanda k\u0131rsal\u0131. Eski \u00e7a\u011flardan kalma inan\u0131\u015f ve \u00e2detlere g\u00f6re ya\u015fayan insanlar, korkular\u0131n\u0131n yaratt\u0131\u011f\u0131 bir ger\u00e7ekli\u011fe hapsolmu\u015ftur. E\u015fini kaybeden N\u00f3ra hasta torununa bakmakta b\u00fcy\u00fck g\u00fc\u00e7l\u00fck \u00e7ekmektedir. \u00c7areyi g\u00fcc\u00fcn\u00fc \u201conlardan\u201d alan \u015fifac\u0131 Nance\u2019te arar. N\u00f3ra, torununu iyile\u015ftirmek i\u00e7in g\u00f6sterece\u011fi c\u00fcretle delili\u011fin s\u0131n\u0131r\u0131n\u0131 a\u015far. Umutsuz \u015fartlarda, kendi g\u00fc\u00e7s\u00fczl\u00fcklerine bir siper gibi tutunmak zorunda kalanlar hakk\u0131nda ciddi ve zorlay\u0131c\u0131 bir roman. &#8211; The Guardian Sebebini kavrayamad\u0131\u011f\u0131n\u0131z \u015feylere inanmaya kalkarsan\u0131z ac\u0131 \u00e7ekersiniz. Kent\u2019in roman\u0131 bat\u0131l inan\u00e7lara g\u00f6re ya\u015faman\u0131n sonu\u00e7lar\u0131n\u0131 g\u00f6zler \u00f6n\u00fcne seriyor. &#8211; Kirkus Kent, al\u0131\u015f\u0131lm\u0131\u015f\u0131n d\u0131\u015f\u0131nda kalana, \u00f6zellikle de bir erke\u011fin korumas\u0131 alt\u0131nda olmayan kad\u0131nlara at\u0131lan \u015f\u00fcpheli bak\u0131\u015flarla dolu d\u00fcnyay\u0131 ustaca betimliyor. -Library Journal <\/p>\n","protected":false},"excerpt":{"rendered":"<p>28 dile \u00e7evrilen roman\u0131 \u00d6l\u00fc G\u00f6mme T\u00f6renleri ile b\u00fcy\u00fck bir uluslararas\u0131 \u00fcne kovu\u015fan Hannah Kent, edebiyat d\u00fcnyas\u0131na yapt\u0131\u011f\u0131 bu m\u00fckemmel ba\u015flang\u0131c\u0131n ard\u0131ndan ikinci eseriyle \u00e7\u0131k\u0131yor okur<span class=\"excerpt-hellip\"> [\u2026]<\/span><\/p>\n","protected":false},"featured_media":0,"template":"","meta":{"_monsterinsights_skip_tracking":false,"_monsterinsights_sitenote_active":false,"_monsterinsights_sitenote_note":"","_monsterinsights_sitenote_category":0},"product_brand":[],"product_cat":[12291,12711],"product_tag":[],"class_list":{"0":"post-715496","1":"product","2":"type-product","3":"status-publish","5":"product_cat-edebiyat","6":"product_cat-roman-oyku","7":"pa_cilt-ciltsiz","8":"pa_tur-kitap","9":"pa_yayinevi-yapi-kredi-yayinlari","10":"pa_yazar-hannah-kent","12":"first","13":"instock","14":"sale","15":"shipping-taxable","16":"purchasable","17":"product-type-simple"},"_links":{"self":[{"href":"https:\/\/roveyayinevi.com.tr\/index.php\/wp-json\/wp\/v2\/product\/715496","targetHints":{"allow":["GET"]}}],"collection":[{"href":"https:\/\/roveyayinevi.com.tr\/index.php\/wp-json\/wp\/v2\/product"}],"about":[{"href":"https:\/\/roveyayinevi.com.tr\/index.php\/wp-json\/wp\/v2\/types\/product"}],"wp:attachment":[{"href":"https:\/\/roveyayinevi.com.tr\/index.php\/wp-json\/wp\/v2\/media?parent=715496"}],"wp:term":[{"taxonomy":"product_brand","embeddable":true,"href":"https:\/\/roveyayinevi.com.tr\/index.php\/wp-json\/wp\/v2\/product_brand?post=715496"},{"taxonomy":"product_cat","embeddable":true,"href":"https:\/\/roveyayinevi.com.tr\/index.php\/wp-json\/wp\/v2\/product_cat?post=715496"},{"taxonomy":"product_tag","embeddable":true,"href":"https:\/\/roveyayinevi.com.tr\/index.php\/wp-json\/wp\/v2\/product_tag?post=715496"}],"curies":[{"name":"wp","href":"https:\/\/api.w.org\/{rel}","templated":true}]}}