{"id":715467,"date":"2025-08-27T17:31:00","date_gmt":"2025-08-27T14:31:00","guid":{"rendered":"https:\/\/roveyayinevi.com.tr\/index.php\/urun\/komunist-manifesto-fotografli-klasikler\/"},"modified":"2026-04-16T02:23:44","modified_gmt":"2026-04-15T23:23:44","slug":"komunist-manifesto-fotografli-klasikler","status":"publish","type":"product","link":"https:\/\/roveyayinevi.com.tr\/index.php\/urun\/komunist-manifesto-fotografli-klasikler\/","title":{"rendered":"Kom\u00fcnist Manifesto (Foto\u011frafl\u0131 Klasikler)"},"content":{"rendered":"<p>Karl Marx ve Friedrich Engels\u2019in Kom\u00fcnistler Birli\u011fi\u2019nin program\u0131 olarak kaleme ald\u0131klar\u0131 Kom\u00fcnist Manifesto, 1848 \u015eubat\u2019\u0131nda, t\u00fcm Avrupa\u2019n\u0131n devrimci ayaklanmalarla \u00e7alkaland\u0131\u011f\u0131 bir d\u00f6nemde, Londra\u2019n\u0131n k\u00fc\u00e7\u00fck bir bas\u0131mevinde bas\u0131ld\u0131. Bilimsel sosyalizmin kitlesel siyaset sahnesine \u00e7\u0131k\u0131\u015f\u0131n\u0131n ilk ciddi i\u015fareti olan Kom\u00fcnist Manifesto, yay\u0131mland\u0131\u011f\u0131 g\u00fcnden bu yana en \u00e7ok okunan ve en \u00e7ok tart\u0131\u015f\u0131lan toplumsal ve siyasal metinlerden biri olmakla kalmad\u0131, tarihteki b\u00fct\u00fcn sosyalist ve kom\u00fcnist partilerin programlar\u0131n\u0131n temelini olu\u015fturdu; d\u00fcnyan\u0131n ve milyonlarca insan\u0131n ya\u015fam\u0131n\u0131n de\u011fi\u015fmesinde belirleyici bir rol oynad\u0131. Modern \u00e7a\u011fda ba\u015fka hi\u00e7bir siyasal hareket, d\u00f6neminin toplumsal, ekonomik ve s\u0131n\u0131fsal ko\u015fullar\u0131n\u0131 kavray\u0131\u015f\u0131ndaki derinlik, \u00e7\u00f6z\u00fcmleyi\u015findeki g\u00f6z\u00fcpeklik ve \u00fcslubunun g\u00fcc\u00fc bak\u0131m\u0131ndan, Manifesto\u2019yla k\u0131yaslanabilecek bir metin ortaya \u00e7\u0131karamad\u0131. Bug\u00fcn Marksist hareketin temel belgesi ve devrimci bir klasik say\u0131lan Kom\u00fcnist Manifesto\u2019yu, Marx ve Engels\u2019in daha sonraki bas\u0131mlara yazd\u0131klar\u0131 \u00f6ns\u00f6zler e\u015fli\u011finde ve eserin T\u00fcrkiye ser\u00fcvenine \u0131\u015f\u0131k tutan bir \u00f6ns\u00f6zle sunuyoruz. T\u00fcrkiye&#8217;den 20 \u00e7a\u011fda\u015f foto\u011fraf\u00e7\u0131 Can Klasikleri\u2019nin bu \u00f6zel dizisi i\u00e7in 20 kitab\u0131n kapak foto\u011fraf\u0131n\u0131 \u00f6zg\u00fcn yorumlar\u0131yla haz\u0131rlad\u0131.  <\/p>\n","protected":false},"excerpt":{"rendered":"<p>Karl Marx ve Friedrich Engels\u2019in Kom\u00fcnistler Birli\u011fi\u2019nin program\u0131 olarak kaleme ald\u0131klar\u0131 Kom\u00fcnist Manifesto, 1848 \u015eubat\u2019\u0131nda, t\u00fcm Avrupa\u2019n\u0131n devrimci ayaklanmalarla \u00e7alkaland\u0131\u011f\u0131 bir d\u00f6nemde, Londra\u2019n\u0131n k\u00fc\u00e7\u00fck bir bas\u0131mevinde<span class=\"excerpt-hellip\"> [\u2026]<\/span><\/p>\n","protected":false},"featured_media":0,"template":"","meta":{"_monsterinsights_skip_tracking":false,"_monsterinsights_sitenote_active":false,"_monsterinsights_sitenote_note":"","_monsterinsights_sitenote_category":0},"product_brand":[],"product_cat":[12337,16547],"product_tag":[],"class_list":{"0":"post-715467","1":"product","2":"type-product","3":"status-publish","5":"product_cat-politika-siyaset","6":"product_cat-sol-hareketler","7":"pa_cilt-ciltsiz","8":"pa_tur-kitap","9":"pa_yayinevi-can-yayinlari","10":"pa_yazar-karl-marx-friedrich-engels","12":"first","13":"instock","14":"sale","15":"shipping-taxable","16":"purchasable","17":"product-type-simple"},"_links":{"self":[{"href":"https:\/\/roveyayinevi.com.tr\/index.php\/wp-json\/wp\/v2\/product\/715467","targetHints":{"allow":["GET"]}}],"collection":[{"href":"https:\/\/roveyayinevi.com.tr\/index.php\/wp-json\/wp\/v2\/product"}],"about":[{"href":"https:\/\/roveyayinevi.com.tr\/index.php\/wp-json\/wp\/v2\/types\/product"}],"wp:attachment":[{"href":"https:\/\/roveyayinevi.com.tr\/index.php\/wp-json\/wp\/v2\/media?parent=715467"}],"wp:term":[{"taxonomy":"product_brand","embeddable":true,"href":"https:\/\/roveyayinevi.com.tr\/index.php\/wp-json\/wp\/v2\/product_brand?post=715467"},{"taxonomy":"product_cat","embeddable":true,"href":"https:\/\/roveyayinevi.com.tr\/index.php\/wp-json\/wp\/v2\/product_cat?post=715467"},{"taxonomy":"product_tag","embeddable":true,"href":"https:\/\/roveyayinevi.com.tr\/index.php\/wp-json\/wp\/v2\/product_tag?post=715467"}],"curies":[{"name":"wp","href":"https:\/\/api.w.org\/{rel}","templated":true}]}}