{"id":715454,"date":"2025-08-27T17:30:51","date_gmt":"2025-08-27T14:30:51","guid":{"rendered":"https:\/\/roveyayinevi.com.tr\/index.php\/urun\/feminist-utopya-projesi\/"},"modified":"2026-04-16T02:23:44","modified_gmt":"2026-04-15T23:23:44","slug":"feminist-utopya-projesi","status":"publish","type":"product","link":"https:\/\/roveyayinevi.com.tr\/index.php\/urun\/feminist-utopya-projesi\/","title":{"rendered":"Feminist \u00dctopya Projesi"},"content":{"rendered":"<p>De\u011fi\u015fime olan inan\u00e7s\u0131zl\u0131k d\u00fcnyan\u0131n sonunun eli kula\u011f\u0131nda oldu\u011funa inan\u0131lmas\u0131na, t\u00fcrl\u00fc t\u00fcrl\u00fc distopyalar\u0131n kurgulanmas\u0131na zemin haz\u0131rl\u0131yor. Kad\u0131nlar\u0131n \u00e7e\u015fitli bi\u00e7imlerde anbean maruz kald\u0131\u011f\u0131 \u015fiddet bir\u00e7oklar\u0131nca kan\u0131ksan\u0131p ola\u011fanla\u015ft\u0131r\u0131l\u0131rken, kad\u0131n \u00f6zg\u00fcrle\u015fmesinin siyasi ifadesi olan ucu a\u00e7\u0131k bir tasar\u0131 olarak feminizmin sesleri de \u00e7e\u015fitli mecralarda tektiple\u015ftirilerek itibars\u0131zla\u015ft\u0131r\u0131l\u0131yor. Fakat kad\u0131nlar direnip m\u00fccadele etmeye, ba\u015fka bir d\u00fcnyan\u0131n hayalini kurmaya devam ediyorlar. Alexandra Brodsky ve Rachel Kauder Nalebuff\u2019\u0131n bu do\u011frultuda edit\u00f6rl\u00fc\u011f\u00fcn\u00fc yapt\u0131\u011f\u0131 Feminist \u00dctopya Projesi: Daha \u0130yi Bir Gelecek \u0130\u00e7in Elli Yedi Tahayy\u00fcl\u2019de i\u015fte bu t\u00fcrden hayaller boy veriyor ve yenilik\u00e7i g\u00f6r\u00fc\u015fler, kesif karamsarl\u0131\u011fa inat, bamba\u015fka bir d\u00fcnyaya giden yolun ta\u015flar\u0131n\u0131 sebatla ve ne\u015feyle d\u00f6\u015femeye giri\u015fiyor. Makalelerden denemelere, \u015fiirlerden \u00f6yk\u00fclere, \u00e7izimlerden s\u00f6yle\u015filere uzanan bi\u00e7imsel \u00e7e\u015fitlili\u011fiyle, istedi\u011finiz k\u0131s\u0131mdan okuman\u0131za olanak tan\u0131yan yap\u0131s\u0131yla, toplu halde \u00e2deta bir tak\u0131my\u0131ld\u0131z\u0131 izlenimi veren fikirlerinin zenginli\u011fiyle bu derleme kitap, okurlar\u0131n\u0131 kendi feminist tahayy\u00fcllerini olu\u015fturmaya da k\u0131\u015fk\u0131rt\u0131yor. Ad\u0131na yara\u015f\u0131r bi\u00e7imde feminist olan bir toplumda sanat, cinsellik, \u00e7al\u0131\u015fma hayat\u0131, e\u011fitim, moda, dil, mutfak, spor, t\u0131p, hukuk, sinema ve ili\u015fkiler neye benzerdi? Feminist \u00dctopya Projesi stat\u00fckoya kafa tutuyor, olumlay\u0131c\u0131 vizyonlar\u0131 ortaya koyuyor ve bizi yepyeni bir gelece\u011fi hep birlikte, \u015fimdi ve burada kurmaya davet ediyor. Bu kitap, feminist muhayyile sayesinde nas\u0131l daha feminist bir ger\u00e7ekli\u011fin sa\u011flanabilece\u011fine kafa yoranlar aras\u0131nda elden ele gezecek.\u201d LIBRARY JOURNAL \u201cFeminist \u00dctopya Projesi kendi \u00fctopyas\u0131n\u0131 hayata ge\u00e7iriyor: En g\u00fcncel feminist bak\u0131\u015flarda, insan deneyimi ile kurumsal siyaset ve kamusal hayat i\u00e7 i\u00e7e ge\u00e7iyor. Bu \u00e7al\u0131\u015fma hayal kurman\u0131n ve eylemenin yeni yollar\u0131n\u0131 g\u00f6zler \u00f6n\u00fcne seriyor.\u201d <\/p>\n","protected":false},"excerpt":{"rendered":"<p>De\u011fi\u015fime olan inan\u00e7s\u0131zl\u0131k d\u00fcnyan\u0131n sonunun eli kula\u011f\u0131nda oldu\u011funa inan\u0131lmas\u0131na, t\u00fcrl\u00fc t\u00fcrl\u00fc distopyalar\u0131n kurgulanmas\u0131na zemin haz\u0131rl\u0131yor. Kad\u0131nlar\u0131n \u00e7e\u015fitli bi\u00e7imlerde anbean maruz kald\u0131\u011f\u0131 \u015fiddet bir\u00e7oklar\u0131nca kan\u0131ksan\u0131p ola\u011fanla\u015ft\u0131r\u0131l\u0131rken, kad\u0131n<span class=\"excerpt-hellip\"> [\u2026]<\/span><\/p>\n","protected":false},"featured_media":0,"template":"","meta":{"_monsterinsights_skip_tracking":false,"_monsterinsights_sitenote_active":false,"_monsterinsights_sitenote_note":"","_monsterinsights_sitenote_category":0},"product_brand":[],"product_cat":[14741,13488],"product_tag":[],"class_list":{"0":"post-715454","1":"product","2":"type-product","3":"status-publish","5":"product_cat-kadin-sorunlari-feminizm","6":"product_cat-toplum-ve-insan","7":"pa_cilt-ciltsiz","8":"pa_tur-kitap","9":"pa_yayinevi-ithaki-yayinlari","10":"pa_yazar-alexandra-brodsky-rachel-kauder-nalebuff","12":"first","13":"instock","14":"sale","15":"shipping-taxable","16":"purchasable","17":"product-type-simple"},"_links":{"self":[{"href":"https:\/\/roveyayinevi.com.tr\/index.php\/wp-json\/wp\/v2\/product\/715454","targetHints":{"allow":["GET"]}}],"collection":[{"href":"https:\/\/roveyayinevi.com.tr\/index.php\/wp-json\/wp\/v2\/product"}],"about":[{"href":"https:\/\/roveyayinevi.com.tr\/index.php\/wp-json\/wp\/v2\/types\/product"}],"wp:attachment":[{"href":"https:\/\/roveyayinevi.com.tr\/index.php\/wp-json\/wp\/v2\/media?parent=715454"}],"wp:term":[{"taxonomy":"product_brand","embeddable":true,"href":"https:\/\/roveyayinevi.com.tr\/index.php\/wp-json\/wp\/v2\/product_brand?post=715454"},{"taxonomy":"product_cat","embeddable":true,"href":"https:\/\/roveyayinevi.com.tr\/index.php\/wp-json\/wp\/v2\/product_cat?post=715454"},{"taxonomy":"product_tag","embeddable":true,"href":"https:\/\/roveyayinevi.com.tr\/index.php\/wp-json\/wp\/v2\/product_tag?post=715454"}],"curies":[{"name":"wp","href":"https:\/\/api.w.org\/{rel}","templated":true}]}}