{"id":715449,"date":"2025-08-27T17:30:48","date_gmt":"2025-08-27T14:30:48","guid":{"rendered":"https:\/\/roveyayinevi.com.tr\/index.php\/urun\/mezarlariniza-tukurecegim\/"},"modified":"2026-04-16T02:23:43","modified_gmt":"2026-04-15T23:23:43","slug":"mezarlariniza-tukurecegim","status":"publish","type":"product","link":"https:\/\/roveyayinevi.com.tr\/index.php\/urun\/mezarlariniza-tukurecegim\/","title":{"rendered":"Mezarlar\u0131n\u0131za T\u00fck\u00fcrece\u011fim"},"content":{"rendered":"<p>Otuz dokuz y\u0131ll\u0131k renkli ve verimli ya\u015fam\u0131 boyunca romanlar, \u015fiirler, \u015fark\u0131 s\u00f6zleri yazan, trompetten ve cazdan vazge\u00e7meyen, oyunculuk, \u015fark\u0131c\u0131l\u0131k, mucitlikten de geri kalmayan ve do\u011fal bir oyunbozan olan Boris Vian\u2019\u0131n meslek hayat\u0131nda Frans\u0131z Standartlar\u0131 Enstit\u00fcs\u00fc\u2019n\u00fc se\u00e7mi\u015f olmas\u0131 belki de sanat d\u00fcnyas\u0131n\u0131n en parlak ironilerinden biridir. D\u00f6nemin di\u011fer baz\u0131 isimleri gibi do\u011fa\u00e7lama ya\u015fay\u0131p eser veren Vian bug\u00fcn as\u0131l olarak yazar kimli\u011fiyle ve antimilitarist bak\u0131\u015f a\u00e7\u0131s\u0131yla tan\u0131n\u0131yor. Vernon Sullivan m\u00fcstear\u0131yla kaleme al\u0131nan ve bir \u201cbeyaz zenci\u201dnin intikam \u00f6yk\u00fcs\u00fcn\u00fc anlatan Mezarlar\u0131n\u0131za T\u00fck\u00fcrece\u011fim, hakk\u0131nda net bir yoruma var\u0131lmas\u0131 zor, a\u00e7\u0131k u\u00e7lu yap\u0131tlardan biri. \u015eiddet ve erotizm duvar\u0131n\u0131 a\u015farak bir rehabilitasyon, bir katharsis ya\u015famak m\u00fcmk\u00fcn m\u00fc?  \u201cHer \u015fey\u201di g\u00f6r\u00fcp tan\u0131k oldu\u011fu i\u00e7in bir omuz silkme refleksi geli\u015ftirmi\u015f olan g\u00fcn\u00fcm\u00fcz insan\u0131 bu soruya ne yan\u0131t verirse versin, kitaptan uyarlanan filmin galas\u0131nda hayal k\u0131r\u0131kl\u0131\u011f\u0131na kap\u0131larak kalp krizinden \u00f6len Vian\u2019\u0131n yap\u0131t\u0131na sahip \u00e7\u0131kt\u0131\u011f\u0131 ortada. \u201cMezarlar\u0131n\u0131za T\u00fck\u00fcrece\u011fim me\u015fhur Amerikan pulp\u2019\u0131yla Frans\u0131z sado-erotizminin hararetli bir birle\u015fimi.\u201d \u2014The Guardian \u201cBoris Vian e\u015fi benzeri olmayan bir yazar.\u201d \u2014James SallIs <\/p>\n","protected":false},"excerpt":{"rendered":"<p>Otuz dokuz y\u0131ll\u0131k renkli ve verimli ya\u015fam\u0131 boyunca romanlar, \u015fiirler, \u015fark\u0131 s\u00f6zleri yazan, trompetten ve cazdan vazge\u00e7meyen, oyunculuk, \u015fark\u0131c\u0131l\u0131k, mucitlikten de geri kalmayan ve do\u011fal bir<span class=\"excerpt-hellip\"> [\u2026]<\/span><\/p>\n","protected":false},"featured_media":0,"template":"","meta":{"_monsterinsights_skip_tracking":false,"_monsterinsights_sitenote_active":false,"_monsterinsights_sitenote_note":"","_monsterinsights_sitenote_category":0},"product_brand":[],"product_cat":[12291,12711],"product_tag":[],"class_list":{"0":"post-715449","1":"product","2":"type-product","3":"status-publish","5":"product_cat-edebiyat","6":"product_cat-roman-oyku","7":"pa_cilt-ciltsiz","8":"pa_tur-kitap","9":"pa_yayinevi-ithaki-yayinlari","10":"pa_yazar-boris-vian","12":"first","13":"instock","14":"sale","15":"shipping-taxable","16":"purchasable","17":"product-type-simple"},"_links":{"self":[{"href":"https:\/\/roveyayinevi.com.tr\/index.php\/wp-json\/wp\/v2\/product\/715449","targetHints":{"allow":["GET"]}}],"collection":[{"href":"https:\/\/roveyayinevi.com.tr\/index.php\/wp-json\/wp\/v2\/product"}],"about":[{"href":"https:\/\/roveyayinevi.com.tr\/index.php\/wp-json\/wp\/v2\/types\/product"}],"wp:attachment":[{"href":"https:\/\/roveyayinevi.com.tr\/index.php\/wp-json\/wp\/v2\/media?parent=715449"}],"wp:term":[{"taxonomy":"product_brand","embeddable":true,"href":"https:\/\/roveyayinevi.com.tr\/index.php\/wp-json\/wp\/v2\/product_brand?post=715449"},{"taxonomy":"product_cat","embeddable":true,"href":"https:\/\/roveyayinevi.com.tr\/index.php\/wp-json\/wp\/v2\/product_cat?post=715449"},{"taxonomy":"product_tag","embeddable":true,"href":"https:\/\/roveyayinevi.com.tr\/index.php\/wp-json\/wp\/v2\/product_tag?post=715449"}],"curies":[{"name":"wp","href":"https:\/\/api.w.org\/{rel}","templated":true}]}}