{"id":715444,"date":"2025-08-27T17:30:44","date_gmt":"2025-08-27T14:30:44","guid":{"rendered":"https:\/\/roveyayinevi.com.tr\/index.php\/urun\/seksen-gunde-devrialem-3\/"},"modified":"2025-12-30T10:17:02","modified_gmt":"2025-12-30T07:17:02","slug":"seksen-gunde-devrialem-3","status":"publish","type":"product","link":"https:\/\/roveyayinevi.com.tr\/index.php\/urun\/seksen-gunde-devrialem-3\/","title":{"rendered":"Seksen G\u00fcnde Devrialem"},"content":{"rendered":"<p>Seksen G\u00fcnde Devri\u00e2lem, d\u00fcnya edebiyat\u0131n\u0131n en ilgi \u00e7ekici karakterlerinden Phileas Fogg\u2019un macera dolu yolculu\u011funu anlat\u0131yor. U\u00e7a\u011f\u0131n hen\u00fcz icat edilmedi\u011fi y\u0131llar\u2026 K\u0131s\u0131tl\u0131 ula\u015f\u0131m ko\u015fullar\u0131, yolcular\u0131 bekleyen tehlikeler\u2026 Buna ra\u011fmen d\u00fcnyan\u0131n etraf\u0131n\u0131 seksen g\u00fcnde d\u00f6nebilece\u011fini iddia eden, dahas\u0131 b\u00fct\u00fcn servetini bu iddiaya yat\u0131ran bir adam\u2026 Seferlerin herhangi birinde ya\u015fanabilecek en k\u00fc\u00e7\u00fck bir gecikmenin her \u015feyi alt \u00fcst edece\u011fi zamana kar\u015f\u0131 bu yar\u0131\u015f\u0131 kazanabilecek mi? Phileas Fogg, u\u015fa\u011f\u0131 Passepartout\u2019yla birlikte k\u00e2h f\u0131rt\u0131nalarla bo\u011fu\u015fan buharl\u0131 gemilerde, k\u00e2h birbirine ba\u011flanmayan demiryolu hatlar\u0131nda maceradan maceraya at\u0131l\u0131yor.<\/p>\n","protected":false},"excerpt":{"rendered":"<p>Seksen G\u00fcnde Devri\u00e2lem, d\u00fcnya edebiyat\u0131n\u0131n en ilgi \u00e7ekici karakterlerinden Phileas Fogg\u2019un macera dolu yolculu\u011funu anlat\u0131yor. U\u00e7a\u011f\u0131n hen\u00fcz icat edilmedi\u011fi y\u0131llar\u2026 K\u0131s\u0131tl\u0131 ula\u015f\u0131m ko\u015fullar\u0131, yolcular\u0131 bekleyen tehlikeler\u2026<span class=\"excerpt-hellip\"> [\u2026]<\/span><\/p>\n","protected":false},"featured_media":0,"template":"","meta":{"_monsterinsights_skip_tracking":false,"_monsterinsights_sitenote_active":false,"_monsterinsights_sitenote_note":"","_monsterinsights_sitenote_category":0},"product_brand":[],"product_cat":[12274,12467],"product_tag":[],"class_list":{"0":"post-715444","1":"product","2":"type-product","3":"status-publish","5":"product_cat-cocuk-ve-genclik-kitaplari","6":"product_cat-dunya-klasikleri","7":"pa_cilt-ciltsiz","8":"pa_tur-kitap","9":"pa_yayinevi-iletisim-yayinlari","10":"pa_yazar-jules-verne","12":"first","13":"instock","14":"sale","15":"shipping-taxable","16":"purchasable","17":"product-type-simple"},"_links":{"self":[{"href":"https:\/\/roveyayinevi.com.tr\/index.php\/wp-json\/wp\/v2\/product\/715444","targetHints":{"allow":["GET"]}}],"collection":[{"href":"https:\/\/roveyayinevi.com.tr\/index.php\/wp-json\/wp\/v2\/product"}],"about":[{"href":"https:\/\/roveyayinevi.com.tr\/index.php\/wp-json\/wp\/v2\/types\/product"}],"wp:attachment":[{"href":"https:\/\/roveyayinevi.com.tr\/index.php\/wp-json\/wp\/v2\/media?parent=715444"}],"wp:term":[{"taxonomy":"product_brand","embeddable":true,"href":"https:\/\/roveyayinevi.com.tr\/index.php\/wp-json\/wp\/v2\/product_brand?post=715444"},{"taxonomy":"product_cat","embeddable":true,"href":"https:\/\/roveyayinevi.com.tr\/index.php\/wp-json\/wp\/v2\/product_cat?post=715444"},{"taxonomy":"product_tag","embeddable":true,"href":"https:\/\/roveyayinevi.com.tr\/index.php\/wp-json\/wp\/v2\/product_tag?post=715444"}],"curies":[{"name":"wp","href":"https:\/\/api.w.org\/{rel}","templated":true}]}}