{"id":715430,"date":"2025-08-27T17:30:28","date_gmt":"2025-08-27T14:30:28","guid":{"rendered":"https:\/\/roveyayinevi.com.tr\/index.php\/urun\/0101-bugun-adimi-sen-koy\/"},"modified":"2026-04-16T02:23:43","modified_gmt":"2026-04-15T23:23:43","slug":"0101-bugun-adimi-sen-koy","status":"publish","type":"product","link":"https:\/\/roveyayinevi.com.tr\/index.php\/urun\/0101-bugun-adimi-sen-koy\/","title":{"rendered":"01:01 Bug\u00fcn Ad\u0131m\u0131 Sen Koy"},"content":{"rendered":"<p>Zaman\u0131n han\u00e7eri, bo\u011fazlar\u0131na dayanm\u0131\u015f h\u00e2ldeydi. K\u00f6stekli saat, onlar i\u00e7in geri say\u0131ma \u00e7oktan ba\u015flam\u0131\u015ft\u0131. K\u0131z hayat doluydu say\u0131l\u0131 kalan g\u00fcnlerine ra\u011fmen\u2026 \u00c7ocuk, ya\u015fama dair umudunu kaybedeli \u00e7ok olmu\u015ftu. Zaman\u0131n i\u00e7ine s\u0131\u011fmad\u0131lar. Adam\u0131n hat\u0131rlayamad\u0131\u011f\u0131 ge\u00e7mi\u015fi, k\u0131z\u0131n hayalini dahi kuramayaca\u011f\u0131 gelece\u011fi bir k\u00f6pr\u00fcde bulu\u015ftu. Kar\u015f\u0131 kar\u015f\u0131ya geldiler. Kendi zincirlerini ke\u015ffederken bir anahtar aray\u0131\u015f\u0131 i\u00e7inde birbirlerinde kayboldular. \u00d6l\u00fcme \u00e7eyrek kala, her g\u00fcn yeni bir isim alarak Azrail\u2019e kafa tutan pembe balyozlu bir k\u0131z\u0131n romantik, buruk ve e\u011flenceli sonsuzlu\u011fu ke\u015ffi\u2026 <\/p>\n","protected":false},"excerpt":{"rendered":"<p>Zaman\u0131n han\u00e7eri, bo\u011fazlar\u0131na dayanm\u0131\u015f h\u00e2ldeydi. K\u00f6stekli saat, onlar i\u00e7in geri say\u0131ma \u00e7oktan ba\u015flam\u0131\u015ft\u0131. K\u0131z hayat doluydu say\u0131l\u0131 kalan g\u00fcnlerine ra\u011fmen\u2026 \u00c7ocuk, ya\u015fama dair umudunu kaybedeli \u00e7ok<span class=\"excerpt-hellip\"> [\u2026]<\/span><\/p>\n","protected":false},"featured_media":0,"template":"","meta":{"_monsterinsights_skip_tracking":false,"_monsterinsights_sitenote_active":false,"_monsterinsights_sitenote_note":"","_monsterinsights_sitenote_category":0},"product_brand":[],"product_cat":[14643,12291],"product_tag":[],"class_list":{"0":"post-715430","1":"product","2":"type-product","3":"status-publish","5":"product_cat-ask","6":"product_cat-edebiyat","7":"pa_cilt-ciltsiz","8":"pa_tur-kitap","9":"pa_yayinevi-ephesus-yayinlari","10":"pa_yazar-n-g-kabal","12":"first","13":"instock","14":"sale","15":"shipping-taxable","16":"purchasable","17":"product-type-simple"},"_links":{"self":[{"href":"https:\/\/roveyayinevi.com.tr\/index.php\/wp-json\/wp\/v2\/product\/715430","targetHints":{"allow":["GET"]}}],"collection":[{"href":"https:\/\/roveyayinevi.com.tr\/index.php\/wp-json\/wp\/v2\/product"}],"about":[{"href":"https:\/\/roveyayinevi.com.tr\/index.php\/wp-json\/wp\/v2\/types\/product"}],"wp:attachment":[{"href":"https:\/\/roveyayinevi.com.tr\/index.php\/wp-json\/wp\/v2\/media?parent=715430"}],"wp:term":[{"taxonomy":"product_brand","embeddable":true,"href":"https:\/\/roveyayinevi.com.tr\/index.php\/wp-json\/wp\/v2\/product_brand?post=715430"},{"taxonomy":"product_cat","embeddable":true,"href":"https:\/\/roveyayinevi.com.tr\/index.php\/wp-json\/wp\/v2\/product_cat?post=715430"},{"taxonomy":"product_tag","embeddable":true,"href":"https:\/\/roveyayinevi.com.tr\/index.php\/wp-json\/wp\/v2\/product_tag?post=715430"}],"curies":[{"name":"wp","href":"https:\/\/api.w.org\/{rel}","templated":true}]}}