{"id":715429,"date":"2025-08-27T17:30:27","date_gmt":"2025-08-27T14:30:27","guid":{"rendered":"https:\/\/roveyayinevi.com.tr\/index.php\/urun\/duslerim\/"},"modified":"2026-04-16T02:23:43","modified_gmt":"2026-04-15T23:23:43","slug":"duslerim","status":"publish","type":"product","link":"https:\/\/roveyayinevi.com.tr\/index.php\/urun\/duslerim\/","title":{"rendered":"D\u00fc\u015flerim"},"content":{"rendered":"<p>\u201cSevgili okurlar, \u015eiir kitab\u0131mda yer verdi\u011fim duygular, hayat\u0131m\u0131n i\u00e7inden gelen samimi itiraflar. Do\u011frular\u0131m\u0131n y\u00fcre\u011finden kopan s\u00f6zler ve anlam i\u00e7erikli duygular. \u015eiirlerimin ilham\u0131, hayat\u0131m\u0131n hik\u00e2yesinden geliyor. Her biri ayr\u0131 bir anlam, ayr\u0131 bir ifade i\u00e7eriyor, ve yine birbirine ba\u011fl\u0131 ayn\u0131 hik\u00e2yenin karakterlerini ele al\u0131yor. \u015eiirlerime ba\u015flarken sadece hayat\u0131 anlamay\u0131 ve ifade etmeyi d\u00fc\u015f\u00fcnd\u00fcm. Do\u011fru oldu\u011funa inand\u0131\u011f\u0131m [\u2026]<\/p>\n","protected":false},"excerpt":{"rendered":"<p>\u201cSevgili okurlar, \u015eiir kitab\u0131mda yer verdi\u011fim duygular, hayat\u0131m\u0131n i\u00e7inden gelen samimi itiraflar. Do\u011frular\u0131m\u0131n y\u00fcre\u011finden kopan s\u00f6zler ve anlam i\u00e7erikli duygular. \u015eiirlerimin ilham\u0131, hayat\u0131m\u0131n hik\u00e2yesinden geliyor. Her<span class=\"excerpt-hellip\"> [\u2026]<\/span><\/p>\n","protected":false},"featured_media":0,"template":"","meta":{"_monsterinsights_skip_tracking":false,"_monsterinsights_sitenote_active":false,"_monsterinsights_sitenote_note":"","_monsterinsights_sitenote_category":0},"product_brand":[],"product_cat":[12291,12509],"product_tag":[],"class_list":{"0":"post-715429","1":"product","2":"type-product","3":"status-publish","5":"product_cat-edebiyat","6":"product_cat-siir","7":"pa_cilt-ciltsiz","8":"pa_tur-kitap","9":"pa_yayinevi-kitap-saati-yayinevi","10":"pa_yazar-ozlem-gumus","12":"first","13":"instock","14":"sale","15":"shipping-taxable","16":"purchasable","17":"product-type-simple"},"_links":{"self":[{"href":"https:\/\/roveyayinevi.com.tr\/index.php\/wp-json\/wp\/v2\/product\/715429","targetHints":{"allow":["GET"]}}],"collection":[{"href":"https:\/\/roveyayinevi.com.tr\/index.php\/wp-json\/wp\/v2\/product"}],"about":[{"href":"https:\/\/roveyayinevi.com.tr\/index.php\/wp-json\/wp\/v2\/types\/product"}],"wp:attachment":[{"href":"https:\/\/roveyayinevi.com.tr\/index.php\/wp-json\/wp\/v2\/media?parent=715429"}],"wp:term":[{"taxonomy":"product_brand","embeddable":true,"href":"https:\/\/roveyayinevi.com.tr\/index.php\/wp-json\/wp\/v2\/product_brand?post=715429"},{"taxonomy":"product_cat","embeddable":true,"href":"https:\/\/roveyayinevi.com.tr\/index.php\/wp-json\/wp\/v2\/product_cat?post=715429"},{"taxonomy":"product_tag","embeddable":true,"href":"https:\/\/roveyayinevi.com.tr\/index.php\/wp-json\/wp\/v2\/product_tag?post=715429"}],"curies":[{"name":"wp","href":"https:\/\/api.w.org\/{rel}","templated":true}]}}