{"id":715423,"date":"2025-08-27T17:30:23","date_gmt":"2025-08-27T14:30:23","guid":{"rendered":"https:\/\/roveyayinevi.com.tr\/index.php\/urun\/disi-kucuk-ici-buyuk\/"},"modified":"2026-04-16T02:23:43","modified_gmt":"2026-04-15T23:23:43","slug":"disi-kucuk-ici-buyuk","status":"publish","type":"product","link":"https:\/\/roveyayinevi.com.tr\/index.php\/urun\/disi-kucuk-ici-buyuk\/","title":{"rendered":"D\u0131\u015f\u0131 K\u00fc\u00e7\u00fck \u0130\u00e7i B\u00fcy\u00fck"},"content":{"rendered":"<p>K\u00fc\u00e7\u00fck bir kutunun i\u00e7inden ne \u00e7\u0131kabilir ki? \u015e\u00f6yle kocamannnn&#8230;. Bu soruyla ba\u015fl\u0131yor kitab\u0131m\u0131z. Okur bir taraftan soruya verilebilecek farkl\u0131 yan\u0131tlar\u0131 d\u00fc\u015f\u00fcn\u00fcrken bir taraftan da kitaptaki kahraman\u0131n s\u0131rad\u0131\u015f\u0131 yan\u0131tlar\u0131n\u0131 \u00f6\u011freniyor. Okul \u00f6ncesi d\u00f6nemdeki \u00e7ocuklar\u0131n d\u00fc\u015f evrenini zenginle\u015ftiren, onlar\u0131 d\u00fc\u015f\u00fcnmeye y\u00f6nelten, ilk felsefe kitab\u0131 olmaya aday bir kitap \u201cD\u0131\u015f\u0131 K\u00fc\u00e7\u00fck \u0130\u00e7i B\u00fcy\u00fck\u201d. <\/p>\n","protected":false},"excerpt":{"rendered":"<p>K\u00fc\u00e7\u00fck bir kutunun i\u00e7inden ne \u00e7\u0131kabilir ki? \u015e\u00f6yle kocamannnn&#8230;. Bu soruyla ba\u015fl\u0131yor kitab\u0131m\u0131z. Okur bir taraftan soruya verilebilecek farkl\u0131 yan\u0131tlar\u0131 d\u00fc\u015f\u00fcn\u00fcrken bir taraftan da kitaptaki kahraman\u0131n<span class=\"excerpt-hellip\"> [\u2026]<\/span><\/p>\n","protected":false},"featured_media":0,"template":"","meta":{"_monsterinsights_skip_tracking":false,"_monsterinsights_sitenote_active":false,"_monsterinsights_sitenote_note":"","_monsterinsights_sitenote_category":0},"product_brand":[],"product_cat":[12274,12284],"product_tag":[],"class_list":{"0":"post-715423","1":"product","2":"type-product","3":"status-publish","5":"product_cat-cocuk-ve-genclik-kitaplari","6":"product_cat-hikayeler","7":"pa_cilt-ciltsiz","8":"pa_tur-kitap","9":"pa_yayinevi-kok-yayinevi","10":"pa_yazar-mehtap-temiz","12":"first","13":"instock","14":"sale","15":"shipping-taxable","16":"purchasable","17":"product-type-simple"},"_links":{"self":[{"href":"https:\/\/roveyayinevi.com.tr\/index.php\/wp-json\/wp\/v2\/product\/715423","targetHints":{"allow":["GET"]}}],"collection":[{"href":"https:\/\/roveyayinevi.com.tr\/index.php\/wp-json\/wp\/v2\/product"}],"about":[{"href":"https:\/\/roveyayinevi.com.tr\/index.php\/wp-json\/wp\/v2\/types\/product"}],"wp:attachment":[{"href":"https:\/\/roveyayinevi.com.tr\/index.php\/wp-json\/wp\/v2\/media?parent=715423"}],"wp:term":[{"taxonomy":"product_brand","embeddable":true,"href":"https:\/\/roveyayinevi.com.tr\/index.php\/wp-json\/wp\/v2\/product_brand?post=715423"},{"taxonomy":"product_cat","embeddable":true,"href":"https:\/\/roveyayinevi.com.tr\/index.php\/wp-json\/wp\/v2\/product_cat?post=715423"},{"taxonomy":"product_tag","embeddable":true,"href":"https:\/\/roveyayinevi.com.tr\/index.php\/wp-json\/wp\/v2\/product_tag?post=715423"}],"curies":[{"name":"wp","href":"https:\/\/api.w.org\/{rel}","templated":true}]}}