{"id":715412,"date":"2025-08-27T17:30:16","date_gmt":"2025-08-27T14:30:16","guid":{"rendered":"https:\/\/roveyayinevi.com.tr\/index.php\/urun\/ahsap-evin-cocuklari\/"},"modified":"2026-04-16T02:23:43","modified_gmt":"2026-04-15T23:23:43","slug":"ahsap-evin-cocuklari","status":"publish","type":"product","link":"https:\/\/roveyayinevi.com.tr\/index.php\/urun\/ahsap-evin-cocuklari\/","title":{"rendered":"Ah\u015fap Evin \u00c7ocuklar\u0131"},"content":{"rendered":"<p>\u00c7o\u011fu evler, sokaklar, kentler birbirine benzemez, ama d\u00fcnyan\u0131n neresine giderseniz gidin, \u00e7ocuklar birbirine benzer. G\u00fcl\u00fc\u015fleri, a\u011flay\u0131\u015flar\u0131, dostluklar\u0131, arkada\u015fl\u0131klar\u0131, kavgalar\u0131, ufac\u0131k \u015feylerden birbirlerine k\u00fcsmeleri, g\u00f6zya\u015flar\u0131 i\u00e7inde g\u00fcl\u00fcmseyerek \u00e7abucak bar\u0131\u015fmalar\u0131&#8230; Ne\u015feli kahkahalar\u0131, \u015fakalar\u0131, oyundan ald\u0131klar\u0131 zevk benzer birbirine&#8230; O y\u00fczden, ah\u015fap evde ya\u015fayan \u00e7ocuklar size tan\u0131d\u0131k gelecek. Ah\u015fap Evin \u00c7ocuklar\u0131\u2019nda; Zeliha, Zeynep, Umut, Asiye, Okan ve \u00f6teki \u00e7ocuklar\u0131n birbirinden e\u011flenceli ve heyecanl\u0131 \u00f6yk\u00fcleri anlat\u0131l\u0131yor. Onlar\u0131n \u00f6yk\u00fclerinde; kendi k\u00fc\u00e7\u00fck yaramazl\u0131klar\u0131n\u0131z\u0131, korkular\u0131n\u0131z\u0131, sevin\u00e7lerinizi, umutlar\u0131n\u0131z\u0131 bulacaks\u0131n\u0131z. Kim bilir, belki de anlat\u0131lanlar sizin \u00f6yk\u00fclerinizdir. \u00c7ocuklu\u011fun d\u00fc\u015f dolu g\u00fczel g\u00fcnlerini, bu \u00f6yk\u00fclerde yeniden ya\u015famaya ne dersiniz? <\/p>\n","protected":false},"excerpt":{"rendered":"<p>\u00c7o\u011fu evler, sokaklar, kentler birbirine benzemez, ama d\u00fcnyan\u0131n neresine giderseniz gidin, \u00e7ocuklar birbirine benzer. G\u00fcl\u00fc\u015fleri, a\u011flay\u0131\u015flar\u0131, dostluklar\u0131, arkada\u015fl\u0131klar\u0131, kavgalar\u0131, ufac\u0131k \u015feylerden birbirlerine k\u00fcsmeleri, g\u00f6zya\u015flar\u0131 i\u00e7inde g\u00fcl\u00fcmseyerek<span class=\"excerpt-hellip\"> [\u2026]<\/span><\/p>\n","protected":false},"featured_media":0,"template":"","meta":{"_monsterinsights_skip_tracking":false,"_monsterinsights_sitenote_active":false,"_monsterinsights_sitenote_note":"","_monsterinsights_sitenote_category":0},"product_brand":[],"product_cat":[12274,12284],"product_tag":[],"class_list":{"0":"post-715412","1":"product","2":"type-product","3":"status-publish","5":"product_cat-cocuk-ve-genclik-kitaplari","6":"product_cat-hikayeler","7":"pa_cilt-ciltsiz","8":"pa_tur-kitap","9":"pa_yayinevi-say-yayinlari","10":"pa_yazar-gulsum-cengiz","12":"first","13":"instock","14":"sale","15":"shipping-taxable","16":"purchasable","17":"product-type-simple"},"_links":{"self":[{"href":"https:\/\/roveyayinevi.com.tr\/index.php\/wp-json\/wp\/v2\/product\/715412","targetHints":{"allow":["GET"]}}],"collection":[{"href":"https:\/\/roveyayinevi.com.tr\/index.php\/wp-json\/wp\/v2\/product"}],"about":[{"href":"https:\/\/roveyayinevi.com.tr\/index.php\/wp-json\/wp\/v2\/types\/product"}],"wp:attachment":[{"href":"https:\/\/roveyayinevi.com.tr\/index.php\/wp-json\/wp\/v2\/media?parent=715412"}],"wp:term":[{"taxonomy":"product_brand","embeddable":true,"href":"https:\/\/roveyayinevi.com.tr\/index.php\/wp-json\/wp\/v2\/product_brand?post=715412"},{"taxonomy":"product_cat","embeddable":true,"href":"https:\/\/roveyayinevi.com.tr\/index.php\/wp-json\/wp\/v2\/product_cat?post=715412"},{"taxonomy":"product_tag","embeddable":true,"href":"https:\/\/roveyayinevi.com.tr\/index.php\/wp-json\/wp\/v2\/product_tag?post=715412"}],"curies":[{"name":"wp","href":"https:\/\/api.w.org\/{rel}","templated":true}]}}