{"id":715394,"date":"2025-08-27T17:30:04","date_gmt":"2025-08-27T14:30:04","guid":{"rendered":"https:\/\/roveyayinevi.com.tr\/index.php\/urun\/dogumsal-kalp-hastaliklari-aile-kilavuzu\/"},"modified":"2026-04-16T02:23:42","modified_gmt":"2026-04-15T23:23:42","slug":"dogumsal-kalp-hastaliklari-aile-kilavuzu","status":"publish","type":"product","link":"https:\/\/roveyayinevi.com.tr\/index.php\/urun\/dogumsal-kalp-hastaliklari-aile-kilavuzu\/","title":{"rendered":"Do\u011fumsal Kalp Hastal\u0131klar\u0131 Aile K\u0131lavuzu"},"content":{"rendered":"<p>T\u00fcm varl\u0131\u011f\u0131m\u0131z\u0131, mutluluklar\u0131 i\u00e7in feda edece\u011fimiz \u00e7ocuklar\u0131m\u0131z, ailelerin ve toplumun en temel varl\u0131klar\u0131d\u0131r. Onlar\u0131n bir an i\u00e7in bile olsa, hasta olmalar\u0131 ne b\u00fcy\u00fck bir kederdir. Ne yaz\u0131k ki, her \u00e7ocuk \u015fansl\u0131 do\u011fmuyor. Baz\u0131 \u00e7ocuklar daha do\u011far do\u011fmaz ciddi kalp sorunlar\u0131yla m\u00fccadele etmek durumunda kalabiliyor.  \u00c7ok da uzak olmayan bir zamana kadar kalp hastas\u0131 \u00e7ocuklar i\u00e7in yap\u0131labilecek t\u0131bbi yard\u0131mlar \u00e7ok k\u0131s\u0131tl\u0131yd\u0131. Ama g\u00fcn\u00fcm\u00fczde bu konuda \u00e7ok b\u00fcy\u00fck ilerlemeler kaydedilmi\u015ftir. Hastalara normal veya normale yak\u0131n bir ya\u015fam s\u00fcresi ve ya\u015fam kalitesi kazand\u0131rmak art\u0131k m\u00fcmk\u00fcn. \u00d6te yandan \u00e7ocu\u011funda kalp hastal\u0131\u011f\u0131 olan aileler yanl\u0131\u015f bilgilendirme ve y\u00f6nlendirmelere maruz kalabiliyorlar. Halbuki hastal\u0131\u011f\u0131n daha iyi anla\u015f\u0131labilmesi ve yard\u0131m olanaklar\u0131n\u0131n bilinmesi, kritik s\u00fcre\u00e7lerin daha kolay atlat\u0131lmas\u0131n\u0131 sa\u011flarve ailenin \u00fczerindeki bask\u0131y\u0131 azalt\u0131r. Belirsizliklerin ve bilinmezliklerin yol a\u00e7abilece\u011fi korkular\u0131 hafifletir.  Elinizdeki kitab\u0131n temel amac\u0131, do\u011fumsal kalp hastal\u0131\u011f\u0131 olan ve hayatlar\u0131 boyunca bunu ta\u015f\u0131yacak bireyler ile ailelerine faydal\u0131 bir rehber olu\u015fturmakt\u0131r. Akl\u0131n\u0131za tak\u0131labilecek hemen hemen her konuya de\u011finmeye \u00e7al\u0131\u015ft\u0131k. Ailenin s\u00fcrece aktif olarak dahil olabilmesini hedefledik. Unutmay\u0131n\u0131z ki, kalp hastas\u0131 \u00e7ocuklar\u0131n iyile\u015fmesi ve sa\u011fl\u0131kl\u0131 bir ya\u015fam s\u00fcrd\u00fcrebilmesinde, sa\u011fl\u0131k \u00e7al\u0131\u015fanlar\u0131 kadar ailelerin de \u00e7ok b\u00fcy\u00fck rol\u00fc ve katk\u0131s\u0131 vard\u0131r. Bu uzun soluklu yolda, bu kitap sizin i\u00e7in bir kaynak olu\u015fturabilir ve sizlere az da olsa bir yard\u0131m\u0131 dokunabilirse amac\u0131na ula\u015fm\u0131\u015f olacakt\u0131r.   <\/p>\n","protected":false},"excerpt":{"rendered":"<p>T\u00fcm varl\u0131\u011f\u0131m\u0131z\u0131, mutluluklar\u0131 i\u00e7in feda edece\u011fimiz \u00e7ocuklar\u0131m\u0131z, ailelerin ve toplumun en temel varl\u0131klar\u0131d\u0131r. Onlar\u0131n bir an i\u00e7in bile olsa, hasta olmalar\u0131 ne b\u00fcy\u00fck bir kederdir. Ne<span class=\"excerpt-hellip\"> [\u2026]<\/span><\/p>\n","protected":false},"featured_media":0,"template":"","meta":{"_monsterinsights_skip_tracking":false,"_monsterinsights_sitenote_active":false,"_monsterinsights_sitenote_note":"","_monsterinsights_sitenote_category":0},"product_brand":[],"product_cat":[16965,13365],"product_tag":[],"class_list":{"0":"post-715394","1":"product","2":"type-product","3":"status-publish","5":"product_cat-genel-saglik-kitaplari","6":"product_cat-saglik","7":"pa_cilt-ciltsiz","8":"pa_tur-kitap","9":"pa_yayinevi-dogan-kitap","10":"pa_yazar-ersin-erek","12":"first","13":"instock","14":"sale","15":"shipping-taxable","16":"purchasable","17":"product-type-simple"},"_links":{"self":[{"href":"https:\/\/roveyayinevi.com.tr\/index.php\/wp-json\/wp\/v2\/product\/715394","targetHints":{"allow":["GET"]}}],"collection":[{"href":"https:\/\/roveyayinevi.com.tr\/index.php\/wp-json\/wp\/v2\/product"}],"about":[{"href":"https:\/\/roveyayinevi.com.tr\/index.php\/wp-json\/wp\/v2\/types\/product"}],"wp:attachment":[{"href":"https:\/\/roveyayinevi.com.tr\/index.php\/wp-json\/wp\/v2\/media?parent=715394"}],"wp:term":[{"taxonomy":"product_brand","embeddable":true,"href":"https:\/\/roveyayinevi.com.tr\/index.php\/wp-json\/wp\/v2\/product_brand?post=715394"},{"taxonomy":"product_cat","embeddable":true,"href":"https:\/\/roveyayinevi.com.tr\/index.php\/wp-json\/wp\/v2\/product_cat?post=715394"},{"taxonomy":"product_tag","embeddable":true,"href":"https:\/\/roveyayinevi.com.tr\/index.php\/wp-json\/wp\/v2\/product_tag?post=715394"}],"curies":[{"name":"wp","href":"https:\/\/api.w.org\/{rel}","templated":true}]}}