{"id":715369,"date":"2025-08-27T17:29:47","date_gmt":"2025-08-27T14:29:47","guid":{"rendered":"https:\/\/roveyayinevi.com.tr\/index.php\/urun\/dunyayi-degistiren-dusunurler-2-ronesanstan-aydinlanmaya-yeni-bir-cagin-dogusu\/"},"modified":"2026-04-16T02:23:42","modified_gmt":"2026-04-15T23:23:42","slug":"dunyayi-degistiren-dusunurler-2-ronesanstan-aydinlanmaya-yeni-bir-cagin-dogusu","status":"publish","type":"product","link":"https:\/\/roveyayinevi.com.tr\/index.php\/urun\/dunyayi-degistiren-dusunurler-2-ronesanstan-aydinlanmaya-yeni-bir-cagin-dogusu\/","title":{"rendered":"D\u00fcnyay\u0131 De\u011fi\u015ftiren D\u00fc\u015f\u00fcn\u00fcrler 2 &#8211; R\u00f6nesans&#8217;tan Ayd\u0131nlanma&#8217;ya Yeni Bir \u00c7a\u011f\u0131n Do\u011fu\u015fu"},"content":{"rendered":"<p>D\u00fcnyay\u0131de\u011fi\u015ftirend\u00fc\u015f\u00fcn\u00fcrleriyak\u0131ndantan\u0131mak, ortayakoyduklar\u0131muazzameserlerdenyap\u0131lm\u0131\u015fse\u00e7kilerdenhareketled\u00fc\u015f\u00fcncelerinen\u00fcfuzetmekisteyenlerin her zaman ellerininalt\u0131ndabulundurmalar\u0131gerekenbiryap\u0131t. \u0130lk ciltte Hint Vedalar\u0131\u2019ndanba\u015flayarakKadim\u00c7in, AntikYunan, Roma veR\u00f6nesansAvrupa\u2019s\u0131nakadargetirilense\u00e7ki, ikinciciltle de s\u00fcrd\u00fcr\u00fcl\u00fcyor. R\u00f6nesans\u2019tanAyd\u0131nlanma\u00e7a\u011f\u0131nakadarkid\u00f6nem, insanl\u0131ktarihindesadece modern felsefenindo\u011fu\u015funumu\u015ftulam\u0131yor; ayn\u0131zamanday\u0131\u011f\u0131nlar\u0131netkinbir\u015fekildekat\u0131ld\u0131\u011f\u0131devrimler\u00e7a\u011f\u0131n\u0131 da haberveriyor. Sad\u0131kUsta, 16. y\u00fczy\u0131ldanba\u015flayarak 18. y\u00fczy\u0131l\u0131nsonlar\u0131nakadaruzananbueserde, R\u00f6nesansveAyd\u0131nlanma\u2019yayola\u00e7antoplumsalko\u015fullar\u0131, d\u00fcnyay\u0131de\u011fi\u015ftirend\u00fc\u015f\u00fcn\u00fcrvefilozoflar\u0131nya\u015famlar\u0131n\u0131veeserlerini\u00f6zg\u00fcnsunu\u015flarlainceliyor. \u0130kincicildinkapsam\u0131\u015f\u00f6yle: Bodin, Bruno, Bacon, Galileo, Campanella, Hobbes, Descartes, Milton, Spinoza, Leibniz, Meslier, Montesquieu ve Locke. <\/p>\n","protected":false},"excerpt":{"rendered":"<p>D\u00fcnyay\u0131de\u011fi\u015ftirend\u00fc\u015f\u00fcn\u00fcrleriyak\u0131ndantan\u0131mak, ortayakoyduklar\u0131muazzameserlerdenyap\u0131lm\u0131\u015fse\u00e7kilerdenhareketled\u00fc\u015f\u00fcncelerinen\u00fcfuzetmekisteyenlerin her zaman ellerininalt\u0131ndabulundurmalar\u0131gerekenbiryap\u0131t. \u0130lk ciltte Hint Vedalar\u0131\u2019ndanba\u015flayarakKadim\u00c7in, AntikYunan, Roma veR\u00f6nesansAvrupa\u2019s\u0131nakadargetirilense\u00e7ki, ikinciciltle de s\u00fcrd\u00fcr\u00fcl\u00fcyor. R\u00f6nesans\u2019tanAyd\u0131nlanma\u00e7a\u011f\u0131nakadarkid\u00f6nem, insanl\u0131ktarihindesadece modern felsefenindo\u011fu\u015funumu\u015ftulam\u0131yor; ayn\u0131zamanday\u0131\u011f\u0131nlar\u0131netkinbir\u015fekildekat\u0131ld\u0131\u011f\u0131devrimler\u00e7a\u011f\u0131n\u0131 da haberveriyor. Sad\u0131kUsta, 16. y\u00fczy\u0131ldanba\u015flayarak 18.<span class=\"excerpt-hellip\"> [\u2026]<\/span><\/p>\n","protected":false},"featured_media":0,"template":"","meta":{"_monsterinsights_skip_tracking":false,"_monsterinsights_sitenote_active":false,"_monsterinsights_sitenote_note":"","_monsterinsights_sitenote_category":0},"product_brand":[],"product_cat":[12389,12388],"product_tag":[],"class_list":{"0":"post-715369","1":"product","2":"type-product","3":"status-publish","5":"product_cat-diger-felsefe","6":"product_cat-felsefe","7":"pa_cilt-ciltsiz","8":"pa_tur-kitap","9":"pa_yayinevi-kafka-yayinevi","10":"pa_yazar-sadik-usta","12":"first","13":"instock","14":"sale","15":"shipping-taxable","16":"purchasable","17":"product-type-simple"},"_links":{"self":[{"href":"https:\/\/roveyayinevi.com.tr\/index.php\/wp-json\/wp\/v2\/product\/715369","targetHints":{"allow":["GET"]}}],"collection":[{"href":"https:\/\/roveyayinevi.com.tr\/index.php\/wp-json\/wp\/v2\/product"}],"about":[{"href":"https:\/\/roveyayinevi.com.tr\/index.php\/wp-json\/wp\/v2\/types\/product"}],"wp:attachment":[{"href":"https:\/\/roveyayinevi.com.tr\/index.php\/wp-json\/wp\/v2\/media?parent=715369"}],"wp:term":[{"taxonomy":"product_brand","embeddable":true,"href":"https:\/\/roveyayinevi.com.tr\/index.php\/wp-json\/wp\/v2\/product_brand?post=715369"},{"taxonomy":"product_cat","embeddable":true,"href":"https:\/\/roveyayinevi.com.tr\/index.php\/wp-json\/wp\/v2\/product_cat?post=715369"},{"taxonomy":"product_tag","embeddable":true,"href":"https:\/\/roveyayinevi.com.tr\/index.php\/wp-json\/wp\/v2\/product_tag?post=715369"}],"curies":[{"name":"wp","href":"https:\/\/api.w.org\/{rel}","templated":true}]}}