{"id":715366,"date":"2025-08-27T17:29:45","date_gmt":"2025-08-27T14:29:45","guid":{"rendered":"https:\/\/roveyayinevi.com.tr\/index.php\/urun\/hunkar-hararet-nardadir-sacda-degil\/"},"modified":"2026-04-16T02:23:42","modified_gmt":"2026-04-15T23:23:42","slug":"hunkar-hararet-nardadir-sacda-degil","status":"publish","type":"product","link":"https:\/\/roveyayinevi.com.tr\/index.php\/urun\/hunkar-hararet-nardadir-sacda-degil\/","title":{"rendered":"H\u00fcnkar &#8211; Hararet Nardad\u0131r Sacda De\u011fil"},"content":{"rendered":"<p>&#8220;Unutmay\u0131n\u0131z; ak\u0131ldan yararlanmas\u0131n\u0131 bilen i\u00e7in gizli bir \u015fey yoktur. \u0130lim evrenin t\u00fcm de\u011ferleri-nin \u00fczerindedir. Bu sebepledir ki size hep \u015funu s\u00f6ylerim; Bilimle gidilmeyen yolun sonu karan-l\u0131kt\u0131r. Bizim yolumuzda ise karanl\u0131\u011fa yer yok-tur. E\u011fer bir yeri karanl\u0131k g\u00f6r\u00fcyorsan, bil ki perde senin g\u00f6z\u00fcndedir, g\u00f6z\u00fcndeki perdeyi kal-d\u0131rman\u0131n yolu da ilimden ge\u00e7er. Ak\u0131l, beden i\u00e7inde sultan, g\u00f6n\u00fcl i\u00e7inde rahatl\u0131k-t\u0131r fakat \u015funu da bilmeniz gerekir ki ak\u0131l tek ba-\u015f\u0131na sizi ancak kurnazl\u0131\u011fa ta\u015f\u0131r, ak\u0131l ne zamanki g\u00f6n\u00fcl ile d\u00fc\u015f\u00fcnce ile haf\u0131za ile birle\u015fir i\u015fte o zaman sizi ilme ta\u015f\u0131r. \u0130nsan sadece ak\u0131ldan ya da sadece g\u00f6n\u00fclden ibaret de\u011fildir, evet as\u0131l olan bu ikisidir fakat di\u011fer unsurlar olmadan onlar-dan faydalanman\u0131z m\u00fcmk\u00fcn de\u011fildir. \u0130nsan\u0131 tam manas\u0131 ile anlamak ve onu tan\u0131mak \u00e7ok zordur. \u0130nsan\u0131 anlamak i\u00e7in \u00e2leme bakmam\u0131z gerek, \u00e2lemi anlamak i\u00e7in de insana. \u0130lim sahibi olmak i\u00e7in nas\u0131l ak\u0131l tek ba\u015f\u0131na yetmiyorsa insan ol-mak, kendini tan\u0131mak i\u00e7in de sadece \u015feriat\u0131 ta-n\u0131mak yetmiyor, inanc\u0131 tamamlamak ve Hak ile Hak olmak i\u00e7in; tarikat, marifet ve hakikat kap\u0131-lar\u0131n\u0131 da ge\u00e7mek gerekir..\u201d<\/p>\n","protected":false},"excerpt":{"rendered":"<p>&#8220;Unutmay\u0131n\u0131z; ak\u0131ldan yararlanmas\u0131n\u0131 bilen i\u00e7in gizli bir \u015fey yoktur. \u0130lim evrenin t\u00fcm de\u011ferleri-nin \u00fczerindedir. Bu sebepledir ki size hep \u015funu s\u00f6ylerim; Bilimle gidilmeyen yolun sonu karan-l\u0131kt\u0131r.<span class=\"excerpt-hellip\"> [\u2026]<\/span><\/p>\n","protected":false},"featured_media":0,"template":"","meta":{"_monsterinsights_skip_tracking":false,"_monsterinsights_sitenote_active":false,"_monsterinsights_sitenote_note":"","_monsterinsights_sitenote_category":0},"product_brand":[],"product_cat":[12291,12711],"product_tag":[],"class_list":{"0":"post-715366","1":"product","2":"type-product","3":"status-publish","5":"product_cat-edebiyat","6":"product_cat-roman-oyku","7":"pa_cilt-ciltsiz","8":"pa_tur-kitap","9":"pa_yayinevi-fark-yayinlari","10":"pa_yazar-yasemin-bulbul","12":"first","13":"instock","14":"sale","15":"shipping-taxable","16":"purchasable","17":"product-type-simple"},"_links":{"self":[{"href":"https:\/\/roveyayinevi.com.tr\/index.php\/wp-json\/wp\/v2\/product\/715366","targetHints":{"allow":["GET"]}}],"collection":[{"href":"https:\/\/roveyayinevi.com.tr\/index.php\/wp-json\/wp\/v2\/product"}],"about":[{"href":"https:\/\/roveyayinevi.com.tr\/index.php\/wp-json\/wp\/v2\/types\/product"}],"wp:attachment":[{"href":"https:\/\/roveyayinevi.com.tr\/index.php\/wp-json\/wp\/v2\/media?parent=715366"}],"wp:term":[{"taxonomy":"product_brand","embeddable":true,"href":"https:\/\/roveyayinevi.com.tr\/index.php\/wp-json\/wp\/v2\/product_brand?post=715366"},{"taxonomy":"product_cat","embeddable":true,"href":"https:\/\/roveyayinevi.com.tr\/index.php\/wp-json\/wp\/v2\/product_cat?post=715366"},{"taxonomy":"product_tag","embeddable":true,"href":"https:\/\/roveyayinevi.com.tr\/index.php\/wp-json\/wp\/v2\/product_tag?post=715366"}],"curies":[{"name":"wp","href":"https:\/\/api.w.org\/{rel}","templated":true}]}}