{"id":715354,"date":"2025-08-27T17:29:37","date_gmt":"2025-08-27T14:29:37","guid":{"rendered":"https:\/\/roveyayinevi.com.tr\/index.php\/urun\/melodi\/"},"modified":"2026-04-16T02:23:41","modified_gmt":"2026-04-15T23:23:41","slug":"melodi","status":"publish","type":"product","link":"https:\/\/roveyayinevi.com.tr\/index.php\/urun\/melodi\/","title":{"rendered":"Melodi"},"content":{"rendered":"<p>Melodi\u2019nin \u00f6\u011fretmeni t\u00fcm s\u0131n\u0131fa reng\u00e2renk saks\u0131 \u00e7i\u00e7ekleri hediye ederken, ona bir kakt\u00fcs vermek zorunda kal\u0131r. Yani dikenli, \u00e7i\u00e7e\u011fi bile olmayan o garip bitkiyi\u2026 Bir kakt\u00fcs\u00fcn nesi g\u00fczel olabilir ki?Sonra bir g\u00fcn&#8230; F\u0131rt\u0131nal\u0131 bir gece&#8230;Melodi hi\u00e7 ummad\u0131\u011f\u0131 bir anda kakt\u00fcs\u00fcyle y\u00fczle\u015fmek, onunla ger\u00e7ek anlamda tan\u0131\u015fmak durumunda kal\u0131r ve her \u015fey de\u011fi\u015fir.Melodi, g\u00f6r\u00fcnenin \u00f6tesindeki g\u00fczellikleri g\u00f6rebilmemizi sa\u011flayacak s\u0131ms\u0131cak bir sevgi hik\u00e2yesi.Biraz sevgi hepimize iyi gelecek!<\/p>\n","protected":false},"excerpt":{"rendered":"<p>Melodi\u2019nin \u00f6\u011fretmeni t\u00fcm s\u0131n\u0131fa reng\u00e2renk saks\u0131 \u00e7i\u00e7ekleri hediye ederken, ona bir kakt\u00fcs vermek zorunda kal\u0131r. Yani dikenli, \u00e7i\u00e7e\u011fi bile olmayan o garip bitkiyi\u2026 Bir kakt\u00fcs\u00fcn nesi<span class=\"excerpt-hellip\"> [\u2026]<\/span><\/p>\n","protected":false},"featured_media":0,"template":"","meta":{"_monsterinsights_skip_tracking":false,"_monsterinsights_sitenote_active":false,"_monsterinsights_sitenote_note":"","_monsterinsights_sitenote_category":0},"product_brand":[],"product_cat":[12275,12274],"product_tag":[],"class_list":{"0":"post-715354","1":"product","2":"type-product","3":"status-publish","5":"product_cat-6-12-yas-kitaplari","6":"product_cat-cocuk-ve-genclik-kitaplari","7":"pa_cilt-ciltsiz","8":"pa_tur-kitap","9":"pa_yayinevi-timas-cocuk","10":"pa_yazar-anil-basili","12":"first","13":"instock","14":"sale","15":"shipping-taxable","16":"purchasable","17":"product-type-simple"},"_links":{"self":[{"href":"https:\/\/roveyayinevi.com.tr\/index.php\/wp-json\/wp\/v2\/product\/715354","targetHints":{"allow":["GET"]}}],"collection":[{"href":"https:\/\/roveyayinevi.com.tr\/index.php\/wp-json\/wp\/v2\/product"}],"about":[{"href":"https:\/\/roveyayinevi.com.tr\/index.php\/wp-json\/wp\/v2\/types\/product"}],"wp:attachment":[{"href":"https:\/\/roveyayinevi.com.tr\/index.php\/wp-json\/wp\/v2\/media?parent=715354"}],"wp:term":[{"taxonomy":"product_brand","embeddable":true,"href":"https:\/\/roveyayinevi.com.tr\/index.php\/wp-json\/wp\/v2\/product_brand?post=715354"},{"taxonomy":"product_cat","embeddable":true,"href":"https:\/\/roveyayinevi.com.tr\/index.php\/wp-json\/wp\/v2\/product_cat?post=715354"},{"taxonomy":"product_tag","embeddable":true,"href":"https:\/\/roveyayinevi.com.tr\/index.php\/wp-json\/wp\/v2\/product_tag?post=715354"}],"curies":[{"name":"wp","href":"https:\/\/api.w.org\/{rel}","templated":true}]}}