{"id":715327,"date":"2025-08-27T17:29:18","date_gmt":"2025-08-27T14:29:18","guid":{"rendered":"https:\/\/roveyayinevi.com.tr\/index.php\/urun\/1-43-rat-garaj\/"},"modified":"2026-04-16T02:23:26","modified_gmt":"2026-04-15T23:23:26","slug":"1-43-rat-garaj","status":"publish","type":"product","link":"https:\/\/roveyayinevi.com.tr\/index.php\/urun\/1-43-rat-garaj\/","title":{"rendered":"1.43 Rat Garaj"},"content":{"rendered":"<p>Kim normal? Siz mi, ben mi? Veya normal olmak nedir? \u00c7o\u011funlu\u011fun yapt\u0131\u011f\u0131 davran\u0131\u015f m\u0131 normal yoksa her ki\u015fiye \u00f6zg\u00fc, \u00f6zden gelen ki\u015filik mi normal? Bu sorular\u0131n cevab\u0131n\u0131 bulaca\u011f\u0131n\u0131z\u0131 san\u0131yorsan\u0131z yan\u0131l\u0131yorsunuz. Ki\u015fiye g\u00f6re de\u011fi\u015fen cevaplar ile kar\u015f\u0131daki ki\u015fiyi su\u00e7lamaktan ileriye gidemeyiz.<\/p>\n","protected":false},"excerpt":{"rendered":"<p>Kim normal? Siz mi, ben mi? Veya normal olmak nedir? \u00c7o\u011funlu\u011fun yapt\u0131\u011f\u0131 davran\u0131\u015f m\u0131 normal yoksa her ki\u015fiye \u00f6zg\u00fc, \u00f6zden gelen ki\u015filik mi normal? Bu sorular\u0131n<span class=\"excerpt-hellip\"> [\u2026]<\/span><\/p>\n","protected":false},"featured_media":0,"template":"","meta":{"_monsterinsights_skip_tracking":false,"_monsterinsights_sitenote_active":false,"_monsterinsights_sitenote_note":"","_monsterinsights_sitenote_category":0},"product_brand":[],"product_cat":[12291,12711],"product_tag":[],"class_list":{"0":"post-715327","1":"product","2":"type-product","3":"status-publish","5":"product_cat-edebiyat","6":"product_cat-roman-oyku","7":"pa_cilt-ciltsiz","8":"pa_tur-kitap","9":"pa_yayinevi-vaveyla-yayincilik","10":"pa_yazar-umit-dagci","12":"first","13":"instock","14":"sale","15":"shipping-taxable","16":"purchasable","17":"product-type-simple"},"_links":{"self":[{"href":"https:\/\/roveyayinevi.com.tr\/index.php\/wp-json\/wp\/v2\/product\/715327","targetHints":{"allow":["GET"]}}],"collection":[{"href":"https:\/\/roveyayinevi.com.tr\/index.php\/wp-json\/wp\/v2\/product"}],"about":[{"href":"https:\/\/roveyayinevi.com.tr\/index.php\/wp-json\/wp\/v2\/types\/product"}],"wp:attachment":[{"href":"https:\/\/roveyayinevi.com.tr\/index.php\/wp-json\/wp\/v2\/media?parent=715327"}],"wp:term":[{"taxonomy":"product_brand","embeddable":true,"href":"https:\/\/roveyayinevi.com.tr\/index.php\/wp-json\/wp\/v2\/product_brand?post=715327"},{"taxonomy":"product_cat","embeddable":true,"href":"https:\/\/roveyayinevi.com.tr\/index.php\/wp-json\/wp\/v2\/product_cat?post=715327"},{"taxonomy":"product_tag","embeddable":true,"href":"https:\/\/roveyayinevi.com.tr\/index.php\/wp-json\/wp\/v2\/product_tag?post=715327"}],"curies":[{"name":"wp","href":"https:\/\/api.w.org\/{rel}","templated":true}]}}