{"id":715316,"date":"2025-08-27T17:29:11","date_gmt":"2025-08-27T14:29:11","guid":{"rendered":"https:\/\/roveyayinevi.com.tr\/index.php\/urun\/dunya-tarihi\/"},"modified":"2026-04-16T02:23:25","modified_gmt":"2026-04-15T23:23:25","slug":"dunya-tarihi","status":"publish","type":"product","link":"https:\/\/roveyayinevi.com.tr\/index.php\/urun\/dunya-tarihi\/","title":{"rendered":"D\u00fcnya Tarihi"},"content":{"rendered":"<p>D\u00fcnya Tarihi, sudan karaya \u00e7\u0131kan ilk canl\u0131lardan insanl\u0131\u011f\u0131n yery\u00fcz\u00fcn\u00fcn d\u00f6rt bir yan\u0131na yay\u0131l\u0131\u015f\u0131na, yaz\u0131n\u0131n ke\u015ffinden dinlerin do\u011fu\u015funa, demokrasinin ortaya \u00e7\u0131k\u0131\u015f\u0131ndan sava\u015f ve hastal\u0131klara, R\u00f6nesans\u2019tan s\u00f6m\u00fcrgecili\u011fe, B\u00fcy\u00fck Buhran\u2019dan 11 Eyl\u00fcl\u2019e kadar evrensel tarihimizin en \u00f6nemli sat\u0131r ba\u015flar\u0131n\u0131 ustal\u0131kla ele al\u0131yor. \u0130nsanl\u0131\u011f\u0131n en b\u00fcy\u00fck ba\u015far\u0131lar\u0131n\u0131 ve en korkun\u00e7 felaketlerini aktar\u0131rken, ayn\u0131 zamanda d\u00fcnyan\u0131n d\u00f6rt bir yan\u0131nda e\u015fitsizli\u011fin nas\u0131l in\u015fa edildi\u011fini de g\u00f6zler \u00f6n\u00fcne seriyor. Ya\u015fad\u0131\u011f\u0131m\u0131z y\u00fczy\u0131la dair \u00f6ng\u00f6r\u00fcler olu\u015fturacak bir \u00e7er\u00e7eve de sunan D\u00fcnya Tarihi, insanl\u0131\u011f\u0131n milyonlarca y\u0131ll\u0131k tarihini deneyimli bir uzun mesafe ko\u015fucusuyla birlikte nefesi kesilmeden kat etmek isteyen ve kuru bir tarihsel aktar\u0131mdan fazlas\u0131n\u0131 talep edenler i\u00e7in bi\u00e7ilmi\u015f kaftan. <\/p>\n","protected":false},"excerpt":{"rendered":"<p>D\u00fcnya Tarihi, sudan karaya \u00e7\u0131kan ilk canl\u0131lardan insanl\u0131\u011f\u0131n yery\u00fcz\u00fcn\u00fcn d\u00f6rt bir yan\u0131na yay\u0131l\u0131\u015f\u0131na, yaz\u0131n\u0131n ke\u015ffinden dinlerin do\u011fu\u015funa, demokrasinin ortaya \u00e7\u0131k\u0131\u015f\u0131ndan sava\u015f ve hastal\u0131klara, R\u00f6nesans\u2019tan s\u00f6m\u00fcrgecili\u011fe, B\u00fcy\u00fck<span class=\"excerpt-hellip\"> [\u2026]<\/span><\/p>\n","protected":false},"featured_media":0,"template":"","meta":{"_monsterinsights_skip_tracking":false,"_monsterinsights_sitenote_active":false,"_monsterinsights_sitenote_note":"","_monsterinsights_sitenote_category":0},"product_brand":[],"product_cat":[12777,12291],"product_tag":[],"class_list":{"0":"post-715316","1":"product","2":"type-product","3":"status-publish","5":"product_cat-deneme","6":"product_cat-edebiyat","7":"pa_cilt-ciltsiz","8":"pa_tur-kitap","9":"pa_yayinevi-sel-yayincilik","10":"pa_yazar-chris-brazier","12":"first","13":"instock","14":"sale","15":"shipping-taxable","16":"purchasable","17":"product-type-simple"},"_links":{"self":[{"href":"https:\/\/roveyayinevi.com.tr\/index.php\/wp-json\/wp\/v2\/product\/715316","targetHints":{"allow":["GET"]}}],"collection":[{"href":"https:\/\/roveyayinevi.com.tr\/index.php\/wp-json\/wp\/v2\/product"}],"about":[{"href":"https:\/\/roveyayinevi.com.tr\/index.php\/wp-json\/wp\/v2\/types\/product"}],"wp:attachment":[{"href":"https:\/\/roveyayinevi.com.tr\/index.php\/wp-json\/wp\/v2\/media?parent=715316"}],"wp:term":[{"taxonomy":"product_brand","embeddable":true,"href":"https:\/\/roveyayinevi.com.tr\/index.php\/wp-json\/wp\/v2\/product_brand?post=715316"},{"taxonomy":"product_cat","embeddable":true,"href":"https:\/\/roveyayinevi.com.tr\/index.php\/wp-json\/wp\/v2\/product_cat?post=715316"},{"taxonomy":"product_tag","embeddable":true,"href":"https:\/\/roveyayinevi.com.tr\/index.php\/wp-json\/wp\/v2\/product_tag?post=715316"}],"curies":[{"name":"wp","href":"https:\/\/api.w.org\/{rel}","templated":true}]}}