{"id":715303,"date":"2025-08-27T17:29:02","date_gmt":"2025-08-27T14:29:02","guid":{"rendered":"https:\/\/roveyayinevi.com.tr\/index.php\/urun\/sinan-i-ummi\/"},"modified":"2026-04-16T02:23:25","modified_gmt":"2026-04-15T23:23:25","slug":"sinan-i-ummi","status":"publish","type":"product","link":"https:\/\/roveyayinevi.com.tr\/index.php\/urun\/sinan-i-ummi\/","title":{"rendered":"Sinan-\u0131 \u00dcmmi"},"content":{"rendered":"<p>Mill\u00ee k\u00fclt\u00fcr\u00fcm\u00fcz\u00fc ve dilimizi in\u015fa eden isimlerden, ustalardan biri Sinan-\u0131 \u00dcmmi. Elmal\u0131 gibi bir ta\u015fra y\u00f6resini, sade ve herkesin anlayabildi\u011fi \u00f6z T\u00fcrk\u00e7esiyle, \u00f6rnek ahlak ve ya\u015fant\u0131s\u0131yla, tesir g\u00fcc\u00fc \u00e7a\u011flar \u00f6tesine ula\u015fan etkili \u015fiir diliyle tam bir ilim, irfan ve sanat merkezi haline getiren bir s\u00f6z \u00fcstad\u0131. Onun gibi bir \u015fahsiyetin b\u00fct\u00fcn insanl\u0131\u011fa sundu\u011fu ab-\u0131 hayat niteli\u011findeki s\u00f6zlerin bug\u00fcn bile ilk g\u00fcnk\u00fc kadar taze olu\u015fu ise i\u015faret etti\u011fi yolun do\u011frulu\u011fundan olsa gerek.<\/p>\n","protected":false},"excerpt":{"rendered":"<p>Mill\u00ee k\u00fclt\u00fcr\u00fcm\u00fcz\u00fc ve dilimizi in\u015fa eden isimlerden, ustalardan biri Sinan-\u0131 \u00dcmmi. Elmal\u0131 gibi bir ta\u015fra y\u00f6resini, sade ve herkesin anlayabildi\u011fi \u00f6z T\u00fcrk\u00e7esiyle, \u00f6rnek ahlak ve ya\u015fant\u0131s\u0131yla,<span class=\"excerpt-hellip\"> [\u2026]<\/span><\/p>\n","protected":false},"featured_media":0,"template":"","meta":{"_monsterinsights_skip_tracking":false,"_monsterinsights_sitenote_active":false,"_monsterinsights_sitenote_note":"","_monsterinsights_sitenote_category":0},"product_brand":[],"product_cat":[13072,12291],"product_tag":[],"class_list":{"0":"post-715303","1":"product","2":"type-product","3":"status-publish","5":"product_cat-arastirma-inceleme-referans","6":"product_cat-edebiyat","7":"pa_cilt-ciltsiz","8":"pa_tur-kitap","9":"pa_yayinevi-ketebe-yayinlari","10":"pa_yazar-ahmet-ogke","12":"first","13":"instock","14":"sale","15":"shipping-taxable","16":"purchasable","17":"product-type-simple"},"_links":{"self":[{"href":"https:\/\/roveyayinevi.com.tr\/index.php\/wp-json\/wp\/v2\/product\/715303","targetHints":{"allow":["GET"]}}],"collection":[{"href":"https:\/\/roveyayinevi.com.tr\/index.php\/wp-json\/wp\/v2\/product"}],"about":[{"href":"https:\/\/roveyayinevi.com.tr\/index.php\/wp-json\/wp\/v2\/types\/product"}],"wp:attachment":[{"href":"https:\/\/roveyayinevi.com.tr\/index.php\/wp-json\/wp\/v2\/media?parent=715303"}],"wp:term":[{"taxonomy":"product_brand","embeddable":true,"href":"https:\/\/roveyayinevi.com.tr\/index.php\/wp-json\/wp\/v2\/product_brand?post=715303"},{"taxonomy":"product_cat","embeddable":true,"href":"https:\/\/roveyayinevi.com.tr\/index.php\/wp-json\/wp\/v2\/product_cat?post=715303"},{"taxonomy":"product_tag","embeddable":true,"href":"https:\/\/roveyayinevi.com.tr\/index.php\/wp-json\/wp\/v2\/product_tag?post=715303"}],"curies":[{"name":"wp","href":"https:\/\/api.w.org\/{rel}","templated":true}]}}