{"id":715292,"date":"2025-08-27T17:28:55","date_gmt":"2025-08-27T14:28:55","guid":{"rendered":"https:\/\/roveyayinevi.com.tr\/index.php\/urun\/osmanli-gercekleri-2-sorularla-osmanliyi-anlamak\/"},"modified":"2026-04-16T02:23:25","modified_gmt":"2026-04-15T23:23:25","slug":"osmanli-gercekleri-2-sorularla-osmanliyi-anlamak","status":"publish","type":"product","link":"https:\/\/roveyayinevi.com.tr\/index.php\/urun\/osmanli-gercekleri-2-sorularla-osmanliyi-anlamak\/","title":{"rendered":"Osmanl\u0131 Ger\u00e7ekleri 2 &#8211; Sorularla Osmanl\u0131&#8217;y\u0131 Anlamak"},"content":{"rendered":"<p>KAYI serisi ile 7\u2019den 70\u2019e herkese ula\u015fan Prof. Dr. Ahmet \u015eim\u015firgil, OSMANLI GER\u00c7EKLER\u0130 dizisinin ikinci kitab\u0131yla da, Osmanl\u0131\u2019n\u0131n kurulu\u015fundan y\u0131k\u0131l\u0131\u015f\u0131na kadarki tart\u0131\u015fmal\u0131 konular\u0131 ak\u0131c\u0131 \u00fcslubu, soru cevap usul\u00fc ve temel kaynak referanslar\u0131 ile a\u00e7\u0131klamaya devam ediyor\u2026Osmanl\u0131 padi\u015fahlar\u0131 Yavuz Sultan Selim\u2019den evvel halife unvan\u0131n\u0131 kulland\u0131lar m\u0131?Yavuz Sultan Selim mukaddes emanetleri zorla m\u0131 al\u0131koydu?Yavuz, seferlerinde neden hep do\u011fuyu se\u00e7ti?Safevi Devleti\u2019nin h\u00fck\u00fcmdar\u0131 \u015eah \u0130smail T\u00fcrk m\u00fcd\u00fcr?Osmanl\u0131 fetihlerindeki ba\u015far\u0131 s\u0131rlar\u0131 nelerdir?Osmanl\u0131\u2019n\u0131n yeni fethetti\u011fi yerlerde uygulam\u0131\u015f oldu\u011fu istimalet politikas\u0131 ne demektir?Osmanl\u0131lar 200 bin ki\u015filik ordular\u0131n ihtiya\u00e7lar\u0131n\u0131 nas\u0131l kar\u015f\u0131l\u0131yorlard\u0131?Osmanl\u0131 Devleti\u2019nin resm\u00ee dili ne idi?Osmanl\u0131lar T\u00fcrkleri k\u00f6t\u00fclediler veya \u00f6telediler mi?Yeni\u00e7eriler ile ilgili ilgin\u00e7 detaylar\u2026Tarihin tart\u0131\u015fmal\u0131 isimlerinden biri: \u015eeyh Bedreddin saltanat h\u0131rs\u0131n\u0131n kurban\u0131 m\u0131 oldu?Osmanl\u0131 saray\u0131nda bulunan k\u00f6le ve cariyelerin ak\u0131betleri ne oldu?Prof. Dr. Ahmet \u015eim\u015firgil, OSMANLI GER\u00c7EKLER\u0130 II\u2019de okurlar\u0131n\u0131n zihnine tak\u0131lan daha pek \u00e7ok ilgi \u00e7ekici meseleyi ayd\u0131nlat\u0131yor\u2026Onu okuduk\u00e7a tarihi daha \u00e7ok seveceksiniz!<\/p>\n","protected":false},"excerpt":{"rendered":"<p>KAYI serisi ile 7\u2019den 70\u2019e herkese ula\u015fan Prof. Dr. Ahmet \u015eim\u015firgil, OSMANLI GER\u00c7EKLER\u0130 dizisinin ikinci kitab\u0131yla da, Osmanl\u0131\u2019n\u0131n kurulu\u015fundan y\u0131k\u0131l\u0131\u015f\u0131na kadarki tart\u0131\u015fmal\u0131 konular\u0131 ak\u0131c\u0131 \u00fcslubu, soru<span class=\"excerpt-hellip\"> [\u2026]<\/span><\/p>\n","protected":false},"featured_media":0,"template":"","meta":{"_monsterinsights_skip_tracking":false,"_monsterinsights_sitenote_active":false,"_monsterinsights_sitenote_note":"","_monsterinsights_sitenote_category":0},"product_brand":[],"product_cat":[13517,12304],"product_tag":[],"class_list":{"0":"post-715292","1":"product","2":"type-product","3":"status-publish","5":"product_cat-osmanli-tarihi","6":"product_cat-tarih","7":"pa_cilt-ciltsiz","8":"pa_tur-kitap","9":"pa_yayinevi-timas-yayinlari","10":"pa_yazar-ahmet-simsirgil","12":"first","13":"instock","14":"sale","15":"shipping-taxable","16":"purchasable","17":"product-type-simple"},"_links":{"self":[{"href":"https:\/\/roveyayinevi.com.tr\/index.php\/wp-json\/wp\/v2\/product\/715292","targetHints":{"allow":["GET"]}}],"collection":[{"href":"https:\/\/roveyayinevi.com.tr\/index.php\/wp-json\/wp\/v2\/product"}],"about":[{"href":"https:\/\/roveyayinevi.com.tr\/index.php\/wp-json\/wp\/v2\/types\/product"}],"wp:attachment":[{"href":"https:\/\/roveyayinevi.com.tr\/index.php\/wp-json\/wp\/v2\/media?parent=715292"}],"wp:term":[{"taxonomy":"product_brand","embeddable":true,"href":"https:\/\/roveyayinevi.com.tr\/index.php\/wp-json\/wp\/v2\/product_brand?post=715292"},{"taxonomy":"product_cat","embeddable":true,"href":"https:\/\/roveyayinevi.com.tr\/index.php\/wp-json\/wp\/v2\/product_cat?post=715292"},{"taxonomy":"product_tag","embeddable":true,"href":"https:\/\/roveyayinevi.com.tr\/index.php\/wp-json\/wp\/v2\/product_tag?post=715292"}],"curies":[{"name":"wp","href":"https:\/\/api.w.org\/{rel}","templated":true}]}}