{"id":715289,"date":"2025-08-27T17:28:53","date_gmt":"2025-08-27T14:28:53","guid":{"rendered":"https:\/\/roveyayinevi.com.tr\/index.php\/urun\/figuran-aslan-ile-tahta-esek-aslan-mi-buyuk-kedi-mi\/"},"modified":"2026-04-16T02:23:25","modified_gmt":"2026-04-15T23:23:25","slug":"figuran-aslan-ile-tahta-esek-aslan-mi-buyuk-kedi-mi","status":"publish","type":"product","link":"https:\/\/roveyayinevi.com.tr\/index.php\/urun\/figuran-aslan-ile-tahta-esek-aslan-mi-buyuk-kedi-mi\/","title":{"rendered":"Fig\u00fcran Aslan \u0130le Tahta E\u015fek &#8211; Aslan m\u0131, B\u00fcy\u00fck Kedi mi?"},"content":{"rendered":"<p>Bu orman, ba\u015fka orman! Ormangillerin yeni maceras\u0131 yine heyecan dolu! Andersen\u2019in Kur\u015fun Askeri\u2019nin yolu bizimkilerlekesi\u015fiyor; piercing\u2019ci Maymun\u2019un incik boncuk tezg\u00e2h\u0131ormangilleri al\u0131\u015fveri\u015f \u00e7\u0131lg\u0131nl\u0131\u011f\u0131na s\u00fcr\u00fckl\u00fcyor; Kral Aslan\u2019\u0131nhorultusundan b\u0131kan Mavi E\u015fek ve arkada\u015flar\u0131, \u00e7areyi hepberaber yapt\u0131klar\u0131 Tahta E\u015fek\u2019i Aslan\u2019\u0131n \u00fczerine s\u00fcrmektebuluyor; olaylar birbirini izlerken, y\u00fczme bilmeyen Kral Aslan, asl\u0131nda yaln\u0131zca \u201cb\u00fcy\u00fck bir kedi\u201doldu\u011funu \u00f6\u011freniyor! Fig\u00fcran Aslan ile Tahta E\u015fek &#8211; Aslan m\u0131, B\u00fcy\u00fck Kedi mi?, \u201cMavi E\u015fek\u2019in Ser\u00fcvenleri\u201dnin be\u015finci kitab\u0131. Yalva\u00e7 Ural, Yazar ve \u00c7izer\u2019e ra\u011fmen, kendi \u00f6yk\u00fcleriniyaz\u0131p oynamaya \u00e7al\u0131\u015fan ama her zaman bu muzipikilinin planlar\u0131n\u0131n bir ad\u0131m gerisinde kalanormangillerin s\u00fcr\u00fckleyici maceras\u0131na\u00e7a\u011f\u0131r\u0131yor kitap kurtlar\u0131n\u0131. <\/p>\n","protected":false},"excerpt":{"rendered":"<p>Bu orman, ba\u015fka orman! Ormangillerin yeni maceras\u0131 yine heyecan dolu! Andersen\u2019in Kur\u015fun Askeri\u2019nin yolu bizimkilerlekesi\u015fiyor; piercing\u2019ci Maymun\u2019un incik boncuk tezg\u00e2h\u0131ormangilleri al\u0131\u015fveri\u015f \u00e7\u0131lg\u0131nl\u0131\u011f\u0131na s\u00fcr\u00fckl\u00fcyor; Kral Aslan\u2019\u0131nhorultusundan b\u0131kan<span class=\"excerpt-hellip\"> [\u2026]<\/span><\/p>\n","protected":false},"featured_media":0,"template":"","meta":{"_monsterinsights_skip_tracking":false,"_monsterinsights_sitenote_active":false,"_monsterinsights_sitenote_note":"","_monsterinsights_sitenote_category":0},"product_brand":[],"product_cat":[12274,12284],"product_tag":[],"class_list":{"0":"post-715289","1":"product","2":"type-product","3":"status-publish","5":"product_cat-cocuk-ve-genclik-kitaplari","6":"product_cat-hikayeler","7":"pa_cilt-ciltsiz","8":"pa_tur-kitap","9":"pa_yayinevi-yapi-kredi-yayinlari","10":"pa_yazar-yalvac-ural","12":"first","13":"instock","14":"sale","15":"shipping-taxable","16":"purchasable","17":"product-type-simple"},"_links":{"self":[{"href":"https:\/\/roveyayinevi.com.tr\/index.php\/wp-json\/wp\/v2\/product\/715289","targetHints":{"allow":["GET"]}}],"collection":[{"href":"https:\/\/roveyayinevi.com.tr\/index.php\/wp-json\/wp\/v2\/product"}],"about":[{"href":"https:\/\/roveyayinevi.com.tr\/index.php\/wp-json\/wp\/v2\/types\/product"}],"wp:attachment":[{"href":"https:\/\/roveyayinevi.com.tr\/index.php\/wp-json\/wp\/v2\/media?parent=715289"}],"wp:term":[{"taxonomy":"product_brand","embeddable":true,"href":"https:\/\/roveyayinevi.com.tr\/index.php\/wp-json\/wp\/v2\/product_brand?post=715289"},{"taxonomy":"product_cat","embeddable":true,"href":"https:\/\/roveyayinevi.com.tr\/index.php\/wp-json\/wp\/v2\/product_cat?post=715289"},{"taxonomy":"product_tag","embeddable":true,"href":"https:\/\/roveyayinevi.com.tr\/index.php\/wp-json\/wp\/v2\/product_tag?post=715289"}],"curies":[{"name":"wp","href":"https:\/\/api.w.org\/{rel}","templated":true}]}}