{"id":715278,"date":"2025-08-27T17:28:46","date_gmt":"2025-08-27T14:28:46","guid":{"rendered":"https:\/\/roveyayinevi.com.tr\/index.php\/urun\/vahyin-2-yili\/"},"modified":"2026-04-16T02:23:24","modified_gmt":"2026-04-15T23:23:24","slug":"vahyin-2-yili","status":"publish","type":"product","link":"https:\/\/roveyayinevi.com.tr\/index.php\/urun\/vahyin-2-yili\/","title":{"rendered":"Vahyin 2. Y\u0131l\u0131"},"content":{"rendered":"<p>Bu me\u00e2l, merh\u00fbm \u00fcst\u00e2d Mehd\u00ee B\u00e2zerg\u00e2n\u2019\u0131n mub\u00e2rek \u00e2yet-i ker\u00eemelerin geli\u015f s\u0131ralar\u0131n\u0131 tesbit etti\u011fi \u201cKur\u2019\u00e2n\u2019\u0131n N\u00fczul S\u00fcreci\u201d adl\u0131 eserinden hareket edilerek vahyin her y\u0131l\u0131 i\u00e7in birer kitap olmak \u00fczere M\u00fcnib Engin Noyan taraf\u0131ndan haz\u0131rlanm\u0131\u015ft\u0131r. <\/p>\n","protected":false},"excerpt":{"rendered":"<p>Bu me\u00e2l, merh\u00fbm \u00fcst\u00e2d Mehd\u00ee B\u00e2zerg\u00e2n\u2019\u0131n mub\u00e2rek \u00e2yet-i ker\u00eemelerin geli\u015f s\u0131ralar\u0131n\u0131 tesbit etti\u011fi \u201cKur\u2019\u00e2n\u2019\u0131n N\u00fczul S\u00fcreci\u201d adl\u0131 eserinden hareket edilerek vahyin her y\u0131l\u0131 i\u00e7in birer kitap<span class=\"excerpt-hellip\"> [\u2026]<\/span><\/p>\n","protected":false},"featured_media":0,"template":"","meta":{"_monsterinsights_skip_tracking":false,"_monsterinsights_sitenote_active":false,"_monsterinsights_sitenote_note":"","_monsterinsights_sitenote_category":0},"product_brand":[],"product_cat":[12718,12719],"product_tag":[],"class_list":{"0":"post-715278","1":"product","2":"type-product","3":"status-publish","5":"product_cat-din","6":"product_cat-islam","7":"pa_cilt-ciltsiz","8":"pa_tur-kitap","9":"pa_yayinevi-profil-kitap","10":"pa_yazar-munib-engin-noyan","12":"first","13":"instock","14":"sale","15":"shipping-taxable","16":"purchasable","17":"product-type-simple"},"_links":{"self":[{"href":"https:\/\/roveyayinevi.com.tr\/index.php\/wp-json\/wp\/v2\/product\/715278","targetHints":{"allow":["GET"]}}],"collection":[{"href":"https:\/\/roveyayinevi.com.tr\/index.php\/wp-json\/wp\/v2\/product"}],"about":[{"href":"https:\/\/roveyayinevi.com.tr\/index.php\/wp-json\/wp\/v2\/types\/product"}],"wp:attachment":[{"href":"https:\/\/roveyayinevi.com.tr\/index.php\/wp-json\/wp\/v2\/media?parent=715278"}],"wp:term":[{"taxonomy":"product_brand","embeddable":true,"href":"https:\/\/roveyayinevi.com.tr\/index.php\/wp-json\/wp\/v2\/product_brand?post=715278"},{"taxonomy":"product_cat","embeddable":true,"href":"https:\/\/roveyayinevi.com.tr\/index.php\/wp-json\/wp\/v2\/product_cat?post=715278"},{"taxonomy":"product_tag","embeddable":true,"href":"https:\/\/roveyayinevi.com.tr\/index.php\/wp-json\/wp\/v2\/product_tag?post=715278"}],"curies":[{"name":"wp","href":"https:\/\/api.w.org\/{rel}","templated":true}]}}