{"id":715270,"date":"2025-08-27T17:28:40","date_gmt":"2025-08-27T14:28:40","guid":{"rendered":"https:\/\/roveyayinevi.com.tr\/index.php\/urun\/milenaya-mektuplar-9\/"},"modified":"2026-04-16T02:23:24","modified_gmt":"2026-04-15T23:23:24","slug":"milenaya-mektuplar-9","status":"publish","type":"product","link":"https:\/\/roveyayinevi.com.tr\/index.php\/urun\/milenaya-mektuplar-9\/","title":{"rendered":"Milena\u2019ya Mektuplar"},"content":{"rendered":"<p>Franz Kafka, Milena\u2019yla 1920 y\u0131l\u0131n\u0131n ba\u015flar\u0131nda tan\u0131\u015fm\u0131\u015ft\u0131r. Aralar\u0131nda \u00e7ok samimi bir arkada\u015fl\u0131k olu\u015fmu\u015ftur. Kafka\u2019n\u0131n g\u00fcnl\u00fckleri de arkada\u015fl\u0131klar\u0131n\u0131n derinli\u011fini g\u00f6zler \u00f6n\u00fcne sermi\u015ftir. Ancak g\u00fcnl\u00fckler de\u011fil, mektuplar\u0131n ilk kez yay\u0131mlanmas\u0131yla duygular ger\u00e7ek anlamda a\u00e7\u0131\u011fa vurulmu\u015ftur: Bir a\u015fk roman\u0131, duygular\u0131n \u00e7aresizli\u011fi, mutluluk, kendini yok etmek ve al\u00e7altmak. Bu korkun\u00e7 ama korkun\u00e7lu\u011fuyla bir o kadar derinlere kadar inmeyen mektubu okuduktan sonra, geli\u015fiyle bana verdi\u011fi mutluluk i\u00e7in te\u015fekk\u00fcr etmek \u00e7ok da kolay de\u011fil. Bug\u00fcn tatil g\u00fcn\u00fc, s\u0131radan bir mektup gelmezdi; yar\u0131n, yani cuma g\u00fcn\u00fc de sizden bir mektubun gelip gelmeyece\u011fi me\u00e7huld\u00fc. Yani bir t\u00fcr bo\u011fucu sessizlik vard\u0131 ama sizle ilgili oldu\u011fu s\u00fcrece \u00fcz\u00fcnt\u00fc vermiyordu. Son mektubunuzda, \u015fezlongda uzanm\u0131\u015f bulundu\u011fum yerden karl\u0131 tepedeki da\u011f t\u0131rman\u0131c\u0131lar\u0131n\u0131 izledi\u011fim gibi, ne kadar g\u00fc\u00e7l\u00fc oldu\u011funuzu izledim. Ve \u015fimdi \u00f6\u011fle yeme\u011finden hemen \u00f6nce mektubunuz geldi, onu yan\u0131ma alabildim, \u00e7antadan \u00e7\u0131kartabildim, masan\u0131n \u00fczerine koyabildim, yeniden \u00e7antaya yerle\u015ftirebildim; ellerin bir mektupla oynama iste\u011fi gibi, insan onlar\u0131 izler ve \u00e7ocuklar i\u00e7in sevinir.\u201d<\/p>\n","protected":false},"excerpt":{"rendered":"<p>Franz Kafka, Milena\u2019yla 1920 y\u0131l\u0131n\u0131n ba\u015flar\u0131nda tan\u0131\u015fm\u0131\u015ft\u0131r. Aralar\u0131nda \u00e7ok samimi bir arkada\u015fl\u0131k olu\u015fmu\u015ftur. Kafka\u2019n\u0131n g\u00fcnl\u00fckleri de arkada\u015fl\u0131klar\u0131n\u0131n derinli\u011fini g\u00f6zler \u00f6n\u00fcne sermi\u015ftir. Ancak g\u00fcnl\u00fckler de\u011fil, mektuplar\u0131n ilk<span class=\"excerpt-hellip\"> [\u2026]<\/span><\/p>\n","protected":false},"featured_media":0,"template":"","meta":{"_monsterinsights_skip_tracking":false,"_monsterinsights_sitenote_active":false,"_monsterinsights_sitenote_note":"","_monsterinsights_sitenote_category":0},"product_brand":[],"product_cat":[12291,12711],"product_tag":[],"class_list":{"0":"post-715270","1":"product","2":"type-product","3":"status-publish","5":"product_cat-edebiyat","6":"product_cat-roman-oyku","7":"pa_cilt-ciltsiz","8":"pa_tur-kitap","9":"pa_yayinevi-bilgi-yayinevi","10":"pa_yazar-franz-kafka","12":"first","13":"instock","14":"sale","15":"shipping-taxable","16":"purchasable","17":"product-type-simple"},"_links":{"self":[{"href":"https:\/\/roveyayinevi.com.tr\/index.php\/wp-json\/wp\/v2\/product\/715270","targetHints":{"allow":["GET"]}}],"collection":[{"href":"https:\/\/roveyayinevi.com.tr\/index.php\/wp-json\/wp\/v2\/product"}],"about":[{"href":"https:\/\/roveyayinevi.com.tr\/index.php\/wp-json\/wp\/v2\/types\/product"}],"wp:attachment":[{"href":"https:\/\/roveyayinevi.com.tr\/index.php\/wp-json\/wp\/v2\/media?parent=715270"}],"wp:term":[{"taxonomy":"product_brand","embeddable":true,"href":"https:\/\/roveyayinevi.com.tr\/index.php\/wp-json\/wp\/v2\/product_brand?post=715270"},{"taxonomy":"product_cat","embeddable":true,"href":"https:\/\/roveyayinevi.com.tr\/index.php\/wp-json\/wp\/v2\/product_cat?post=715270"},{"taxonomy":"product_tag","embeddable":true,"href":"https:\/\/roveyayinevi.com.tr\/index.php\/wp-json\/wp\/v2\/product_tag?post=715270"}],"curies":[{"name":"wp","href":"https:\/\/api.w.org\/{rel}","templated":true}]}}