{"id":715255,"date":"2025-08-27T17:28:31","date_gmt":"2025-08-27T14:28:31","guid":{"rendered":"https:\/\/roveyayinevi.com.tr\/index.php\/urun\/divan-siiri-poetikasi\/"},"modified":"2025-09-25T04:59:41","modified_gmt":"2025-09-25T01:59:41","slug":"divan-siiri-poetikasi","status":"publish","type":"product","link":"https:\/\/roveyayinevi.com.tr\/index.php\/urun\/divan-siiri-poetikasi\/","title":{"rendered":"Divan \u015eiiri Poetikas\u0131"},"content":{"rendered":"<p>17. y\u00fczy\u0131l T\u00fcrk \u015fiirinin ger\u00e7ek kimli\u011fini buldu\u011fu y\u00fczy\u0131ld\u0131r. Bu y\u00fczy\u0131lda yeti\u015fen \u015fairlerin kab\u0131na s\u0131\u011fmaz doyumsuz karakterleri onlar\u0131 hep aray\u0131\u015flara itmi\u015f ve bunun sonucunda da y\u00fczy\u0131lda d\u00f6rt de\u011fi\u015fik \u00fcslup ortaya \u00e7\u0131km\u0131\u015ft\u0131r. Her yeni \u00e7\u0131kan bir anlay\u0131\u015f \u00f6ncekini ele\u015ftirmi\u015f ve onun yerine kendi kriterlerini ortaya koymu\u015ftur. Bu bak\u0131mdan bu y\u00fczy\u0131l \u015fiir kalitesi bak\u0131m\u0131ndan kaliteli ve orjinal \u00fcr\u00fcnlerin ortaya kondu\u011fu y\u00fczy\u0131l olmu\u015ftur.Nef&#8217;i Nai&#8217;li, Ne\u015fati vs.gibi \u015fairler Sebk-i Hindi \u00fcslubunun \u00f6zellikleri ile birlikte \u015fiirin manay\u0131, halk\u0131n i\u00e7inde arama yoluna gitmi\u015fler, g\u00f6zlem yoluyla \u015fiirlerin basit yolla da yaz\u0131labilece\u011fini g\u00f6stermi\u015fler, Nabi&#8217;nin \u00f6nc\u00fcs\u00fc oldu\u011fu Hikemi tarzc\u0131lar ise \u015fiirin tamamen insanlara nasihat ve \u00f6\u011f\u00fct vermesi gerekti\u011fi d\u00fc\u015f\u00fcncesinden yola \u00e7\u0131karak, \u015fiiri bir e\u011fitim arac\u0131 olarak g\u00f6rm\u00fc\u015flerdir. Fehi gibi \u00f6zg\u00fcr d\u00fc\u015f\u00fcnceli bir \u015fair ise d\u00fc\u015f\u00fcnce ve \u015fekillerle fazla tak\u0131lmayarak, \u00f6zg\u00fcr d\u00fc\u015f\u00fcnme ve istedi\u011fini yazma hususunda gelenekleri k\u0131rm\u0131\u015f, bazen deli dolu bazen de \u00e7ocuksu bir eda ile kendine has bir \u00fcslup olu\u015fturmu\u015ftur.17. y\u00fczy\u0131l\u0131n \u011foetik \u00f6zelliklerine bakt\u0131\u011f\u0131m\u0131z zaman a\u011f\u0131rl\u0131kl\u0131 olarak \u015fiirde orjinallik ve yenilik hususunda i\u015flendi\u011fini g\u00f6r\u00fcr\u00fcz. D\u00f6nemin b\u00fct\u00fcn \u015fairleri bu konuda hassasiyet g\u00f6stermi\u015fler ve s\u0131k s\u0131k da dile getirmi\u015flerdir. <\/p>\n","protected":false},"excerpt":{"rendered":"<p>17. y\u00fczy\u0131l T\u00fcrk \u015fiirinin ger\u00e7ek kimli\u011fini buldu\u011fu y\u00fczy\u0131ld\u0131r. Bu y\u00fczy\u0131lda yeti\u015fen \u015fairlerin kab\u0131na s\u0131\u011fmaz doyumsuz karakterleri onlar\u0131 hep aray\u0131\u015flara itmi\u015f ve bunun sonucunda da y\u00fczy\u0131lda d\u00f6rt<span class=\"excerpt-hellip\"> [\u2026]<\/span><\/p>\n","protected":false},"featured_media":0,"template":"","meta":{"_monsterinsights_skip_tracking":false,"_monsterinsights_sitenote_active":false,"_monsterinsights_sitenote_note":"","_monsterinsights_sitenote_category":0},"product_brand":[],"product_cat":[13072,12291],"product_tag":[],"class_list":{"0":"post-715255","1":"product","2":"type-product","3":"status-publish","5":"product_cat-arastirma-inceleme-referans","6":"product_cat-edebiyat","7":"pa_cilt-ciltsiz","8":"pa_tur-kitap","9":"pa_yayinevi-altinordu-yayinlari","10":"pa_yazar-abdulkadir-erkal","12":"first","13":"instock","14":"sale","15":"shipping-taxable","16":"purchasable","17":"product-type-simple"},"_links":{"self":[{"href":"https:\/\/roveyayinevi.com.tr\/index.php\/wp-json\/wp\/v2\/product\/715255","targetHints":{"allow":["GET"]}}],"collection":[{"href":"https:\/\/roveyayinevi.com.tr\/index.php\/wp-json\/wp\/v2\/product"}],"about":[{"href":"https:\/\/roveyayinevi.com.tr\/index.php\/wp-json\/wp\/v2\/types\/product"}],"wp:attachment":[{"href":"https:\/\/roveyayinevi.com.tr\/index.php\/wp-json\/wp\/v2\/media?parent=715255"}],"wp:term":[{"taxonomy":"product_brand","embeddable":true,"href":"https:\/\/roveyayinevi.com.tr\/index.php\/wp-json\/wp\/v2\/product_brand?post=715255"},{"taxonomy":"product_cat","embeddable":true,"href":"https:\/\/roveyayinevi.com.tr\/index.php\/wp-json\/wp\/v2\/product_cat?post=715255"},{"taxonomy":"product_tag","embeddable":true,"href":"https:\/\/roveyayinevi.com.tr\/index.php\/wp-json\/wp\/v2\/product_tag?post=715255"}],"curies":[{"name":"wp","href":"https:\/\/api.w.org\/{rel}","templated":true}]}}