{"id":715252,"date":"2025-08-27T17:28:28","date_gmt":"2025-08-27T14:28:28","guid":{"rendered":"https:\/\/roveyayinevi.com.tr\/index.php\/urun\/zihnimden-akisler\/"},"modified":"2026-04-16T02:23:24","modified_gmt":"2026-04-15T23:23:24","slug":"zihnimden-akisler","status":"publish","type":"product","link":"https:\/\/roveyayinevi.com.tr\/index.php\/urun\/zihnimden-akisler\/","title":{"rendered":"Zihnimden Akisler"},"content":{"rendered":"<p>Tarihin ba\u015flang\u0131c\u0131ndan beri insano\u011flu pek \u00e7ok \u015feyi merak etmi\u015ftir. Bu merak ve do\u011fru orant\u0131l\u0131 olarak cevap aray\u0131\u015f\u0131 insan\u0131 di\u011fer canl\u0131lar\u0131n bir kademe \u00fcst\u00fcne g\u00f6t\u00fcrmektedir. Canl\u0131lar aras\u0131ndaki rekabette \u00f6nde olsak dahi, kendi aram\u0131zdaki rekabette merak edenlerin, sorgulayanlar\u0131n her zaman daha fazla an\u0131msand\u0131\u011f\u0131 bir toplumda ya\u015f\u0131yoruz. Bir \u015feyler ba\u015farmak istiyorsak bu yetene\u011fimizi olabildi\u011fince \u00e7ok kullanmal\u0131y\u0131z. D\u00fc\u015f\u00fcnen insan unutulmazd\u0131r. \u00d6lse dahi fikirleri ve bulu\u015flar\u0131 ile ya\u015far. Tesla\u2019y\u0131 veyahut Farabi\u2019yi unutmak m\u00fcmk\u00fcn m\u00fc? Tabii ki hay\u0131r. Peki, biz unutulmamak i\u00e7in neler yapmal\u0131y\u0131z? Bu sorunun cevab\u0131 pek tabii olarak kendini geli\u015ftirmek olacakt\u0131r. Donan\u0131ml\u0131 insan her zaman istedi\u011fi yere ula\u015f\u0131r ve istedi\u011fini ba\u015far\u0131r. Donan\u0131ml\u0131 olma prensibinin ilk kural\u0131 genel k\u00fclt\u00fcrd\u00fcr. \u0130nsanlar, \u00e7evrelerinde bilgin bir bireyin olmas\u0131ndan ho\u015flan\u0131rlar. Milyonlarca kitap bu do\u011frultuda insanlara sunulmaktad\u0131r. Benimkisi bu engin \u00e7\u00f6lde sadece bir kum tanesi. Hen\u00fcz f\u0131rsat varken \u00f6\u011frenelim. Bana kal\u0131rsa yeterince merakl\u0131 de\u011filsen, yeterince zeki olmak hi\u00e7bir i\u015fine yaramaz.\u201d <\/p>\n","protected":false},"excerpt":{"rendered":"<p>Tarihin ba\u015flang\u0131c\u0131ndan beri insano\u011flu pek \u00e7ok \u015feyi merak etmi\u015ftir. Bu merak ve do\u011fru orant\u0131l\u0131 olarak cevap aray\u0131\u015f\u0131 insan\u0131 di\u011fer canl\u0131lar\u0131n bir kademe \u00fcst\u00fcne g\u00f6t\u00fcrmektedir. Canl\u0131lar aras\u0131ndaki<span class=\"excerpt-hellip\"> [\u2026]<\/span><\/p>\n","protected":false},"featured_media":0,"template":"","meta":{"_monsterinsights_skip_tracking":false,"_monsterinsights_sitenote_active":false,"_monsterinsights_sitenote_note":"","_monsterinsights_sitenote_category":0},"product_brand":[],"product_cat":[12364,12376],"product_tag":[],"class_list":{"0":"post-715252","1":"product","2":"type-product","3":"status-publish","5":"product_cat-genel-konular","6":"product_cat-kisisel-gelisim","7":"pa_cilt-ciltsiz","8":"pa_tur-kitap","9":"pa_yayinevi-kitap-saati-yayinevi","10":"pa_yazar-alperen-ceylan","12":"first","13":"instock","14":"sale","15":"shipping-taxable","16":"purchasable","17":"product-type-simple"},"_links":{"self":[{"href":"https:\/\/roveyayinevi.com.tr\/index.php\/wp-json\/wp\/v2\/product\/715252","targetHints":{"allow":["GET"]}}],"collection":[{"href":"https:\/\/roveyayinevi.com.tr\/index.php\/wp-json\/wp\/v2\/product"}],"about":[{"href":"https:\/\/roveyayinevi.com.tr\/index.php\/wp-json\/wp\/v2\/types\/product"}],"wp:attachment":[{"href":"https:\/\/roveyayinevi.com.tr\/index.php\/wp-json\/wp\/v2\/media?parent=715252"}],"wp:term":[{"taxonomy":"product_brand","embeddable":true,"href":"https:\/\/roveyayinevi.com.tr\/index.php\/wp-json\/wp\/v2\/product_brand?post=715252"},{"taxonomy":"product_cat","embeddable":true,"href":"https:\/\/roveyayinevi.com.tr\/index.php\/wp-json\/wp\/v2\/product_cat?post=715252"},{"taxonomy":"product_tag","embeddable":true,"href":"https:\/\/roveyayinevi.com.tr\/index.php\/wp-json\/wp\/v2\/product_tag?post=715252"}],"curies":[{"name":"wp","href":"https:\/\/api.w.org\/{rel}","templated":true}]}}