{"id":715245,"date":"2025-08-27T17:28:24","date_gmt":"2025-08-27T14:28:24","guid":{"rendered":"https:\/\/roveyayinevi.com.tr\/index.php\/urun\/kirmizi-terlikler\/"},"modified":"2026-04-16T02:23:24","modified_gmt":"2026-04-15T23:23:24","slug":"kirmizi-terlikler","status":"publish","type":"product","link":"https:\/\/roveyayinevi.com.tr\/index.php\/urun\/kirmizi-terlikler\/","title":{"rendered":"K\u0131rm\u0131z\u0131 Terlikler"},"content":{"rendered":"<p>terleyip kavrulmu\u015f g\u00f6zlere \u00e7arp\u0131lan bir avu\u00e7 su gibi d\u00f6k\u00fcl ba\u015f\u0131mdan a\u015fa\u011f\u0131 \u0131slat beni sevginle elinde bir kucak k\u0131r \u00e7i\u00e7e\u011fiyle g\u00fczel bir \u015feyler d\u00fc\u015f\u00fcnerek gel dinlenmi\u015f bir y\u00fczle ve sa\u00e7lar\u0131n taranm\u0131\u015f demli bir kahvalt\u0131dan sonra ne\u015feli ad\u0131mlarla ve dudaklar\u0131nda dertsiz bir \u0131sl\u0131kla gel. \u00e7ok g\u00fczel bir haber getiren postac\u0131 gibi gel. r\u00fczg\u00e2r gibi gel ama r\u00fczg\u00e2r gibi gitme. <\/p>\n","protected":false},"excerpt":{"rendered":"<p>terleyip kavrulmu\u015f g\u00f6zlere \u00e7arp\u0131lan bir avu\u00e7 su gibi d\u00f6k\u00fcl ba\u015f\u0131mdan a\u015fa\u011f\u0131 \u0131slat beni sevginle elinde bir kucak k\u0131r \u00e7i\u00e7e\u011fiyle g\u00fczel bir \u015feyler d\u00fc\u015f\u00fcnerek gel dinlenmi\u015f bir<span class=\"excerpt-hellip\"> [\u2026]<\/span><\/p>\n","protected":false},"featured_media":0,"template":"","meta":{"_monsterinsights_skip_tracking":false,"_monsterinsights_sitenote_active":false,"_monsterinsights_sitenote_note":"","_monsterinsights_sitenote_category":0},"product_brand":[],"product_cat":[12291,12509],"product_tag":[],"class_list":{"0":"post-715245","1":"product","2":"type-product","3":"status-publish","5":"product_cat-edebiyat","6":"product_cat-siir","7":"pa_cilt-ciltsiz","8":"pa_tur-kitap","9":"pa_yayinevi-luna-yayinlari","10":"pa_yazar-umit-aksac","12":"first","13":"instock","14":"sale","15":"shipping-taxable","16":"purchasable","17":"product-type-simple"},"_links":{"self":[{"href":"https:\/\/roveyayinevi.com.tr\/index.php\/wp-json\/wp\/v2\/product\/715245","targetHints":{"allow":["GET"]}}],"collection":[{"href":"https:\/\/roveyayinevi.com.tr\/index.php\/wp-json\/wp\/v2\/product"}],"about":[{"href":"https:\/\/roveyayinevi.com.tr\/index.php\/wp-json\/wp\/v2\/types\/product"}],"wp:attachment":[{"href":"https:\/\/roveyayinevi.com.tr\/index.php\/wp-json\/wp\/v2\/media?parent=715245"}],"wp:term":[{"taxonomy":"product_brand","embeddable":true,"href":"https:\/\/roveyayinevi.com.tr\/index.php\/wp-json\/wp\/v2\/product_brand?post=715245"},{"taxonomy":"product_cat","embeddable":true,"href":"https:\/\/roveyayinevi.com.tr\/index.php\/wp-json\/wp\/v2\/product_cat?post=715245"},{"taxonomy":"product_tag","embeddable":true,"href":"https:\/\/roveyayinevi.com.tr\/index.php\/wp-json\/wp\/v2\/product_tag?post=715245"}],"curies":[{"name":"wp","href":"https:\/\/api.w.org\/{rel}","templated":true}]}}