{"id":715238,"date":"2025-08-27T17:28:20","date_gmt":"2025-08-27T14:28:20","guid":{"rendered":"https:\/\/roveyayinevi.com.tr\/index.php\/urun\/bilgi-yonetimi-ve-standardizasyon\/"},"modified":"2026-04-16T02:23:24","modified_gmt":"2026-04-15T23:23:24","slug":"bilgi-yonetimi-ve-standardizasyon","status":"publish","type":"product","link":"https:\/\/roveyayinevi.com.tr\/index.php\/urun\/bilgi-yonetimi-ve-standardizasyon\/","title":{"rendered":"Bilgi Y\u00f6netimi ve Standardizasyon"},"content":{"rendered":"<p>Bilgi \u00e7a\u011f\u0131, devasal miktarlarda \u00fcretilen bilgilerin payla\u015f\u0131m\u0131, aktar\u0131lmas\u0131 ve korunmas\u0131nda standartla\u015fma zorunlulu\u011funu do\u011furmaktad\u0131r. Bu nedenle, bilgi sistemlerinin standardizasyonu; karma\u015f\u0131k sistemler aras\u0131nda bilgi payla\u015f\u0131m\u0131nda disiplini sa\u011flaman\u0131n tek yolu olarak kar\u015f\u0131m\u0131za \u00e7\u0131kmaktad\u0131r. <\/p>\n","protected":false},"excerpt":{"rendered":"<p>Bilgi \u00e7a\u011f\u0131, devasal miktarlarda \u00fcretilen bilgilerin payla\u015f\u0131m\u0131, aktar\u0131lmas\u0131 ve korunmas\u0131nda standartla\u015fma zorunlulu\u011funu do\u011furmaktad\u0131r. Bu nedenle, bilgi sistemlerinin standardizasyonu; karma\u015f\u0131k sistemler aras\u0131nda bilgi payla\u015f\u0131m\u0131nda disiplini sa\u011flaman\u0131n tek<span class=\"excerpt-hellip\"> [\u2026]<\/span><\/p>\n","protected":false},"featured_media":0,"template":"","meta":{"_monsterinsights_skip_tracking":false,"_monsterinsights_sitenote_active":false,"_monsterinsights_sitenote_note":"","_monsterinsights_sitenote_category":0},"product_brand":[],"product_cat":[12573,12566],"product_tag":[],"class_list":{"0":"post-715238","1":"product","2":"type-product","3":"status-publish","5":"product_cat-akademik-kitaplar","6":"product_cat-egitim","7":"pa_cilt-ciltsiz","8":"pa_tur-kitap","9":"pa_yayinevi-astana-yayinlari","10":"pa_yazar-seval-ozbalci","12":"first","13":"instock","14":"sale","15":"shipping-taxable","16":"purchasable","17":"product-type-simple"},"_links":{"self":[{"href":"https:\/\/roveyayinevi.com.tr\/index.php\/wp-json\/wp\/v2\/product\/715238","targetHints":{"allow":["GET"]}}],"collection":[{"href":"https:\/\/roveyayinevi.com.tr\/index.php\/wp-json\/wp\/v2\/product"}],"about":[{"href":"https:\/\/roveyayinevi.com.tr\/index.php\/wp-json\/wp\/v2\/types\/product"}],"wp:attachment":[{"href":"https:\/\/roveyayinevi.com.tr\/index.php\/wp-json\/wp\/v2\/media?parent=715238"}],"wp:term":[{"taxonomy":"product_brand","embeddable":true,"href":"https:\/\/roveyayinevi.com.tr\/index.php\/wp-json\/wp\/v2\/product_brand?post=715238"},{"taxonomy":"product_cat","embeddable":true,"href":"https:\/\/roveyayinevi.com.tr\/index.php\/wp-json\/wp\/v2\/product_cat?post=715238"},{"taxonomy":"product_tag","embeddable":true,"href":"https:\/\/roveyayinevi.com.tr\/index.php\/wp-json\/wp\/v2\/product_tag?post=715238"}],"curies":[{"name":"wp","href":"https:\/\/api.w.org\/{rel}","templated":true}]}}