{"id":715234,"date":"2025-08-27T17:27:44","date_gmt":"2025-08-27T14:27:44","guid":{"rendered":"https:\/\/roveyayinevi.com.tr\/index.php\/urun\/elimde-viyoletler-beklenen-sevgili\/"},"modified":"2026-04-16T02:23:23","modified_gmt":"2026-04-15T23:23:23","slug":"elimde-viyoletler-beklenen-sevgili","status":"publish","type":"product","link":"https:\/\/roveyayinevi.com.tr\/index.php\/urun\/elimde-viyoletler-beklenen-sevgili\/","title":{"rendered":"Elimde Viyoletler Beklenen Sevgili"},"content":{"rendered":"<p>T\u00fcrk edebiyat\u0131n\u0131n ustalar\u0131ndan Selim \u0130leri\u2019den duymak, hissetmek isteyenler i\u00e7in enfes bir beste! Elimde Viyoletler \/ Beklenen Sevgili, bir ayna; mektuplar k\u00e2\u011f\u0131da d\u00f6k\u00fcld\u00fck\u00e7e aynan\u0131n i\u00e7i a\u00e7\u0131l\u0131yor, sonras\u0131nda ortaya son derece ki\u015fisel ve cesur bir metin \u00e7\u0131k\u0131yor! \u015eefkati\u2019ye yaz\u0131l\u0131yor her \u015fey. Yazan ki\u015fi bas\u0131mevinde musahhih. Emeklili\u011fi yakla\u015fm\u0131\u015f devlet memuru. \u015eefkati kim? Bunca mektup neden yaz\u0131l\u0131yor? Selim \u0130leri, imlan\u0131n s\u0131n\u0131rlar\u0131n\u0131 bilin\u00e7li bir \u015fekilde zorlayarak, bu \u201chey\u00fbl\u00e2\u201dy\u0131 bile isteye kurguluyor. Okurun y\u00fcre\u011fini perde perde b\u00fckerken onu, i\u00e7li hayat d\u00f6k\u00fcmlerine bir kader orta\u011f\u0131 olarak konuk ediyor\u2026 Onca mektubu yazan ki\u015fi; m\u00e2ziye asla d\u00f6n\u00fclemeyece\u011fini bilebiliyorsa, ya\u015famaya h\u00e2l\u00e2 susayabiliyorsa, her g\u00fcn\u00fcn herc\u00fcmercinden kurtulabiliyorsa, hat\u0131ralar\u0131n can\u0131n\u0131 fena halde yakmas\u0131na ald\u0131r\u0131\u015f etmeyebiliyorsa, r\u00fcyalar sayesinde! \u0130ki sat\u0131r kar\u015f\u0131l\u0131k, bir ses, umut hep umut talep ediyor, saadetsizlik \u00e7ukurunda. Musik\u00ee g\u00f6nl\u00fcn\u00fc \u00e7else de \u00e7elmese de k\u00f6\u015fede bir yerde \u201cpiyano\u201d hep duruyor\u2026 Belki hi\u00e7bir \u015fey yaz\u0131lm\u0131yor, kim bilir! \u201cYazd\u0131klar\u0131m\u0131 ne olur oku; ba\u015fkalar\u0131na, beni tan\u0131mayanlara yazmam imk\u00e2ns\u0131z! Kendime merhametim a\u011f\u0131r basmasa yapmayaca\u011f\u0131m \u00e7\u0131lg\u0131nl\u0131k yok. Beni oku, nefes almam i\u00e7in \u00fcmitler ver!\u201d<\/p>\n","protected":false},"excerpt":{"rendered":"<p>T\u00fcrk edebiyat\u0131n\u0131n ustalar\u0131ndan Selim \u0130leri\u2019den duymak, hissetmek isteyenler i\u00e7in enfes bir beste! Elimde Viyoletler \/ Beklenen Sevgili, bir ayna; mektuplar k\u00e2\u011f\u0131da d\u00f6k\u00fcld\u00fck\u00e7e aynan\u0131n i\u00e7i a\u00e7\u0131l\u0131yor, sonras\u0131nda<span class=\"excerpt-hellip\"> [\u2026]<\/span><\/p>\n","protected":false},"featured_media":0,"template":"","meta":{"_monsterinsights_skip_tracking":false,"_monsterinsights_sitenote_active":false,"_monsterinsights_sitenote_note":"","_monsterinsights_sitenote_category":0},"product_brand":[],"product_cat":[14643,12291],"product_tag":[],"class_list":{"0":"post-715234","1":"product","2":"type-product","3":"status-publish","5":"product_cat-ask","6":"product_cat-edebiyat","7":"pa_cilt-ciltsiz","8":"pa_tur-kitap","9":"pa_yayinevi-everest-yayinlari","10":"pa_yazar-selim-ileri","12":"first","13":"instock","14":"sale","15":"shipping-taxable","16":"purchasable","17":"product-type-simple"},"_links":{"self":[{"href":"https:\/\/roveyayinevi.com.tr\/index.php\/wp-json\/wp\/v2\/product\/715234","targetHints":{"allow":["GET"]}}],"collection":[{"href":"https:\/\/roveyayinevi.com.tr\/index.php\/wp-json\/wp\/v2\/product"}],"about":[{"href":"https:\/\/roveyayinevi.com.tr\/index.php\/wp-json\/wp\/v2\/types\/product"}],"wp:attachment":[{"href":"https:\/\/roveyayinevi.com.tr\/index.php\/wp-json\/wp\/v2\/media?parent=715234"}],"wp:term":[{"taxonomy":"product_brand","embeddable":true,"href":"https:\/\/roveyayinevi.com.tr\/index.php\/wp-json\/wp\/v2\/product_brand?post=715234"},{"taxonomy":"product_cat","embeddable":true,"href":"https:\/\/roveyayinevi.com.tr\/index.php\/wp-json\/wp\/v2\/product_cat?post=715234"},{"taxonomy":"product_tag","embeddable":true,"href":"https:\/\/roveyayinevi.com.tr\/index.php\/wp-json\/wp\/v2\/product_tag?post=715234"}],"curies":[{"name":"wp","href":"https:\/\/api.w.org\/{rel}","templated":true}]}}