{"id":715227,"date":"2025-08-27T17:27:39","date_gmt":"2025-08-27T14:27:39","guid":{"rendered":"https:\/\/roveyayinevi.com.tr\/index.php\/urun\/batman-detektif-hikayeleri-cilt-9-gordon-savasta\/"},"modified":"2026-04-16T02:23:23","modified_gmt":"2026-04-15T23:23:23","slug":"batman-detektif-hikayeleri-cilt-9-gordon-savasta","status":"publish","type":"product","link":"https:\/\/roveyayinevi.com.tr\/index.php\/urun\/batman-detektif-hikayeleri-cilt-9-gordon-savasta\/","title":{"rendered":"Batman &#8211; Detektif Hikayeleri Cilt 9: Gordon Sava\u015fta"},"content":{"rendered":"<p>Bir zamanlar Gotham \u015eehri\u2019nin en iyi polisiydi. \u015eimdi ise \u015fehrin Kara \u015e\u00f6valyesi. Jim Gordon bazen m\u00fcttefiki, bazen d\u00fc\u015fman\u0131 olan adam\u0131n yerine ge\u00e7ece\u011fini ve Batman rol\u00fcn\u00fc \u00fcstlenece\u011fini hi\u00e7 d\u00fc\u015f\u00fcnmemi\u015fti. Ama art\u0131k maskenin ard\u0131ndaki adam oldu\u011fu i\u00e7in risklerin d\u00fc\u015f\u00fcnd\u00fc\u011f\u00fcnden \u00e7ok daha \u00f6l\u00fcmc\u00fcl oldu\u011funu ve \u00f6d\u00fcllerin hayal edemeyece\u011fi kadar b\u00fcy\u00fck oldu\u011funu \u00f6\u011freniyor.GCPD\u2019nin kurallar\u0131ndan ve d\u00fczenlemelerinden kurtulan Gordon, en eski vakalar\u0131n\u0131 \u00e7\u00f6zme, en eski dostlar\u0131na yard\u0131m etme ve sava\u015f\u0131 do\u011frudan d\u00fc\u015fmana ta\u015f\u0131ma g\u00fcc\u00fcne sahip. Ancak ge\u00e7mi\u015fin insan\u0131n pe\u015fini b\u0131rakmamak gibi bir huyu vard\u0131r. Su\u00e7la sava\u015fta yeni bir rol \u00fcstlenmi\u015f olsa da Gordon\u2019\u0131n mazisindeki hayaletler de onu aramaya \u00e7\u0131kt\u0131. \u015eehitler ve deliler, Deniz Piyadeleri ve b\u00fcy\u00fc, cinayet ve karga\u015fa Gordon Gotham\u2019\u0131n muhaf\u0131z\u0131 olmak istiyorsa, bunlar\u0131n her biriyle y\u00fczle\u015fmesi gerek\u2026<\/p>\n","protected":false},"excerpt":{"rendered":"<p>Bir zamanlar Gotham \u015eehri\u2019nin en iyi polisiydi. \u015eimdi ise \u015fehrin Kara \u015e\u00f6valyesi. Jim Gordon bazen m\u00fcttefiki, bazen d\u00fc\u015fman\u0131 olan adam\u0131n yerine ge\u00e7ece\u011fini ve Batman rol\u00fcn\u00fc \u00fcstlenece\u011fini<span class=\"excerpt-hellip\"> [\u2026]<\/span><\/p>\n","protected":false},"featured_media":0,"template":"","meta":{"_monsterinsights_skip_tracking":false,"_monsterinsights_sitenote_active":false,"_monsterinsights_sitenote_note":"","_monsterinsights_sitenote_category":0},"product_brand":[],"product_cat":[12689,12274],"product_tag":[],"class_list":{"0":"post-715227","1":"product","2":"type-product","3":"status-publish","5":"product_cat-cizgi-roman-cocuk-ve-genclik-kitaplari","6":"product_cat-cocuk-ve-genclik-kitaplari","7":"pa_cilt-ciltsiz","8":"pa_tur-kitap","9":"pa_yayinevi-jbc-yayincilik","10":"pa_yazar-peter-j-tomasi","12":"first","13":"instock","14":"sale","15":"shipping-taxable","16":"purchasable","17":"product-type-simple"},"_links":{"self":[{"href":"https:\/\/roveyayinevi.com.tr\/index.php\/wp-json\/wp\/v2\/product\/715227","targetHints":{"allow":["GET"]}}],"collection":[{"href":"https:\/\/roveyayinevi.com.tr\/index.php\/wp-json\/wp\/v2\/product"}],"about":[{"href":"https:\/\/roveyayinevi.com.tr\/index.php\/wp-json\/wp\/v2\/types\/product"}],"wp:attachment":[{"href":"https:\/\/roveyayinevi.com.tr\/index.php\/wp-json\/wp\/v2\/media?parent=715227"}],"wp:term":[{"taxonomy":"product_brand","embeddable":true,"href":"https:\/\/roveyayinevi.com.tr\/index.php\/wp-json\/wp\/v2\/product_brand?post=715227"},{"taxonomy":"product_cat","embeddable":true,"href":"https:\/\/roveyayinevi.com.tr\/index.php\/wp-json\/wp\/v2\/product_cat?post=715227"},{"taxonomy":"product_tag","embeddable":true,"href":"https:\/\/roveyayinevi.com.tr\/index.php\/wp-json\/wp\/v2\/product_tag?post=715227"}],"curies":[{"name":"wp","href":"https:\/\/api.w.org\/{rel}","templated":true}]}}