{"id":715219,"date":"2025-08-27T17:27:34","date_gmt":"2025-08-27T14:27:34","guid":{"rendered":"https:\/\/roveyayinevi.com.tr\/index.php\/urun\/avrupa-birligi-2020-stratejisi-ve-turkiye\/"},"modified":"2026-04-16T02:23:23","modified_gmt":"2026-04-15T23:23:23","slug":"avrupa-birligi-2020-stratejisi-ve-turkiye","status":"publish","type":"product","link":"https:\/\/roveyayinevi.com.tr\/index.php\/urun\/avrupa-birligi-2020-stratejisi-ve-turkiye\/","title":{"rendered":"Avrupa Birli\u011fi 2020 Stratejisi ve T\u00fcrkiye"},"content":{"rendered":"<p>Avrupa Birli\u011fi Tarih\u00e7esi Maastricht Kriterleri ve Lizbon Stratejisi Avrupa Birli\u011fi 2020 Stratejisi Avrupa Birli\u011fi 2020 Stratejisi Kapsam\u0131nda T\u00fcrkiyenin Performans\u0131n\u0131n De\u011ferlendirilmesi <\/p>\n","protected":false},"excerpt":{"rendered":"<p>Avrupa Birli\u011fi Tarih\u00e7esi Maastricht Kriterleri ve Lizbon Stratejisi Avrupa Birli\u011fi 2020 Stratejisi Avrupa Birli\u011fi 2020 Stratejisi Kapsam\u0131nda T\u00fcrkiyenin Performans\u0131n\u0131n De\u011ferlendirilmesi<\/p>\n","protected":false},"featured_media":0,"template":"","meta":{"_monsterinsights_skip_tracking":false,"_monsterinsights_sitenote_active":false,"_monsterinsights_sitenote_note":"","_monsterinsights_sitenote_category":0},"product_brand":[],"product_cat":[13043,14381],"product_tag":[],"class_list":{"0":"post-715219","1":"product","2":"type-product","3":"status-publish","5":"product_cat-ekonomi","6":"product_cat-isletme-muhasebe-maliye","7":"pa_cilt-ciltsiz","8":"pa_tur-kitap","9":"pa_yayinevi-gazi-kitabevi","10":"pa_yazar-kolektif","12":"first","13":"instock","14":"sale","15":"shipping-taxable","16":"purchasable","17":"product-type-simple"},"_links":{"self":[{"href":"https:\/\/roveyayinevi.com.tr\/index.php\/wp-json\/wp\/v2\/product\/715219","targetHints":{"allow":["GET"]}}],"collection":[{"href":"https:\/\/roveyayinevi.com.tr\/index.php\/wp-json\/wp\/v2\/product"}],"about":[{"href":"https:\/\/roveyayinevi.com.tr\/index.php\/wp-json\/wp\/v2\/types\/product"}],"wp:attachment":[{"href":"https:\/\/roveyayinevi.com.tr\/index.php\/wp-json\/wp\/v2\/media?parent=715219"}],"wp:term":[{"taxonomy":"product_brand","embeddable":true,"href":"https:\/\/roveyayinevi.com.tr\/index.php\/wp-json\/wp\/v2\/product_brand?post=715219"},{"taxonomy":"product_cat","embeddable":true,"href":"https:\/\/roveyayinevi.com.tr\/index.php\/wp-json\/wp\/v2\/product_cat?post=715219"},{"taxonomy":"product_tag","embeddable":true,"href":"https:\/\/roveyayinevi.com.tr\/index.php\/wp-json\/wp\/v2\/product_tag?post=715219"}],"curies":[{"name":"wp","href":"https:\/\/api.w.org\/{rel}","templated":true}]}}